CRAN Package Check Results for Package mxkssd

Last updated on 2015-08-30 23:47:49.

Flavor Version Tinstall Tcheck Ttotal Status Flags
r-devel-linux-x86_64-debian-clang 1.1 0.44 17.09 17.53 NOTE
r-devel-linux-x86_64-debian-gcc 1.1 0.41 16.75 17.16 NOTE
r-devel-linux-x86_64-fedora-clang 1.1 17.30 NOTE
r-devel-linux-x86_64-fedora-gcc 1.1 15.92 NOTE
r-devel-osx-x86_64-clang 1.1 25.57 OK
r-devel-windows-ix86+x86_64 1.1 4.00 26.00 30.00 NOTE
r-patched-linux-x86_64 1.1 0.46 17.28 17.75 OK
r-patched-solaris-sparc 1.1 118.50 OK
r-patched-solaris-x86 1.1 28.60 OK
r-release-linux-x86_64 1.1 0.46 17.72 18.18 OK
r-release-osx-x86_64-mavericks 1.1 OK
r-release-windows-ix86+x86_64 1.1 2.00 24.00 26.00 OK
r-oldrel-windows-ix86+x86_64 1.1 4.00 26.00 30.00 OK

Check Details

Version: 1.1
Check: R code for possible problems
Result: NOTE
    mxkssd: no visible global function definition for ‘txtProgressBar’
    mxkssd: no visible global function definition for ‘setTxtProgressBar’
    Undefined global functions or variables:
     setTxtProgressBar txtProgressBar
    Consider adding
     importFrom("utils", "setTxtProgressBar", "txtProgressBar")
    to your NAMESPACE.
Flavors: r-devel-linux-x86_64-debian-clang, r-devel-linux-x86_64-debian-gcc, r-devel-linux-x86_64-fedora-clang, r-devel-linux-x86_64-fedora-gcc, r-devel-windows-ix86+x86_64