CRAN Package Check Results for Package mxkssd

Last updated on 2018-02-24 12:48:09 CET.

Flavor Version Tinstall Tcheck Ttotal Status Flags
r-devel-linux-x86_64-debian-clang 1.1 1.14 15.89 17.03 NOTE
r-devel-linux-x86_64-debian-gcc 1.1 0.85 12.66 13.51 NOTE
r-devel-linux-x86_64-fedora-clang 1.1 21.03 NOTE
r-devel-linux-x86_64-fedora-gcc 1.1 19.02 NOTE
r-devel-windows-ix86+x86_64 1.1 3.00 35.00 38.00 NOTE
r-patched-linux-x86_64 1.1 0.65 15.27 15.92 NOTE
r-patched-solaris-x86 1.1 28.70 NOTE
r-release-linux-x86_64 1.1 0.76 15.20 15.96 NOTE
r-release-windows-ix86+x86_64 1.1 2.00 33.00 35.00 NOTE
r-release-osx-x86_64 1.1 NOTE
r-oldrel-windows-ix86+x86_64 1.1 2.00 32.00 34.00 NOTE
r-oldrel-osx-x86_64 1.1 NOTE

Check Details

Version: 1.1
Check: R code for possible problems
Result: NOTE
    mxkssd: no visible global function definition for ‘txtProgressBar’
    mxkssd: no visible global function definition for ‘setTxtProgressBar’
    Undefined global functions or variables:
     setTxtProgressBar txtProgressBar
    Consider adding
     importFrom("utils", "setTxtProgressBar", "txtProgressBar")
    to your NAMESPACE file.
Flavors: r-devel-linux-x86_64-debian-clang, r-devel-linux-x86_64-debian-gcc, r-devel-linux-x86_64-fedora-clang, r-devel-linux-x86_64-fedora-gcc, r-devel-windows-ix86+x86_64, r-patched-linux-x86_64, r-patched-solaris-x86, r-release-linux-x86_64, r-release-windows-ix86+x86_64, r-release-osx-x86_64, r-oldrel-windows-ix86+x86_64, r-oldrel-osx-x86_64