CRAN Package Check Results for Package mxkssd

Last updated on 2016-09-29 23:47:40.

Flavor Version Tinstall Tcheck Ttotal Status Flags
r-devel-linux-x86_64-debian-clang 1.1 0.46 17.98 18.44 NOTE
r-devel-linux-x86_64-debian-gcc 1.1 0.52 18.49 19.00 NOTE
r-devel-linux-x86_64-fedora-clang 1.1 17.51 NOTE
r-devel-linux-x86_64-fedora-gcc 1.1 14.73 NOTE
r-devel-macos-x86_64-clang 1.1 14.62 NOTE
r-devel-windows-ix86+x86_64 1.1 3.00 39.00 42.00 NOTE
r-patched-linux-x86_64 1.1 0.47 17.72 18.19 NOTE
r-patched-solaris-sparc 1.1 96.20 NOTE
r-patched-solaris-x86 1.1 23.10 NOTE
r-release-linux-x86_64 1.1 0.53 18.04 18.57 NOTE
r-release-osx-x86_64-mavericks 1.1 NOTE
r-release-windows-ix86+x86_64 1.1 2.00 32.00 34.00 NOTE
r-oldrel-windows-ix86+x86_64 1.1 2.00 24.00 26.00 OK

Check Details

Version: 1.1
Check: R code for possible problems
Result: NOTE
    mxkssd: no visible global function definition for ‘txtProgressBar’
    mxkssd: no visible global function definition for ‘setTxtProgressBar’
    Undefined global functions or variables:
     setTxtProgressBar txtProgressBar
    Consider adding
     importFrom("utils", "setTxtProgressBar", "txtProgressBar")
    to your NAMESPACE file.
Flavors: r-devel-linux-x86_64-debian-clang, r-devel-linux-x86_64-debian-gcc, r-devel-linux-x86_64-fedora-clang, r-devel-linux-x86_64-fedora-gcc, r-devel-macos-x86_64-clang, r-devel-windows-ix86+x86_64, r-patched-linux-x86_64, r-patched-solaris-sparc, r-patched-solaris-x86, r-release-linux-x86_64, r-release-osx-x86_64-mavericks, r-release-windows-ix86+x86_64