CRAN Package Check Results for Package mxkssd

Last updated on 2015-07-02 23:47:23.

Flavor Version Tinstall Tcheck Ttotal Status Flags
r-devel-linux-x86_64-debian-clang 1.1 0.46 17.50 17.96 NOTE
r-devel-linux-x86_64-debian-gcc 1.1 0.45 16.99 17.44 NOTE
r-devel-linux-x86_64-fedora-clang 1.1 16.58 NOTE
r-devel-linux-x86_64-fedora-gcc 1.1 15.46 NOTE
r-devel-osx-x86_64-clang 1.1 26.89 OK
r-devel-windows-ix86+x86_64 1.1 2.00 30.00 32.00 OK
r-patched-linux-x86_64 1.1 0.44 17.60 18.03 OK
r-patched-solaris-sparc 1.1 116.80 OK
r-patched-solaris-x86 1.1 26.90 OK
r-release-linux-x86_64 1.1 0.48 18.40 18.88 OK
r-release-osx-x86_64-mavericks 1.1 OK
r-release-windows-ix86+x86_64 1.1 2.00 27.00 29.00 OK
r-oldrel-windows-ix86+x86_64 1.1 4.00 26.00 30.00 OK

Check Details

Version: 1.1
Check: R code for possible problems
Result: NOTE
    mxkssd: no visible global function definition for ‘txtProgressBar’
    mxkssd: no visible global function definition for ‘setTxtProgressBar’
    Undefined global functions or variables:
     setTxtProgressBar txtProgressBar
Flavors: r-devel-linux-x86_64-debian-clang, r-devel-linux-x86_64-fedora-clang, r-devel-linux-x86_64-fedora-gcc

Version: 1.1
Check: R code for possible problems
Result: NOTE
    mxkssd: no visible global function definition for ‘txtProgressBar’
    mxkssd: no visible global function definition for ‘setTxtProgressBar’
Flavor: r-devel-linux-x86_64-debian-gcc