CRAN Package Check Results for Package mxkssd

Last updated on 2018-06-19 00:47:48 CEST.

Flavor Version Tinstall Tcheck Ttotal Status Flags
r-devel-linux-x86_64-debian-clang 1.1 1.16 16.19 17.35 NOTE
r-devel-linux-x86_64-debian-gcc 1.1 0.87 13.78 14.65 NOTE
r-devel-linux-x86_64-fedora-clang 1.1 21.56 NOTE
r-devel-linux-x86_64-fedora-gcc 1.1 20.06 NOTE
r-devel-windows-ix86+x86_64 1.1 3.00 34.00 37.00 NOTE
r-patched-linux-x86_64 1.1 0.88 16.16 17.04 NOTE
r-patched-solaris-x86 1.1 34.40 NOTE
r-release-linux-x86_64 1.1 1.02 16.16 17.18 NOTE
r-release-windows-ix86+x86_64 1.1 4.00 36.00 40.00 NOTE
r-release-osx-x86_64 1.1 NOTE
r-oldrel-windows-ix86+x86_64 1.1 2.00 33.00 35.00 NOTE
r-oldrel-osx-x86_64 1.1 NOTE

Check Details

Version: 1.1
Check: R code for possible problems
Result: NOTE
    mxkssd: no visible global function definition for ‘txtProgressBar’
    mxkssd: no visible global function definition for ‘setTxtProgressBar’
    Undefined global functions or variables:
     setTxtProgressBar txtProgressBar
    Consider adding
     importFrom("utils", "setTxtProgressBar", "txtProgressBar")
    to your NAMESPACE file.
Flavors: r-devel-linux-x86_64-debian-clang, r-devel-linux-x86_64-debian-gcc, r-devel-linux-x86_64-fedora-clang, r-devel-linux-x86_64-fedora-gcc, r-devel-windows-ix86+x86_64, r-patched-linux-x86_64, r-patched-solaris-x86, r-release-linux-x86_64, r-release-windows-ix86+x86_64, r-release-osx-x86_64, r-oldrel-windows-ix86+x86_64, r-oldrel-osx-x86_64