CRAN Package Check Results for Package mxkssd

Last updated on 2016-12-10 23:48:49.

Flavor Version Tinstall Tcheck Ttotal Status Flags
r-devel-linux-x86_64-debian-clang 1.1 0.57 19.15 19.73 NOTE
r-devel-linux-x86_64-debian-gcc 1.1 0.54 18.73 19.27 NOTE
r-devel-linux-x86_64-fedora-clang 1.1 18.86 NOTE --no-stop-on-test-error
r-devel-linux-x86_64-fedora-gcc 1.1 16.90 NOTE --no-stop-on-test-error
r-devel-macos-x86_64-clang 1.1 16.39 NOTE --no-stop-on-test-error
r-devel-windows-ix86+x86_64 1.1 4.00 33.00 37.00 NOTE
r-patched-linux-x86_64 1.1 0.51 17.90 18.41 NOTE
r-patched-solaris-sparc 1.1 96.20 NOTE
r-patched-solaris-x86 1.1 23.60 NOTE
r-release-linux-x86_64 1.1 0.46 18.19 18.64 NOTE
r-release-osx-x86_64-mavericks 1.1 NOTE
r-release-windows-ix86+x86_64 1.1 2.00 32.00 34.00 NOTE
r-oldrel-windows-ix86+x86_64 1.1 3.00 30.00 33.00 OK

Check Details

Version: 1.1
Check: R code for possible problems
Result: NOTE
    mxkssd: no visible global function definition for ‘txtProgressBar’
    mxkssd: no visible global function definition for ‘setTxtProgressBar’
    Undefined global functions or variables:
     setTxtProgressBar txtProgressBar
    Consider adding
     importFrom("utils", "setTxtProgressBar", "txtProgressBar")
    to your NAMESPACE file.
Flavors: r-devel-linux-x86_64-debian-clang, r-devel-linux-x86_64-debian-gcc, r-devel-windows-ix86+x86_64, r-patched-linux-x86_64, r-patched-solaris-sparc, r-patched-solaris-x86, r-release-linux-x86_64, r-release-osx-x86_64-mavericks, r-release-windows-ix86+x86_64

Version: 1.1
Flags: --no-stop-on-test-error
Check: R code for possible problems
Result: NOTE
    mxkssd: no visible global function definition for ‘txtProgressBar’
    mxkssd: no visible global function definition for ‘setTxtProgressBar’
    Undefined global functions or variables:
     setTxtProgressBar txtProgressBar
    Consider adding
     importFrom("utils", "setTxtProgressBar", "txtProgressBar")
    to your NAMESPACE file.
Flavors: r-devel-linux-x86_64-fedora-clang, r-devel-linux-x86_64-fedora-gcc, r-devel-macos-x86_64-clang