CRAN Package Check Results for Package mxkssd

Last updated on 2017-04-28 23:52:30.

Flavor Version Tinstall Tcheck Ttotal Status Flags
r-devel-linux-x86_64-debian-clang 1.1 0.56 19.44 20.00 NOTE
r-devel-linux-x86_64-debian-gcc 1.1 0.56 19.27 19.83 NOTE
r-devel-linux-x86_64-fedora-clang 1.1 18.03 NOTE --no-stop-on-test-error
r-devel-linux-x86_64-fedora-gcc 1.1 17.12 NOTE --no-stop-on-test-error
r-devel-windows-ix86+x86_64 1.1 4.00 35.00 39.00 NOTE
r-patched-linux-x86_64 1.1 0.56 19.17 19.73 NOTE
r-patched-solaris-sparc 1.1 111.60 NOTE
r-patched-solaris-x86 1.1 28.50 NOTE
r-release-linux-x86_64 1.1 0.54 18.99 19.53 NOTE
r-release-windows-ix86+x86_64 1.1 2.00 31.00 33.00 NOTE
r-release-osx-x86_64 1.1 NOTE
r-oldrel-windows-ix86+x86_64 1.1 2.00 32.00 34.00 NOTE
r-oldrel-osx-x86_64 1.1 NOTE

Check Details

Version: 1.1
Check: R code for possible problems
Result: NOTE
    mxkssd: no visible global function definition for ‘txtProgressBar’
    mxkssd: no visible global function definition for ‘setTxtProgressBar’
    Undefined global functions or variables:
     setTxtProgressBar txtProgressBar
    Consider adding
     importFrom("utils", "setTxtProgressBar", "txtProgressBar")
    to your NAMESPACE file.
Flavors: r-devel-linux-x86_64-debian-clang, r-devel-linux-x86_64-debian-gcc, r-devel-windows-ix86+x86_64, r-patched-linux-x86_64, r-patched-solaris-sparc, r-patched-solaris-x86, r-release-linux-x86_64, r-release-windows-ix86+x86_64, r-release-osx-x86_64, r-oldrel-windows-ix86+x86_64, r-oldrel-osx-x86_64

Version: 1.1
Flags: --no-stop-on-test-error
Check: R code for possible problems
Result: NOTE
    mxkssd: no visible global function definition for ‘txtProgressBar’
    mxkssd: no visible global function definition for ‘setTxtProgressBar’
    Undefined global functions or variables:
     setTxtProgressBar txtProgressBar
    Consider adding
     importFrom("utils", "setTxtProgressBar", "txtProgressBar")
    to your NAMESPACE file.
Flavors: r-devel-linux-x86_64-fedora-clang, r-devel-linux-x86_64-fedora-gcc