CRAN Package Check Results for Package mxkssd

Last updated on 2017-10-18 19:48:20.

Flavor Version Tinstall Tcheck Ttotal Status Flags
r-devel-linux-x86_64-debian-clang 1.1 0.57 19.77 20.34 NOTE
r-devel-linux-x86_64-debian-gcc 1.1 0.51 19.73 20.24 NOTE
r-devel-linux-x86_64-fedora-clang 1.1 19.10 NOTE
r-devel-linux-x86_64-fedora-gcc 1.1 17.93 NOTE
r-devel-windows-ix86+x86_64 1.1 2.00 33.00 35.00 NOTE
r-patched-linux-x86_64 1.1 0.58 19.29 19.86 NOTE
r-patched-solaris-x86 1.1 29.20 NOTE
r-release-linux-x86_64 1.1 0.59 19.41 20.00 NOTE
r-release-windows-ix86+x86_64 1.1 2.00 33.00 35.00 NOTE
r-release-osx-x86_64 1.1 NOTE
r-oldrel-windows-ix86+x86_64 1.1 2.00 32.00 34.00 NOTE
r-oldrel-osx-x86_64 1.1 NOTE

Check Details

Version: 1.1
Check: R code for possible problems
Result: NOTE
    mxkssd: no visible global function definition for ‘txtProgressBar’
    mxkssd: no visible global function definition for ‘setTxtProgressBar’
    Undefined global functions or variables:
     setTxtProgressBar txtProgressBar
    Consider adding
     importFrom("utils", "setTxtProgressBar", "txtProgressBar")
    to your NAMESPACE file.
Flavors: r-devel-linux-x86_64-debian-clang, r-devel-linux-x86_64-debian-gcc, r-devel-linux-x86_64-fedora-clang, r-devel-linux-x86_64-fedora-gcc, r-devel-windows-ix86+x86_64, r-patched-linux-x86_64, r-patched-solaris-x86, r-release-linux-x86_64, r-release-windows-ix86+x86_64, r-release-osx-x86_64, r-oldrel-windows-ix86+x86_64, r-oldrel-osx-x86_64