CRAN Package Check Results for Package mxkssd

Last updated on 2016-07-29 08:48:17.

Flavor Version Tinstall Tcheck Ttotal Status Flags
r-devel-linux-x86_64-debian-clang 1.1 0.45 18.33 18.78 NOTE
r-devel-linux-x86_64-debian-gcc 1.1 0.51 19.56 20.07 NOTE
r-devel-linux-x86_64-fedora-clang 1.1 15.39 NOTE
r-devel-linux-x86_64-fedora-gcc 1.1 14.16 NOTE
r-devel-osx-x86_64-clang 1.1 14.59 NOTE
r-devel-windows-ix86+x86_64 1.1 2.00 33.00 35.00 NOTE
r-patched-linux-x86_64 1.1 0.57 19.43 20.01 NOTE
r-patched-solaris-sparc 1.1 96.20 NOTE
r-patched-solaris-x86 1.1 23.40 NOTE
r-release-linux-x86_64 1.1 0.57 19.65 20.22 NOTE
r-release-osx-x86_64-mavericks 1.1 NOTE
r-release-windows-ix86+x86_64 1.1 3.00 37.00 40.00 NOTE
r-oldrel-windows-ix86+x86_64 1.1 2.00 24.00 26.00 OK

Check Details

Version: 1.1
Check: R code for possible problems
Result: NOTE
    mxkssd: no visible global function definition for ‘txtProgressBar’
    mxkssd: no visible global function definition for ‘setTxtProgressBar’
    Undefined global functions or variables:
     setTxtProgressBar txtProgressBar
    Consider adding
     importFrom("utils", "setTxtProgressBar", "txtProgressBar")
    to your NAMESPACE file.
Flavors: r-devel-linux-x86_64-debian-clang, r-devel-linux-x86_64-debian-gcc, r-devel-linux-x86_64-fedora-clang, r-devel-linux-x86_64-fedora-gcc, r-devel-osx-x86_64-clang, r-devel-windows-ix86+x86_64, r-patched-linux-x86_64, r-patched-solaris-sparc, r-patched-solaris-x86, r-release-linux-x86_64, r-release-osx-x86_64-mavericks, r-release-windows-ix86+x86_64