CRAN Package Check Results for Package mxkssd

Last updated on 2016-05-28 14:47:53.

Flavor Version Tinstall Tcheck Ttotal Status Flags
r-devel-linux-x86_64-debian-gcc 1.1 0.53 17.83 18.36 NOTE
r-devel-linux-x86_64-fedora-clang 1.1 15.61 NOTE
r-devel-linux-x86_64-fedora-gcc 1.1 14.40 NOTE
r-devel-osx-x86_64-clang 1.1 28.28 NOTE
r-devel-windows-ix86+x86_64 1.1 3.00 34.00 37.00 NOTE
r-patched-linux-x86_64 1.1 0.48 17.59 18.07 NOTE
r-patched-solaris-sparc 1.1 94.90 NOTE
r-patched-solaris-x86 1.1 22.90 NOTE
r-release-linux-x86_64 1.1 0.54 17.64 18.18 NOTE
r-release-osx-x86_64-mavericks 1.1 NOTE
r-release-windows-ix86+x86_64 1.1 3.00 37.00 40.00 NOTE
r-oldrel-windows-ix86+x86_64 1.1 2.00 24.00 26.00 OK

Check Details

Version: 1.1
Check: R code for possible problems
Result: NOTE
    mxkssd: no visible global function definition for ‘txtProgressBar’
    mxkssd: no visible global function definition for ‘setTxtProgressBar’
    Undefined global functions or variables:
     setTxtProgressBar txtProgressBar
    Consider adding
     importFrom("utils", "setTxtProgressBar", "txtProgressBar")
    to your NAMESPACE file.
Flavors: r-devel-linux-x86_64-debian-gcc, r-devel-linux-x86_64-fedora-clang, r-devel-linux-x86_64-fedora-gcc, r-devel-osx-x86_64-clang, r-devel-windows-ix86+x86_64, r-patched-linux-x86_64, r-patched-solaris-sparc, r-patched-solaris-x86, r-release-linux-x86_64, r-release-osx-x86_64-mavericks, r-release-windows-ix86+x86_64