CRAN Package Check Results for Package mxkssd

Last updated on 2017-06-26 02:47:38.

Flavor Version Tinstall Tcheck Ttotal Status Flags
r-devel-linux-x86_64-debian-clang 1.1 0.55 19.67 20.21 NOTE
r-devel-linux-x86_64-debian-gcc 1.1 0.58 19.13 19.71 NOTE
r-devel-linux-x86_64-fedora-clang 1.1 18.05 NOTE
r-devel-linux-x86_64-fedora-gcc 1.1 17.03 NOTE
r-devel-windows-ix86+x86_64 1.1 3.00 33.00 36.00 NOTE
r-patched-linux-x86_64 1.1 0.62 19.05 19.67 NOTE
r-patched-solaris-sparc 1.1 111.60 NOTE
r-patched-solaris-x86 1.1 29.00 NOTE
r-release-linux-x86_64 1.1 0.56 19.08 19.63 NOTE
r-release-windows-ix86+x86_64 1.1 2.00 31.00 33.00 NOTE
r-release-osx-x86_64 1.1 NOTE
r-oldrel-windows-ix86+x86_64 1.1 2.00 32.00 34.00 NOTE
r-oldrel-osx-x86_64 1.1 NOTE

Check Details

Version: 1.1
Check: R code for possible problems
Result: NOTE
    mxkssd: no visible global function definition for ‘txtProgressBar’
    mxkssd: no visible global function definition for ‘setTxtProgressBar’
    Undefined global functions or variables:
     setTxtProgressBar txtProgressBar
    Consider adding
     importFrom("utils", "setTxtProgressBar", "txtProgressBar")
    to your NAMESPACE file.
Flavors: r-devel-linux-x86_64-debian-clang, r-devel-linux-x86_64-debian-gcc, r-devel-linux-x86_64-fedora-clang, r-devel-linux-x86_64-fedora-gcc, r-devel-windows-ix86+x86_64, r-patched-linux-x86_64, r-patched-solaris-sparc, r-patched-solaris-x86, r-release-linux-x86_64, r-release-windows-ix86+x86_64, r-release-osx-x86_64, r-oldrel-windows-ix86+x86_64, r-oldrel-osx-x86_64