Last updated on 2023-09-23 05:58:03 CEST.
Flavor | Version | Tinstall | Tcheck | Ttotal | Status | Flags |
---|---|---|---|---|---|---|
r-devel-linux-x86_64-debian-clang | 0.1.1 | 2.25 | 28.95 | 31.20 | NOTE | |
r-devel-linux-x86_64-debian-gcc | 0.1.1 | 2.01 | 22.26 | 24.27 | NOTE | |
r-devel-linux-x86_64-fedora-clang | 0.1.1 | 40.39 | NOTE | |||
r-devel-linux-x86_64-fedora-gcc | 0.1.1 | 54.35 | NOTE | |||
r-devel-windows-x86_64 | 0.1.1 | 3.00 | 48.00 | 51.00 | NOTE | |
r-patched-linux-x86_64 | 0.1.1 | 2.22 | 27.57 | 29.79 | NOTE | |
r-release-linux-x86_64 | 0.1.1 | 2.10 | 27.79 | 29.89 | NOTE | |
r-release-macos-arm64 | 0.1.1 | 26.00 | NOTE | |||
r-release-macos-x86_64 | 0.1.1 | 35.00 | NOTE | |||
r-release-windows-x86_64 | 0.1.1 | 5.00 | 48.00 | 53.00 | NOTE | |
r-oldrel-macos-arm64 | 0.1.1 | 24.00 | NOTE | |||
r-oldrel-macos-x86_64 | 0.1.1 | 29.00 | NOTE | |||
r-oldrel-windows-x86_64 | 0.1.1 | 5.00 | 51.00 | 56.00 | NOTE |
Version: 0.1.1
Check: LazyData
Result: NOTE
'LazyData' is specified without a 'data' directory
Flavors: r-devel-linux-x86_64-debian-clang, r-devel-linux-x86_64-debian-gcc, r-devel-linux-x86_64-fedora-clang, r-devel-linux-x86_64-fedora-gcc, r-devel-windows-x86_64, r-patched-linux-x86_64, r-release-linux-x86_64, r-release-macos-arm64, r-release-macos-x86_64, r-release-windows-x86_64, r-oldrel-macos-arm64, r-oldrel-macos-x86_64, r-oldrel-windows-x86_64