CRAN Package Check Results for Package mycor

Last updated on 2022-09-27 21:53:55 CEST.

Flavor Version Tinstall Tcheck Ttotal Status Flags
r-devel-linux-x86_64-debian-clang 0.1.1 2.64 33.54 36.18 NOTE
r-devel-linux-x86_64-debian-gcc 0.1.1 1.72 25.73 27.45 NOTE
r-devel-linux-x86_64-fedora-clang 0.1.1 55.28 NOTE
r-devel-linux-x86_64-fedora-gcc 0.1.1 55.43 NOTE
r-devel-windows-x86_64 0.1.1 14.00 65.00 79.00 NOTE
r-patched-linux-x86_64 0.1.1 2.15 32.08 34.23 NOTE
r-release-linux-x86_64 0.1.1 2.09 31.77 33.86 NOTE
r-release-macos-arm64 0.1.1 20.00 NOTE
r-release-macos-x86_64 0.1.1 29.00 NOTE
r-release-windows-x86_64 0.1.1 16.00 61.00 77.00 NOTE
r-oldrel-macos-arm64 0.1.1 23.00 NOTE
r-oldrel-macos-x86_64 0.1.1 37.00 NOTE
r-oldrel-windows-ix86+x86_64 0.1.1 6.00 55.00 61.00 NOTE

Check Details

Version: 0.1.1
Check: LazyData
Result: NOTE
     'LazyData' is specified without a 'data' directory
Flavors: r-devel-linux-x86_64-debian-clang, r-devel-linux-x86_64-debian-gcc, r-devel-linux-x86_64-fedora-clang, r-devel-linux-x86_64-fedora-gcc, r-devel-windows-x86_64, r-patched-linux-x86_64, r-release-linux-x86_64, r-release-macos-arm64, r-release-macos-x86_64, r-release-windows-x86_64, r-oldrel-macos-arm64, r-oldrel-macos-x86_64, r-oldrel-windows-ix86+x86_64