CRAN Package Check Results for Package myepisodes

Last updated on 2015-07-06 03:47:52.

Flavor Version Tinstall Tcheck Ttotal Status Flags
r-devel-linux-x86_64-debian-clang 1.1.1 0.88 12.68 13.55 NOTE
r-devel-linux-x86_64-debian-gcc 1.1.1 0.91 12.04 12.95 NOTE
r-devel-linux-x86_64-fedora-clang 1.1.1 25.82 NOTE
r-devel-linux-x86_64-fedora-gcc 1.1.1 24.60 NOTE
r-devel-osx-x86_64-clang 1.1.1 24.88 NOTE
r-devel-windows-ix86+x86_64 1.1.1 4.00 31.00 35.00 NOTE
r-patched-linux-x86_64 1.1.1 1.08 12.92 14.00 NOTE
r-patched-solaris-sparc 1.1.1 174.10 NOTE
r-patched-solaris-x86 1.1.1 39.70 NOTE
r-release-linux-x86_64 1.1.1 0.89 12.66 13.56 NOTE
r-release-osx-x86_64-mavericks 1.1.1 NOTE
r-release-windows-ix86+x86_64 1.1.1 3.00 24.00 27.00 NOTE
r-oldrel-windows-ix86+x86_64 1.1.1 4.00 24.00 28.00 OK

Check Details

Version: 1.1.1
Check: DESCRIPTION meta-information
Result: NOTE
    Malformed Description field: should contain one or more complete sentences.
Flavors: r-devel-linux-x86_64-debian-clang, r-devel-linux-x86_64-debian-gcc, r-devel-linux-x86_64-fedora-clang, r-devel-linux-x86_64-fedora-gcc, r-devel-osx-x86_64-clang, r-devel-windows-ix86+x86_64, r-patched-linux-x86_64, r-patched-solaris-sparc, r-patched-solaris-x86, r-release-linux-x86_64, r-release-osx-x86_64-mavericks, r-release-windows-ix86+x86_64

Version: 1.1.1
Check: R code for possible problems
Result: NOTE
    update_episode: no visible global function definition for ‘browseURL’
    Undefined global functions or variables:
     browseURL
Flavors: r-devel-linux-x86_64-debian-clang, r-devel-linux-x86_64-debian-gcc, r-devel-linux-x86_64-fedora-clang, r-devel-linux-x86_64-fedora-gcc, r-devel-windows-ix86+x86_64

Version: 1.1.1
Check: Rd line widths
Result: NOTE
    Rd file 'myepisodes_feed_url.Rd':
     \examples lines wider than 100 characters:
     ## Not run: myepisodes_feed_url("foouser", "321654321654321", feed = "mylist", onlyunacquired = TRUE, showignored = FALSE)
    
    Rd file 'shows_from_myepisodes.Rd':
     \examples lines wider than 100 characters:
     ## Not run: shows_from_myepisodes("foouser", "321654321654321", feed = "mylist", onlyunacquired = TRUE, showignored = FALSE)
    
    These lines will be truncated in the PDF manual.
Flavors: r-devel-linux-x86_64-debian-clang, r-devel-linux-x86_64-debian-gcc, r-devel-linux-x86_64-fedora-clang, r-devel-linux-x86_64-fedora-gcc, r-patched-linux-x86_64, r-release-linux-x86_64