CRAN Package Check Results for Package myepisodes

Last updated on 2014-04-25 05:47:20.

Flavor Version Tinstall Tcheck Ttotal Status Flags
r-devel-linux-x86_64-debian-clang 1.1.1 1.11 14.39 15.50 OK
r-devel-linux-x86_64-debian-gcc 1.1.1 1.16 14.08 15.24 OK
r-devel-linux-x86_64-fedora-clang 1.1.1 31.38 NOTE
r-devel-linux-x86_64-fedora-gcc 1.1.1 29.71 NOTE
r-devel-osx-x86_64-clang 1.1.1 30.07 OK
r-devel-osx-x86_64-gcc 1.1.1 ERROR
r-devel-windows-ix86+x86_64 1.1.1 4.00 22.00 26.00 OK
r-patched-linux-x86_64 1.1.1 1.16 13.89 15.05 OK
r-patched-solaris-sparc 1.1.1 212.40 OK
r-patched-solaris-x86 1.1.1 44.70 OK
r-release-linux-ix86 1.1.1 2.00 29.00 31.00 OK
r-release-linux-x86_64 1.1.1 1.20 14.28 15.47 OK
r-release-osx-x86_64-mavericks 1.1.1 OK
r-release-osx-x86_64-snowleopard 1.1.1 OK
r-release-windows-ix86+x86_64 1.1.1 6.00 30.00 36.00 OK
r-oldrel-windows-ix86+x86_64 1.1.1 3.00 22.00 25.00 OK

Check Details

Version: 1.1.1
Check: Rd line widths
Result: NOTE
    Rd file 'myepisodes_feed_url.Rd':
     \examples lines wider than 100 characters:
     ## Not run: myepisodes_feed_url("foouser", "321654321654321", feed = "mylist", onlyunacquired = TRUE, showignored = FALSE)
    
    Rd file 'shows_from_myepisodes.Rd':
     \examples lines wider than 100 characters:
     ## Not run: shows_from_myepisodes("foouser", "321654321654321", feed = "mylist", onlyunacquired = TRUE, showignored = FALSE)
    
    These lines will be truncated in the PDF manual.
Flavors: r-devel-linux-x86_64-fedora-clang, r-devel-linux-x86_64-fedora-gcc

Version: 1.1.1
Check: package dependencies
Result: ERROR
    Package required but not available: ‘XML’
    
    See the information on DESCRIPTION files in the chapter ‘Creating R
    packages’ of the ‘Writing R Extensions’ manual.
Flavor: r-devel-osx-x86_64-gcc