CRAN Package Check Results for Package myepisodes

Last updated on 2014-07-23 15:47:48.

Flavor Version Tinstall Tcheck Ttotal Status Flags
r-devel-linux-x86_64-debian-clang 1.1.1 1.28 13.59 14.87 OK
r-devel-linux-x86_64-debian-gcc 1.1.1 1.04 13.53 14.57 OK
r-devel-linux-x86_64-fedora-clang 1.1.1 31.67 NOTE
r-devel-linux-x86_64-fedora-gcc 1.1.1 30.09 NOTE
r-devel-osx-x86_64-clang 1.1.1 30.02 OK
r-devel-windows-ix86+x86_64 1.1.1 4.00 22.00 26.00 OK
r-patched-linux-x86_64 1.1.1 1.06 13.62 14.68 OK
r-patched-solaris-sparc 1.1.1 212.40 OK
r-patched-solaris-x86 1.1.1 43.50 OK
r-release-linux-ix86 1.1.1 1.44 20.36 21.80 OK
r-release-linux-x86_64 1.1.1 1.23 13.86 15.09 OK
r-release-osx-x86_64-mavericks 1.1.1 OK
r-release-osx-x86_64-snowleopard 1.1.1 OK
r-release-windows-ix86+x86_64 1.1.1 5.00 23.00 28.00 OK
r-oldrel-windows-ix86+x86_64 1.1.1 3.00 22.00 25.00 OK

Check Details

Version: 1.1.1
Check: Rd line widths
Result: NOTE
    Rd file 'myepisodes_feed_url.Rd':
     \examples lines wider than 100 characters:
     ## Not run: myepisodes_feed_url("foouser", "321654321654321", feed = "mylist", onlyunacquired = TRUE, showignored = FALSE)
    
    Rd file 'shows_from_myepisodes.Rd':
     \examples lines wider than 100 characters:
     ## Not run: shows_from_myepisodes("foouser", "321654321654321", feed = "mylist", onlyunacquired = TRUE, showignored = FALSE)
    
    These lines will be truncated in the PDF manual.
Flavors: r-devel-linux-x86_64-fedora-clang, r-devel-linux-x86_64-fedora-gcc