CRAN Package Check Results for Package myepisodes

Last updated on 2014-12-22 14:48:46.

Flavor Version Tinstall Tcheck Ttotal Status Flags
r-devel-linux-x86_64-debian-clang 1.1.1 1.08 13.81 14.89 NOTE
r-devel-linux-x86_64-debian-gcc 1.1.1 0.98 14.19 15.17 NOTE
r-devel-linux-x86_64-fedora-clang 1.1.1 32.84 NOTE
r-devel-linux-x86_64-fedora-gcc 1.1.1 30.25 NOTE
r-devel-osx-x86_64-clang 1.1.1 31.21 OK
r-devel-windows-ix86+x86_64 1.1.1 4.00 34.00 38.00 OK
r-patched-linux-x86_64 1.1.1 1.04 13.98 15.02 NOTE
r-patched-solaris-sparc 1.1.1 188.50 OK
r-patched-solaris-x86 1.1.1 44.20 OK
r-release-linux-ix86 1.1.1 1.36 19.78 21.14 OK
r-release-linux-x86_64 1.1.1 1.09 13.88 14.97 NOTE
r-release-osx-x86_64-mavericks 1.1.1 OK
r-release-osx-x86_64-snowleopard 1.1.1 OK
r-release-windows-ix86+x86_64 1.1.1 3.00 24.00 27.00 OK
r-oldrel-windows-ix86+x86_64 1.1.1 4.00 24.00 28.00 OK

Check Details

Version: 1.1.1
Check: Rd line widths
Result: NOTE
    Rd file 'myepisodes_feed_url.Rd':
     \examples lines wider than 100 characters:
     ## Not run: myepisodes_feed_url("foouser", "321654321654321", feed = "mylist", onlyunacquired = TRUE, showignored = FALSE)
    
    Rd file 'shows_from_myepisodes.Rd':
     \examples lines wider than 100 characters:
     ## Not run: shows_from_myepisodes("foouser", "321654321654321", feed = "mylist", onlyunacquired = TRUE, showignored = FALSE)
    
    These lines will be truncated in the PDF manual.
Flavors: r-devel-linux-x86_64-debian-clang, r-devel-linux-x86_64-debian-gcc, r-devel-linux-x86_64-fedora-clang, r-devel-linux-x86_64-fedora-gcc, r-patched-linux-x86_64, r-release-linux-x86_64