CRAN Package Check Results for Package myepisodes

Last updated on 2015-02-01 23:48:59.

Flavor Version Tinstall Tcheck Ttotal Status Flags
r-devel-linux-x86_64-debian-clang 1.1.1 0.96 12.52 13.48 NOTE
r-devel-linux-x86_64-debian-gcc 1.1.1 0.90 11.89 12.79 NOTE
r-devel-linux-x86_64-fedora-clang 1.1.1 26.71 NOTE
r-devel-linux-x86_64-fedora-gcc 1.1.1 24.84 NOTE
r-devel-osx-x86_64-clang 1.1.1 33.23 OK
r-devel-windows-ix86+x86_64 1.1.1 4.00 23.00 27.00 OK
r-patched-linux-x86_64 1.1.1 1.11 14.26 15.37 NOTE
r-patched-solaris-sparc 1.1.1 188.60 OK
r-patched-solaris-x86 1.1.1 45.40 OK
r-release-linux-ix86 1.1.1 1.34 20.40 21.75 NOTE
r-release-linux-x86_64 1.1.1 1.13 14.38 15.51 NOTE
r-release-osx-x86_64-mavericks 1.1.1 OK
r-release-osx-x86_64-snowleopard 1.1.1 OK
r-release-windows-ix86+x86_64 1.1.1 3.00 24.00 27.00 OK
r-oldrel-windows-ix86+x86_64 1.1.1 4.00 24.00 28.00 OK

Check Details

Version: 1.1.1
Check: Rd line widths
Result: NOTE
    Rd file 'myepisodes_feed_url.Rd':
     \examples lines wider than 100 characters:
     ## Not run: myepisodes_feed_url("foouser", "321654321654321", feed = "mylist", onlyunacquired = TRUE, showignored = FALSE)
    
    Rd file 'shows_from_myepisodes.Rd':
     \examples lines wider than 100 characters:
     ## Not run: shows_from_myepisodes("foouser", "321654321654321", feed = "mylist", onlyunacquired = TRUE, showignored = FALSE)
    
    These lines will be truncated in the PDF manual.
Flavors: r-devel-linux-x86_64-debian-clang, r-devel-linux-x86_64-debian-gcc, r-devel-linux-x86_64-fedora-clang, r-devel-linux-x86_64-fedora-gcc, r-patched-linux-x86_64, r-release-linux-ix86, r-release-linux-x86_64