CRAN Package Check Results for Package myepisodes

Last updated on 2014-11-23 12:46:36.

Flavor Version Tinstall Tcheck Ttotal Status Flags
r-devel-linux-x86_64-debian-clang 1.1.1 1.02 14.20 15.22 NOTE
r-devel-linux-x86_64-debian-gcc 1.1.1 1.01 13.56 14.57 NOTE
r-devel-linux-x86_64-fedora-clang 1.1.1 33.11 NOTE
r-devel-linux-x86_64-fedora-gcc 1.1.1 30.40 NOTE
r-devel-osx-x86_64-clang 1.1.1 32.48 OK
r-devel-windows-ix86+x86_64 1.1.1 4.00 22.00 26.00 OK
r-patched-linux-x86_64 1.1.1 1.04 13.78 14.82 NOTE
r-patched-solaris-sparc 1.1.1 180.60 OK
r-patched-solaris-x86 1.1.1 43.50 OK
r-release-linux-ix86 1.1.1 1.32 19.83 21.15 OK
r-release-linux-x86_64 1.1.1 1.04 13.83 14.87 NOTE
r-release-osx-x86_64-mavericks 1.1.1 OK
r-release-osx-x86_64-snowleopard 1.1.1 OK
r-release-windows-ix86+x86_64 1.1.1 4.00 24.00 28.00 OK
r-oldrel-windows-ix86+x86_64 1.1.1 6.00 31.00 37.00 OK

Check Details

Version: 1.1.1
Check: Rd line widths
Result: NOTE
    Rd file 'myepisodes_feed_url.Rd':
     \examples lines wider than 100 characters:
     ## Not run: myepisodes_feed_url("foouser", "321654321654321", feed = "mylist", onlyunacquired = TRUE, showignored = FALSE)
    
    Rd file 'shows_from_myepisodes.Rd':
     \examples lines wider than 100 characters:
     ## Not run: shows_from_myepisodes("foouser", "321654321654321", feed = "mylist", onlyunacquired = TRUE, showignored = FALSE)
    
    These lines will be truncated in the PDF manual.
Flavors: r-devel-linux-x86_64-debian-clang, r-devel-linux-x86_64-debian-gcc, r-devel-linux-x86_64-fedora-clang, r-devel-linux-x86_64-fedora-gcc, r-patched-linux-x86_64, r-release-linux-x86_64