CRAN Package Check Results for Package myepisodes

Last updated on 2014-10-31 17:49:16.

Flavor Version Tinstall Tcheck Ttotal Status Flags
r-devel-linux-x86_64-debian-clang 1.1.1 1.02 13.97 15.00 NOTE
r-devel-linux-x86_64-debian-gcc 1.1.1 1.38 13.85 15.23 NOTE
r-devel-linux-x86_64-fedora-clang 1.1.1 30.86 NOTE
r-devel-linux-x86_64-fedora-gcc 1.1.1 28.69 NOTE
r-devel-osx-x86_64-clang 1.1.1 31.30 OK
r-devel-windows-ix86+x86_64 1.1.1 4.00 21.00 25.00 OK
r-patched-linux-x86_64 1.1.1 1.04 13.95 14.99 NOTE
r-patched-solaris-sparc 1.1.1 180.60 OK
r-patched-solaris-x86 1.1.1 45.20 OK
r-release-linux-ix86 1.1.1 1.43 20.40 21.83 OK
r-release-linux-x86_64 1.1.1 1.10 14.36 15.46 NOTE
r-release-osx-x86_64-mavericks 1.1.1 OK
r-release-osx-x86_64-snowleopard 1.1.1 OK
r-release-windows-ix86+x86_64 1.1.1 3.00 30.00 33.00 OK
r-oldrel-windows-ix86+x86_64 1.1.1 6.00 31.00 37.00 OK

Check Details

Version: 1.1.1
Check: Rd line widths
Result: NOTE
    Rd file 'myepisodes_feed_url.Rd':
     \examples lines wider than 100 characters:
     ## Not run: myepisodes_feed_url("foouser", "321654321654321", feed = "mylist", onlyunacquired = TRUE, showignored = FALSE)
    
    Rd file 'shows_from_myepisodes.Rd':
     \examples lines wider than 100 characters:
     ## Not run: shows_from_myepisodes("foouser", "321654321654321", feed = "mylist", onlyunacquired = TRUE, showignored = FALSE)
    
    These lines will be truncated in the PDF manual.
Flavors: r-devel-linux-x86_64-debian-clang, r-devel-linux-x86_64-debian-gcc, r-devel-linux-x86_64-fedora-clang, r-devel-linux-x86_64-fedora-gcc, r-patched-linux-x86_64, r-release-linux-x86_64