CRAN Package Check Results for Package myepisodes

Last updated on 2018-05-22 22:48:39 CEST.

Flavor Version Tinstall Tcheck Ttotal Status Flags
r-devel-linux-x86_64-debian-clang 1.1.1 1.52 24.62 26.14 NOTE
r-devel-linux-x86_64-debian-gcc 1.1.1 1.07 19.79 20.86 NOTE
r-devel-linux-x86_64-fedora-clang 1.1.1 31.47 NOTE
r-devel-linux-x86_64-fedora-gcc 1.1.1 29.65 NOTE
r-devel-windows-ix86+x86_64 1.1.1 6.00 36.00 42.00 NOTE
r-patched-linux-x86_64 1.1.1 1.46 22.46 23.92 NOTE
r-patched-solaris-x86 1.1.1 49.70 NOTE
r-release-linux-x86_64 1.1.1 1.00 22.19 23.19 NOTE
r-release-windows-ix86+x86_64 1.1.1 5.00 35.00 40.00 NOTE
r-release-osx-x86_64 1.1.1 NOTE
r-oldrel-windows-ix86+x86_64 1.1.1 4.00 52.00 56.00 NOTE
r-oldrel-osx-x86_64 1.1.1 NOTE

Check Details

Version: 1.1.1
Check: DESCRIPTION meta-information
Result: NOTE
    Malformed Description field: should contain one or more complete sentences.
Flavors: r-devel-linux-x86_64-debian-clang, r-devel-linux-x86_64-debian-gcc, r-devel-linux-x86_64-fedora-clang, r-devel-linux-x86_64-fedora-gcc, r-devel-windows-ix86+x86_64, r-patched-linux-x86_64, r-patched-solaris-x86, r-release-linux-x86_64, r-release-windows-ix86+x86_64, r-release-osx-x86_64, r-oldrel-windows-ix86+x86_64, r-oldrel-osx-x86_64

Version: 1.1.1
Check: R code for possible problems
Result: NOTE
    update_episode: no visible global function definition for ‘browseURL’
    Undefined global functions or variables:
     browseURL
    Consider adding
     importFrom("utils", "browseURL")
    to your NAMESPACE file.
Flavors: r-devel-linux-x86_64-debian-clang, r-devel-linux-x86_64-debian-gcc, r-devel-linux-x86_64-fedora-clang, r-devel-linux-x86_64-fedora-gcc, r-devel-windows-ix86+x86_64, r-patched-linux-x86_64, r-patched-solaris-x86, r-release-linux-x86_64, r-release-windows-ix86+x86_64, r-release-osx-x86_64, r-oldrel-windows-ix86+x86_64, r-oldrel-osx-x86_64

Version: 1.1.1
Check: Rd line widths
Result: NOTE
    Rd file 'myepisodes_feed_url.Rd':
     \examples lines wider than 100 characters:
     ## Not run: myepisodes_feed_url("foouser", "321654321654321", feed = "mylist", onlyunacquired = TRUE, showignored = FALSE)
    
    Rd file 'shows_from_myepisodes.Rd':
     \examples lines wider than 100 characters:
     ## Not run: shows_from_myepisodes("foouser", "321654321654321", feed = "mylist", onlyunacquired = TRUE, showignored = FALSE)
    
    These lines will be truncated in the PDF manual.
Flavors: r-devel-linux-x86_64-debian-clang, r-devel-linux-x86_64-debian-gcc, r-devel-linux-x86_64-fedora-clang, r-devel-linux-x86_64-fedora-gcc, r-patched-linux-x86_64, r-release-linux-x86_64