CRAN Package Check Results for Package myepisodes

Last updated on 2015-03-28 05:49:34.

Flavor Version Tinstall Tcheck Ttotal Status Flags
r-devel-linux-x86_64-debian-clang 1.1.1 0.89 12.66 13.55 NOTE
r-devel-linux-x86_64-debian-gcc 1.1.1 0.95 13.13 14.08 NOTE
r-devel-linux-x86_64-fedora-clang 1.1.1 26.31 NOTE
r-devel-linux-x86_64-fedora-gcc 1.1.1 25.96 NOTE
r-devel-osx-x86_64-clang 1.1.1 31.32 NOTE
r-prerel-windows-ix86+x86_64 1.1.1 4.00 21.00 25.00 NOTE
r-prerel-linux-x86_64 1.1.1 0.89 12.36 13.25 NOTE
r-prerel-solaris-sparc 1.1.1 171.30 NOTE
r-prerel-solaris-x86 1.1.1 37.00 NOTE
r-release-linux-x86_64 1.1.1 1.04 14.26 15.30 NOTE
r-release-osx-x86_64-mavericks 1.1.1 OK
r-release-osx-x86_64-snowleopard 1.1.1 OK
r-release-windows-ix86+x86_64 1.1.1 4.00 23.00 27.00 OK
r-oldrel-windows-ix86+x86_64 1.1.1 4.00 22.00 26.00 OK

Check Details

Version: 1.1.1
Check: DESCRIPTION meta-information
Result: NOTE
    Malformed Description field: should contain one or more complete sentences.
Flavors: r-devel-linux-x86_64-debian-clang, r-devel-linux-x86_64-debian-gcc, r-devel-linux-x86_64-fedora-clang, r-devel-linux-x86_64-fedora-gcc, r-devel-osx-x86_64-clang, r-prerel-windows-ix86+x86_64, r-prerel-linux-x86_64, r-prerel-solaris-sparc, r-prerel-solaris-x86

Version: 1.1.1
Check: Rd line widths
Result: NOTE
    Rd file 'myepisodes_feed_url.Rd':
     \examples lines wider than 100 characters:
     ## Not run: myepisodes_feed_url("foouser", "321654321654321", feed = "mylist", onlyunacquired = TRUE, showignored = FALSE)
    
    Rd file 'shows_from_myepisodes.Rd':
     \examples lines wider than 100 characters:
     ## Not run: shows_from_myepisodes("foouser", "321654321654321", feed = "mylist", onlyunacquired = TRUE, showignored = FALSE)
    
    These lines will be truncated in the PDF manual.
Flavors: r-devel-linux-x86_64-debian-clang, r-devel-linux-x86_64-debian-gcc, r-devel-linux-x86_64-fedora-clang, r-devel-linux-x86_64-fedora-gcc, r-prerel-linux-x86_64, r-release-linux-x86_64