CRAN Package Check Results for Package myepisodes

Last updated on 2015-05-03 11:47:44.

Flavor Version Tinstall Tcheck Ttotal Status Flags
r-devel-linux-x86_64-debian-clang 1.1.1 0.91 12.42 13.34 NOTE
r-devel-linux-x86_64-debian-gcc 1.1.1 0.88 12.20 13.09 NOTE
r-devel-linux-x86_64-fedora-clang 1.1.1 26.97 NOTE
r-devel-linux-x86_64-fedora-gcc 1.1.1 25.06 NOTE
r-devel-osx-x86_64-clang 1.1.1 27.55 NOTE
r-devel-windows-ix86+x86_64 1.1.1 4.00 22.00 26.00 NOTE
r-patched-linux-x86_64 1.1.1 0.88 12.32 13.20 NOTE
r-patched-solaris-sparc 1.1.1 171.30 NOTE
r-patched-solaris-x86 1.1.1 38.40 NOTE
r-release-linux-x86_64 1.1.1 1.14 12.28 13.42 NOTE
r-release-osx-x86_64-mavericks 1.1.1 NOTE
r-release-osx-x86_64-snowleopard 1.1.1 ERROR
r-release-windows-ix86+x86_64 1.1.1 4.00 21.00 25.00 NOTE
r-oldrel-windows-ix86+x86_64 1.1.1 4.00 23.00 27.00 OK

Check Details

Version: 1.1.1
Check: DESCRIPTION meta-information
Result: NOTE
    Malformed Description field: should contain one or more complete sentences.
Flavors: r-devel-linux-x86_64-debian-clang, r-devel-linux-x86_64-debian-gcc, r-devel-linux-x86_64-fedora-clang, r-devel-linux-x86_64-fedora-gcc, r-devel-osx-x86_64-clang, r-devel-windows-ix86+x86_64, r-patched-linux-x86_64, r-patched-solaris-sparc, r-patched-solaris-x86, r-release-linux-x86_64, r-release-osx-x86_64-mavericks, r-release-windows-ix86+x86_64

Version: 1.1.1
Check: Rd line widths
Result: NOTE
    Rd file 'myepisodes_feed_url.Rd':
     \examples lines wider than 100 characters:
     ## Not run: myepisodes_feed_url("foouser", "321654321654321", feed = "mylist", onlyunacquired = TRUE, showignored = FALSE)
    
    Rd file 'shows_from_myepisodes.Rd':
     \examples lines wider than 100 characters:
     ## Not run: shows_from_myepisodes("foouser", "321654321654321", feed = "mylist", onlyunacquired = TRUE, showignored = FALSE)
    
    These lines will be truncated in the PDF manual.
Flavors: r-devel-linux-x86_64-debian-clang, r-devel-linux-x86_64-debian-gcc, r-devel-linux-x86_64-fedora-clang, r-devel-linux-x86_64-fedora-gcc, r-patched-linux-x86_64, r-release-linux-x86_64

Version: 1.1.1
Check: package dependencies
Result: ERROR
    Package required but not available: ‘XML’
    
    See section ‘The DESCRIPTION file’ in the ‘Writing R Extensions’
    manual.
Flavor: r-release-osx-x86_64-snowleopard