CRAN Package Check Results for Package nCDunnett

Last updated on 2014-10-26 01:48:11.

Flavor Version Tinstall Tcheck Ttotal Status Flags
r-devel-linux-x86_64-debian-clang 1.0.0 0.54 25.12 25.66 NOTE
r-devel-linux-x86_64-debian-gcc 1.0.0 0.50 24.34 24.84 NOTE
r-devel-linux-x86_64-fedora-clang 1.0.0 52.07 NOTE
r-devel-linux-x86_64-fedora-gcc 1.0.0 49.83 NOTE
r-devel-osx-x86_64-clang 1.0.0 46.65 OK
r-devel-windows-ix86+x86_64 1.0.0 2.00 35.00 37.00 OK
r-patched-linux-x86_64 1.0.0 0.55 26.44 26.99 NOTE
r-patched-solaris-sparc 1.0.0 346.40 OK
r-patched-solaris-x86 1.0.0 63.00 OK
r-release-linux-ix86 1.0.0 0.76 34.55 35.31 OK
r-release-linux-x86_64 1.0.0 0.50 26.52 27.02 NOTE
r-release-osx-x86_64-mavericks 1.0.0 OK
r-release-windows-ix86+x86_64 1.0.0 3.00 43.00 46.00 OK
r-oldrel-windows-ix86+x86_64 1.0.0 2.00 49.00 51.00 OK

Check Details

Version: 1.0.0
Check: top-level files
Result: NOTE
    Non-standard file/directory found at top level:
     ‘Rplots.pdf’
Flavors: r-devel-linux-x86_64-debian-clang, r-devel-linux-x86_64-debian-gcc, r-devel-linux-x86_64-fedora-clang, r-devel-linux-x86_64-fedora-gcc, r-patched-linux-x86_64, r-release-linux-x86_64