CRAN Package Check Results for Package nCDunnett

Last updated on 2014-09-20 08:51:48.

Flavor Version Tinstall Tcheck Ttotal Status Flags
r-devel-linux-x86_64-debian-clang 1.0.0 0.45 25.18 25.62 NOTE
r-devel-linux-x86_64-debian-gcc 1.0.0 0.47 24.32 24.78 NOTE
r-devel-linux-x86_64-fedora-clang 1.0.0 51.56 NOTE
r-devel-linux-x86_64-fedora-gcc 1.0.0 48.15 NOTE
r-devel-osx-x86_64-clang 1.0.0 45.97 OK
r-devel-windows-ix86+x86_64 1.0.0 2.00 41.00 43.00 OK
r-patched-linux-x86_64 1.0.0 0.47 26.35 26.82 NOTE
r-patched-solaris-sparc 1.0.0 346.40 OK
r-patched-solaris-x86 1.0.0 60.40 OK
r-release-linux-ix86 1.0.0 0.77 34.62 35.39 OK
r-release-linux-x86_64 1.0.0 0.51 26.30 26.81 NOTE
r-release-osx-x86_64-mavericks 1.0.0 OK
r-release-windows-ix86+x86_64 1.0.0 3.00 43.00 46.00 OK
r-oldrel-windows-ix86+x86_64 1.0.0 2.00 49.00 51.00 OK

Check Details

Version: 1.0.0
Check: top-level files
Result: NOTE
    Non-standard file/directory found at top level:
     ‘Rplots.pdf’
Flavors: r-devel-linux-x86_64-debian-clang, r-devel-linux-x86_64-debian-gcc, r-devel-linux-x86_64-fedora-clang, r-devel-linux-x86_64-fedora-gcc, r-patched-linux-x86_64, r-release-linux-x86_64