CRAN Package Check Results for Package nCDunnett

Last updated on 2014-08-29 17:47:38.

Flavor Version Tinstall Tcheck Ttotal Status Flags
r-devel-linux-x86_64-debian-clang 1.0.0 0.44 24.83 25.27 OK
r-devel-linux-x86_64-debian-gcc 1.0.0 0.44 23.75 24.18 OK
r-devel-linux-x86_64-fedora-clang 1.0.0 53.63 NOTE
r-devel-linux-x86_64-fedora-gcc 1.0.0 48.62 NOTE
r-devel-osx-x86_64-clang 1.0.0 44.17 OK
r-devel-windows-ix86+x86_64 1.0.0 2.00 38.00 40.00 OK
r-patched-linux-x86_64 1.0.0 0.48 25.97 26.45 OK
r-patched-solaris-sparc 1.0.0 346.40 OK
r-patched-solaris-x86 1.0.0 61.60 OK
r-release-linux-ix86 1.0.0 0.77 33.20 33.97 OK
r-release-linux-x86_64 1.0.0 0.49 26.12 26.60 OK
r-release-osx-x86_64-mavericks 1.0.0 OK
r-release-windows-ix86+x86_64 1.0.0 3.00 43.00 46.00 OK
r-oldrel-windows-ix86+x86_64 1.0.0 2.00 49.00 51.00 OK

Check Details

Version: 1.0.0
Check: top-level files
Result: NOTE
    Non-standard file/directory found at top level:
     ‘Rplots.pdf’
Flavors: r-devel-linux-x86_64-fedora-clang, r-devel-linux-x86_64-fedora-gcc