CRAN Package Check Results for Package nCDunnett

Last updated on 2015-07-31 18:48:26.

Flavor Version Tinstall Tcheck Ttotal Status Flags
r-devel-linux-x86_64-debian-clang 1.0.0 0.48 23.41 23.89 NOTE
r-devel-linux-x86_64-debian-gcc 1.0.0 0.60 22.26 22.86 NOTE
r-devel-linux-x86_64-fedora-clang 1.0.0 47.43 NOTE
r-devel-linux-x86_64-fedora-gcc 1.0.0 44.14 NOTE
r-devel-osx-x86_64-clang 1.0.0 40.36 NOTE
r-devel-windows-ix86+x86_64 1.0.0 3.00 53.00 56.00 NOTE
r-patched-linux-x86_64 1.0.0 0.48 22.92 23.40 NOTE
r-patched-solaris-sparc 1.0.0 348.60 NOTE
r-patched-solaris-x86 1.0.0 58.20 NOTE
r-release-linux-x86_64 1.0.0 0.47 22.95 23.42 NOTE
r-release-osx-x86_64-mavericks 1.0.0 NOTE
r-release-windows-ix86+x86_64 1.0.0 2.00 44.00 46.00 NOTE
r-oldrel-windows-ix86+x86_64 1.0.0 4.00 45.00 49.00 OK

Check Details

Version: 1.0.0
Check: DESCRIPTION meta-information
Result: NOTE
    Malformed Description field: should contain one or more complete sentences.
Flavors: r-devel-linux-x86_64-debian-clang, r-devel-linux-x86_64-debian-gcc, r-devel-linux-x86_64-fedora-clang, r-devel-linux-x86_64-fedora-gcc, r-devel-osx-x86_64-clang, r-devel-windows-ix86+x86_64, r-patched-linux-x86_64, r-patched-solaris-sparc, r-patched-solaris-x86, r-release-linux-x86_64, r-release-osx-x86_64-mavericks, r-release-windows-ix86+x86_64

Version: 1.0.0
Check: top-level files
Result: NOTE
    Non-standard file/directory found at top level:
     ‘Rplots.pdf’
Flavors: r-devel-linux-x86_64-debian-clang, r-devel-linux-x86_64-debian-gcc, r-devel-linux-x86_64-fedora-clang, r-devel-linux-x86_64-fedora-gcc, r-patched-linux-x86_64, r-release-linux-x86_64

Version: 1.0.0
Check: R code for possible problems
Result: NOTE
    dNDBD : loopg: no visible global function definition for ‘pnorm’
    dNDBD : loopi: no visible global function definition for ‘dnorm’
    dNDBD : loopy: no visible global function definition for ‘dnorm’
    dNDUD : loopg: no visible global function definition for ‘pnorm’
    dNDUD : loopi: no visible global function definition for ‘dnorm’
    dNDUD : loopy: no visible global function definition for ‘dnorm’
    pNDBD : pArgYi: no visible global function definition for ‘pnorm’
    pNDBD : pArgYi: no visible global function definition for ‘dnorm’
    pNDUD : pArgYi: no visible global function definition for ‘pnorm’
    pNDUD : pArgYi: no visible global function definition for ‘dnorm’
    qNDBD: no visible global function definition for ‘qnorm’
    qNDBDF: no visible global function definition for ‘qt’
    qNDUD: no visible global function definition for ‘qnorm’
    qNDUDF: no visible global function definition for ‘qt’
    rNCDun: no visible global function definition for ‘rchisq’
    rmultvariate: no visible global function definition for ‘rnorm’
    Undefined global functions or variables:
     dnorm pnorm qnorm qt rchisq rnorm
    Consider adding
     importFrom("stats", "dnorm", "pnorm", "qnorm", "qt", "rchisq", "rnorm")
    to your NAMESPACE.
Flavors: r-devel-linux-x86_64-debian-clang, r-devel-linux-x86_64-debian-gcc, r-devel-linux-x86_64-fedora-clang, r-devel-linux-x86_64-fedora-gcc, r-devel-windows-ix86+x86_64