CRAN Package Check Results for Package nCDunnett

Last updated on 2014-12-19 08:48:36.

Flavor Version Tinstall Tcheck Ttotal Status Flags
r-devel-linux-x86_64-debian-clang 1.0.0 0.53 26.63 27.16 NOTE
r-devel-linux-x86_64-debian-gcc 1.0.0 0.51 24.86 25.37 NOTE
r-devel-linux-x86_64-fedora-clang 1.0.0 54.30 NOTE
r-devel-linux-x86_64-fedora-gcc 1.0.0 49.77 NOTE
r-devel-osx-x86_64-clang 1.0.0 47.58 OK
r-devel-windows-ix86+x86_64 1.0.0 3.00 54.00 57.00 OK
r-patched-linux-x86_64 1.0.0 0.55 27.45 28.00 NOTE
r-patched-solaris-sparc 1.0.0 346.40 OK
r-patched-solaris-x86 1.0.0 61.90 OK
r-release-linux-ix86 1.0.0 0.82 32.81 33.63 OK
r-release-linux-x86_64 1.0.0 0.59 26.94 27.54 NOTE
r-release-osx-x86_64-mavericks 1.0.0 OK
r-release-windows-ix86+x86_64 1.0.0 2.00 44.00 46.00 OK
r-oldrel-windows-ix86+x86_64 1.0.0 2.00 49.00 51.00 OK

Check Details

Version: 1.0.0
Check: top-level files
Result: NOTE
    Non-standard file/directory found at top level:
     ‘Rplots.pdf’
Flavors: r-devel-linux-x86_64-debian-clang, r-devel-linux-x86_64-debian-gcc, r-devel-linux-x86_64-fedora-clang, r-devel-linux-x86_64-fedora-gcc, r-patched-linux-x86_64, r-release-linux-x86_64