CRAN Package Check Results for Package nCDunnett

Last updated on 2014-04-23 07:55:03.

Flavor Version Tinstall Tcheck Ttotal Status Flags
r-devel-linux-x86_64-debian-clang 1.0.0 0.55 26.96 27.51 OK
r-devel-linux-x86_64-debian-gcc 1.0.0 0.51 27.14 27.65 OK
r-devel-linux-x86_64-fedora-clang 1.0.0 55.53 NOTE
r-devel-linux-x86_64-fedora-gcc 1.0.0 53.56 NOTE
r-devel-osx-x86_64-clang 1.0.0 46.32 OK
r-devel-osx-x86_64-gcc 1.0.0 OK
r-devel-windows-ix86+x86_64 1.0.0 2.00 42.00 44.00 OK
r-patched-linux-x86_64 1.0.0 0.51 26.71 27.22 OK
r-patched-solaris-sparc 1.0.0 339.20 OK
r-patched-solaris-x86 1.0.0 62.30 OK
r-release-linux-ix86 1.0.0 1.00 44.00 45.00 OK
r-release-linux-x86_64 1.0.0 0.51 27.26 27.77 OK
r-release-osx-x86_64-mavericks 1.0.0 OK
r-release-windows-ix86+x86_64 1.0.0 4.00 55.00 59.00 OK
r-oldrel-windows-ix86+x86_64 1.0.0 2.00 49.00 51.00 OK

Check Details

Version: 1.0.0
Check: top-level files
Result: NOTE
    Non-standard file/directory found at top level:
     ‘Rplots.pdf’
Flavors: r-devel-linux-x86_64-fedora-clang, r-devel-linux-x86_64-fedora-gcc