CRAN Package Check Results for Package nCDunnett

Last updated on 2015-04-25 06:46:23.

Flavor Version Tinstall Tcheck Ttotal Status Flags
r-devel-linux-x86_64-debian-clang 1.0.0 0.48 24.42 24.90 NOTE
r-devel-linux-x86_64-debian-gcc 1.0.0 0.51 23.48 24.00 NOTE
r-devel-linux-x86_64-fedora-clang 1.0.0 51.22 NOTE
r-devel-linux-x86_64-fedora-gcc 1.0.0 46.61 NOTE
r-devel-osx-x86_64-clang 1.0.0 44.44 NOTE
r-devel-windows-ix86+x86_64 1.0.0 2.00 48.00 50.00 NOTE
r-patched-linux-x86_64 1.0.0 0.50 24.12 24.62 NOTE
r-patched-solaris-sparc 1.0.0 332.90 NOTE
r-patched-solaris-x86 1.0.0 55.60 NOTE
r-release-linux-x86_64 1.0.0 0.49 23.96 24.46 NOTE
r-release-osx-x86_64-mavericks 1.0.0 NOTE
r-release-osx-x86_64-snowleopard 1.0.0 NOTE
r-release-windows-ix86+x86_64 1.0.0 2.00 48.00 50.00 NOTE
r-oldrel-windows-ix86+x86_64 1.0.0 4.00 45.00 49.00 OK

Check Details

Version: 1.0.0
Check: DESCRIPTION meta-information
Result: NOTE
    Malformed Description field: should contain one or more complete sentences.
Flavors: r-devel-windows-ix86+x86_64, r-patched-linux-x86_64, r-release-windows-ix86+x86_64

Version: 1.0.0
Check: top-level files
Result: NOTE
    Non-standard file/directory found at top level:
     ‘Rplots.pdf’
Flavor: r-patched-linux-x86_64