CRAN Package Check Results for Package nCDunnett

Last updated on 2015-01-29 22:48:46.

Flavor Version Tinstall Tcheck Ttotal Status Flags
r-devel-linux-x86_64-debian-clang 1.0.0 0.49 24.20 24.69 NOTE
r-devel-linux-x86_64-debian-gcc 1.0.0 0.52 23.22 23.74 NOTE
r-devel-linux-x86_64-fedora-clang 1.0.0 51.07 NOTE
r-devel-linux-x86_64-fedora-gcc 1.0.0 49.29 NOTE
r-devel-osx-x86_64-clang 1.0.0 47.16 OK
r-devel-windows-ix86+x86_64 1.0.0 2.00 36.00 38.00 OK
r-patched-linux-x86_64 1.0.0 0.55 27.02 27.58 NOTE
r-patched-solaris-sparc 1.0.0 352.90 OK
r-patched-solaris-x86 1.0.0 64.00 OK
r-release-linux-ix86 1.0.0 0.81 33.50 34.31 OK
r-release-linux-x86_64 1.0.0 0.55 26.64 27.19 NOTE
r-release-osx-x86_64-mavericks 1.0.0 OK
r-release-windows-ix86+x86_64 1.0.0 2.00 44.00 46.00 OK
r-oldrel-windows-ix86+x86_64 1.0.0 2.00 49.00 51.00 OK

Check Details

Version: 1.0.0
Check: top-level files
Result: NOTE
    Non-standard file/directory found at top level:
     ‘Rplots.pdf’
Flavors: r-devel-linux-x86_64-debian-clang, r-devel-linux-x86_64-debian-gcc, r-devel-linux-x86_64-fedora-clang, r-devel-linux-x86_64-fedora-gcc, r-patched-linux-x86_64, r-release-linux-x86_64