CRAN Package Check Results for Package nCDunnett

Last updated on 2015-05-30 13:47:28.

Flavor Version Tinstall Tcheck Ttotal Status Flags
r-devel-linux-x86_64-debian-clang 1.0.0 0.52 24.50 25.02 NOTE
r-devel-linux-x86_64-debian-gcc 1.0.0 0.47 23.46 23.92 NOTE
r-devel-linux-x86_64-fedora-clang 1.0.0 50.00 NOTE
r-devel-linux-x86_64-fedora-gcc 1.0.0 47.58 NOTE
r-devel-osx-x86_64-clang 1.0.0 43.07 NOTE
r-devel-windows-ix86+x86_64 1.0.0 2.00 38.00 40.00 NOTE
r-patched-linux-x86_64 1.0.0 0.47 22.79 23.26 NOTE
r-patched-solaris-sparc 1.0.0 329.80 NOTE
r-patched-solaris-x86 1.0.0 58.40 NOTE
r-release-linux-x86_64 1.0.0 0.48 23.53 24.01 NOTE
r-release-osx-x86_64-mavericks 1.0.0 NOTE
r-release-osx-x86_64-snowleopard 1.0.0 NOTE
r-release-windows-ix86+x86_64 1.0.0 2.00 48.00 50.00 NOTE
r-oldrel-windows-ix86+x86_64 1.0.0 4.00 45.00 49.00 OK

Check Details

Version: 1.0.0
Check: DESCRIPTION meta-information
Result: NOTE
    Malformed Description field: should contain one or more complete sentences.
Flavors: r-devel-linux-x86_64-debian-clang, r-devel-linux-x86_64-debian-gcc, r-devel-linux-x86_64-fedora-clang, r-devel-linux-x86_64-fedora-gcc, r-devel-osx-x86_64-clang, r-devel-windows-ix86+x86_64, r-patched-linux-x86_64, r-patched-solaris-sparc, r-patched-solaris-x86, r-release-linux-x86_64, r-release-osx-x86_64-mavericks, r-release-osx-x86_64-snowleopard, r-release-windows-ix86+x86_64

Version: 1.0.0
Check: top-level files
Result: NOTE
    Non-standard file/directory found at top level:
     ‘Rplots.pdf’
Flavors: r-devel-linux-x86_64-debian-clang, r-devel-linux-x86_64-debian-gcc, r-devel-linux-x86_64-fedora-clang, r-devel-linux-x86_64-fedora-gcc, r-patched-linux-x86_64, r-release-linux-x86_64