CRAN Package Check Results for Package nCDunnett

Last updated on 2014-07-25 23:48:40.

Flavor Version Tinstall Tcheck Ttotal Status Flags
r-devel-linux-x86_64-debian-clang 1.0.0 0.46 25.53 25.99 OK
r-devel-linux-x86_64-debian-gcc 1.0.0 0.46 24.28 24.73 OK
r-devel-linux-x86_64-fedora-clang 1.0.0 53.65 NOTE
r-devel-linux-x86_64-fedora-gcc 1.0.0 49.54 NOTE
r-devel-osx-x86_64-clang 1.0.0 44.48 OK
r-devel-windows-ix86+x86_64 1.0.0 2.00 36.00 38.00 OK
r-patched-linux-x86_64 1.0.0 0.47 25.44 25.91 OK
r-patched-solaris-sparc 1.0.0 339.20 OK
r-patched-solaris-x86 1.0.0 61.70 OK
r-release-linux-ix86 1.0.0 0.78 34.65 35.43 OK
r-release-linux-x86_64 1.0.0 0.52 26.08 26.60 OK
r-release-osx-x86_64-mavericks 1.0.0 OK
r-release-windows-ix86+x86_64 1.0.0 3.00 43.00 46.00 OK
r-oldrel-windows-ix86+x86_64 1.0.0 2.00 49.00 51.00 OK

Check Details

Version: 1.0.0
Check: top-level files
Result: NOTE
    Non-standard file/directory found at top level:
     ‘Rplots.pdf’
Flavors: r-devel-linux-x86_64-fedora-clang, r-devel-linux-x86_64-fedora-gcc