CRAN Package Check Results for Package nCDunnett

Last updated on 2015-03-27 15:47:19.

Flavor Version Tinstall Tcheck Ttotal Status Flags
r-devel-linux-x86_64-debian-clang 1.0.0 0.48 24.12 24.60 NOTE
r-devel-linux-x86_64-debian-gcc 1.0.0 0.47 23.64 24.10 NOTE
r-devel-linux-x86_64-fedora-clang 1.0.0 50.85 NOTE
r-devel-linux-x86_64-fedora-gcc 1.0.0 47.87 NOTE
r-devel-osx-x86_64-clang 1.0.0 50.31 NOTE
r-prerel-windows-ix86+x86_64 1.0.0 3.00 37.00 40.00 NOTE
r-prerel-linux-x86_64 1.0.0 0.48 23.31 23.79 NOTE
r-prerel-solaris-sparc 1.0.0 332.90 NOTE
r-prerel-solaris-x86 1.0.0 57.30 NOTE
r-release-linux-x86_64 1.0.0 0.54 28.40 28.94 NOTE
r-release-osx-x86_64-mavericks 1.0.0 OK
r-release-windows-ix86+x86_64 1.0.0 4.00 45.00 49.00 OK
r-oldrel-windows-ix86+x86_64 1.0.0 2.00 49.00 51.00 OK

Check Details

Version: 1.0.0
Check: DESCRIPTION meta-information
Result: NOTE
    Malformed Description field: should contain one or more complete sentences.
Flavors: r-devel-linux-x86_64-debian-clang, r-devel-linux-x86_64-debian-gcc, r-devel-linux-x86_64-fedora-clang, r-devel-linux-x86_64-fedora-gcc, r-devel-osx-x86_64-clang, r-prerel-windows-ix86+x86_64, r-prerel-linux-x86_64, r-prerel-solaris-sparc, r-prerel-solaris-x86

Version: 1.0.0
Check: top-level files
Result: NOTE
    Non-standard file/directory found at top level:
     ‘Rplots.pdf’
Flavors: r-devel-linux-x86_64-debian-clang, r-devel-linux-x86_64-debian-gcc, r-devel-linux-x86_64-fedora-clang, r-devel-linux-x86_64-fedora-gcc, r-prerel-linux-x86_64, r-release-linux-x86_64