CRAN Package Check Results for Package nCDunnett

Last updated on 2014-11-27 01:47:56.

Flavor Version Tinstall Tcheck Ttotal Status Flags
r-devel-linux-x86_64-debian-clang 1.0.0 0.55 24.70 25.24 NOTE
r-devel-linux-x86_64-debian-gcc 1.0.0 0.51 25.36 25.87 NOTE
r-devel-linux-x86_64-fedora-clang 1.0.0 53.36 NOTE
r-devel-linux-x86_64-fedora-gcc 1.0.0 51.21 NOTE
r-devel-osx-x86_64-clang 1.0.0 46.36 OK
r-devel-windows-ix86+x86_64 1.0.0 2.00 33.00 35.00 OK
r-patched-linux-x86_64 1.0.0 0.66 27.11 27.77 NOTE
r-patched-solaris-sparc 1.0.0 346.40 OK
r-patched-solaris-x86 1.0.0 62.00 OK
r-release-linux-ix86 1.0.0 0.79 32.86 33.66 OK
r-release-linux-x86_64 1.0.0 0.54 27.56 28.11 NOTE
r-release-osx-x86_64-mavericks 1.0.0 OK
r-release-windows-ix86+x86_64 1.0.0 2.00 44.00 46.00 OK
r-oldrel-windows-ix86+x86_64 1.0.0 2.00 49.00 51.00 OK

Check Details

Version: 1.0.0
Check: top-level files
Result: NOTE
    Non-standard file/directory found at top level:
     ‘Rplots.pdf’
Flavors: r-devel-linux-x86_64-debian-clang, r-devel-linux-x86_64-debian-gcc, r-devel-linux-x86_64-fedora-clang, r-devel-linux-x86_64-fedora-gcc, r-patched-linux-x86_64, r-release-linux-x86_64