CRAN Package Check Results for Package nCal

Last updated on 2016-08-30 12:47:05.

Flavor Version Tinstall Tcheck Ttotal Status Flags
r-devel-linux-x86_64-debian-clang 2016.7-31 5.39 86.70 92.09 OK
r-devel-linux-x86_64-debian-gcc 2016.7-31 4.63 83.59 88.22 OK
r-devel-linux-x86_64-fedora-clang 2016.7-31 185.69 OK
r-devel-linux-x86_64-fedora-gcc 2016.7-31 175.18 OK
r-devel-osx-x86_64-clang 2016.7-31 138.26 OK
r-devel-windows-ix86+x86_64 2016.7-31 24.00 219.00 243.00 OK
r-patched-linux-x86_64 2016.7-31 5.20 87.65 92.85 OK
r-patched-solaris-sparc 2016.7-31 981.70 OK
r-patched-solaris-x86 2016.7-31 268.20 OK
r-release-linux-x86_64 2016.7-31 4.52 83.23 87.75 OK
r-release-osx-x86_64-mavericks 2016.7-31 OK
r-release-windows-ix86+x86_64 2016.7-31 15.00 145.00 160.00 OK
r-oldrel-windows-ix86+x86_64 2016.7-26 16.00 116.00 132.00 ERROR

Check Details

Version: 2016.7-26
Check: R code for possible problems
Result: NOTE
    bcrm: no visible global function definition for 'startsWith'
    getVarComponent.bcrm: no visible global function definition for
     'endsWith'
    ncal.formula: no visible global function definition for 'startsWith'
    plot.marginals: no visible global function definition for 'startsWith'
    read.luminex.xls: no visible global function definition for
     'startsWith'
Flavor: r-oldrel-windows-ix86+x86_64

Version: 2016.7-26
Check: tests
Result: ERROR
    Running the tests in 'tests/doRUnit.R' failed.
    Last 13 lines of output:
     Number of test functions: 3
     Number of errors: 1
     Number of failures: 0
    
    
     1 Test Suite :
     nCal unit testing - 3 test functions, 1 error, 0 failures
     ERROR in test.ncal: Error in getVarComponent.bcrm(fit) : could not find function "endsWith"
     Error:
    
     unit testing failed (#test failures: 0, #R errors: 1)
    
     Execution halted
Flavor: r-oldrel-windows-ix86+x86_64

Version: 2016.7-26
Check: re-building of vignette outputs
Result: NOTE
    Error in re-building vignettes:
     ...
    Quitting from lines 100-102 (nCal-vignette.Rnw)
    Error: processing vignette 'nCal-vignette.Rnw' failed with diagnostics:
    could not find function "endsWith"
    Execution halted
Flavor: r-oldrel-windows-ix86+x86_64