CRAN Package Check Results for Package nCal

Last updated on 2020-11-30 18:51:23 CET.

Flavor Version Tinstall Tcheck Ttotal Status Flags
r-devel-linux-x86_64-debian-clang 2020.9-10 21.04 133.76 154.80 OK
r-devel-linux-x86_64-debian-gcc 2020.9-10 14.04 102.82 116.86 OK
r-devel-linux-x86_64-fedora-clang 2020.9-10 184.60 OK
r-devel-linux-x86_64-fedora-gcc 2020.9-10 176.11 OK
r-devel-windows-ix86+x86_64 2020.9-10 33.00 115.00 148.00 OK
r-patched-linux-x86_64 2020.9-10 16.25 131.77 148.02 OK
r-patched-solaris-x86 2020.9-10 245.30 OK
r-release-linux-x86_64 2020.9-10 15.76 129.08 144.84 OK
r-release-macos-x86_64 2020.9-10 OK
r-release-windows-ix86+x86_64 2020.9-10 31.00 118.00 149.00 OK
r-oldrel-macos-x86_64 2020.9-10 NOTE
r-oldrel-windows-ix86+x86_64 2020.9-10 25.00 144.00 169.00 OK

Check Details

Version: 2020.9-10
Check: dependencies in R code
Result: NOTE
    No protocol specified
    No protocol specified
Flavor: r-oldrel-macos-x86_64