CRAN Package Check Results for Package nCal

Last updated on 2015-04-26 03:47:35.

Flavor Version Tinstall Tcheck Ttotal Status Flags
r-devel-linux-x86_64-debian-clang 2015.3-3 5.60 79.98 85.57 NOTE
r-devel-linux-x86_64-debian-gcc 2015.3-3 4.87 78.79 83.66 NOTE
r-devel-linux-x86_64-fedora-clang 2015.3-3 175.54 NOTE
r-devel-linux-x86_64-fedora-gcc 2015.3-3 160.19 NOTE
r-devel-osx-x86_64-clang 2015.3-3 143.42 NOTE
r-devel-windows-ix86+x86_64 2015.3-3 15.00 126.00 141.00 NOTE
r-patched-linux-x86_64 2015.3-3 5.57 81.70 87.26 NOTE
r-patched-solaris-sparc 2015.3-3 1592.70 NOTE
r-patched-solaris-x86 2015.3-3 1291.30 NOTE
r-release-linux-x86_64 2015.3-3 4.98 78.44 83.42 OK
r-release-osx-x86_64-mavericks 2015.3-3 ERROR
r-release-osx-x86_64-snowleopard 2015.3-3 ERROR
r-release-windows-ix86+x86_64 2015.3-3 15.00 119.00 134.00 OK
r-oldrel-windows-ix86+x86_64 2015.3-3 25.00 172.00 197.00 OK

Check Details

Version: 2015.3-3
Check: files in 'vignettes'
Result: NOTE
    The following directory looks like a leftover from 'knitr':
     'figure'
    Please remove from your package.
Flavor: r-devel-windows-ix86+x86_64