CRAN Package Check Results for Package nCal

Last updated on 2014-12-21 09:51:31.

Flavor Version Tinstall Tcheck Ttotal Status Flags
r-devel-linux-x86_64-debian-clang 14.11-8 2.10 59.59 61.69 OK
r-devel-linux-x86_64-debian-gcc 14.11-8 2.11 60.32 62.42 OK
r-devel-linux-x86_64-fedora-clang 14.11-8 133.34 OK
r-devel-linux-x86_64-fedora-gcc 14.11-8 113.45 OK
r-devel-osx-x86_64-clang 14.11-8 111.89 OK
r-devel-windows-ix86+x86_64 14.11-8 11.00 93.00 104.00 OK
r-patched-linux-x86_64 14.11-8 2.33 60.90 63.24 OK
r-patched-solaris-sparc 14.11-8 1134.80 OK
r-patched-solaris-x86 14.11-8 2018.90 OK
r-release-linux-ix86 14.11-8 2.57 72.51 75.08 OK
r-release-linux-x86_64 14.11-8 2.28 64.48 66.76 OK
r-release-osx-x86_64-mavericks 14.11-8 OK
r-release-osx-x86_64-snowleopard 14.11-8 OK
r-release-windows-ix86+x86_64 14.11-8 11.00 95.00 106.00 OK
r-oldrel-windows-ix86+x86_64 14.11-8 9.00 98.00 107.00 NOTE

Check Details

Version: 14.11-8
Check: dependencies in R code
Result: NOTE
    Missing or unexported objects:
     'nCal::elisa.R.gh' 'nCal::elisa.mean.distr.gh'
    See the information on DESCRIPTION files in the chapter 'Creating R
    packages' of the 'Writing R Extensions' manual.
Flavor: r-oldrel-windows-ix86+x86_64