CRAN Package Check Results for Package nCal

Last updated on 2014-04-19 08:50:17.

Flavor Version Tinstall Tcheck Ttotal Status Flags
r-devel-linux-x86_64-debian-clang 13.12-01 2.38 68.15 70.53 NOTE
r-devel-linux-x86_64-debian-gcc 13.12-01 2.23 69.26 71.49 NOTE
r-devel-linux-x86_64-fedora-clang 13.12-01 144.45 NOTE
r-devel-linux-x86_64-fedora-gcc 13.12-01 138.72 NOTE
r-devel-macosx-x86_64-clang 13.12-01 122.65 NOTE
r-devel-macosx-x86_64-gcc 13.12-01 ERROR
r-devel-windows-ix86+x86_64 13.12-01 8.00 96.00 104.00 NOTE
r-patched-linux-x86_64 13.12-01 2.17 69.35 71.52 NOTE
r-patched-solaris-sparc 13.12-01 942.90 NOTE
r-patched-solaris-x86 13.12-01 293.00 NOTE
r-release-linux-ix86 13.12-01 6.00 116.00 122.00 NOTE
r-release-linux-x86_64 13.12-01 2.25 68.74 70.99 NOTE
r-release-macosx-x86_64 13.12-01 OK
r-release-windows-ix86+x86_64 13.12-01 10.00 100.00 110.00 NOTE
r-oldrel-windows-ix86+x86_64 13.12-01 9.00 100.00 109.00 NOTE

Check Details

Version: 13.12-01
Check: dependencies in R code
Result: NOTE
    Packages in Depends field not imported from:
     ‘drc’ ‘gWidgets’ ‘gdata’
     These packages need to be imported from (in the NAMESPACE file)
     for when this namespace is loaded but not attached.
    See the information on DESCRIPTION files in the chapter ‘Creating R
    packages’ of the ‘Writing R Extensions’ manual.
Flavors: r-devel-linux-x86_64-debian-clang, r-devel-linux-x86_64-debian-gcc, r-devel-linux-x86_64-fedora-clang, r-devel-linux-x86_64-fedora-gcc, r-devel-macosx-x86_64-clang, r-devel-windows-ix86+x86_64, r-patched-linux-x86_64, r-patched-solaris-sparc, r-patched-solaris-x86, r-release-linux-ix86, r-release-linux-x86_64, r-release-windows-ix86+x86_64, r-oldrel-windows-ix86+x86_64

Version: 13.12-01
Check: package dependencies
Result: ERROR
    Package required but not available: ‘drc’
    
    Package suggested but not available for checking: ‘knitr’
    
    Files named as vignettes but with no recognized vignette engine:
     ‘inst/doc/nCal-vignette.Rnw’
    (Is a VignetteBuilder field missing?)
    
    See the information on DESCRIPTION files in the chapter ‘Creating R
    packages’ of the ‘Writing R Extensions’ manual.
Flavor: r-devel-macosx-x86_64-gcc