CRAN Package Check Results for Package nCal

Last updated on 2015-05-27 19:47:14.

Flavor Version Tinstall Tcheck Ttotal Status Flags
r-devel-linux-x86_64-debian-clang 2015.3-3 5.20 82.72 87.92 NOTE
r-devel-linux-x86_64-debian-gcc 2015.3-3 5.56 80.65 86.20 NOTE
r-devel-linux-x86_64-fedora-clang 2015.3-3 178.63 NOTE
r-devel-linux-x86_64-fedora-gcc 2015.3-3 170.64 NOTE
r-devel-osx-x86_64-clang 2015.3-3 146.98 NOTE
r-devel-windows-ix86+x86_64 2015.3-3 15.00 123.00 138.00 NOTE
r-patched-linux-x86_64 2015.3-3 5.39 81.12 86.51 NOTE
r-patched-solaris-sparc 2015.3-3 1303.90 NOTE
r-patched-solaris-x86 2015.3-3 1347.60 NOTE
r-release-linux-x86_64 2015.3-3 5.08 81.32 86.40 OK
r-release-osx-x86_64-mavericks 2015.3-3 NOTE
r-release-osx-x86_64-snowleopard 2015.3-3 ERROR
r-release-windows-ix86+x86_64 2015.3-3 15.00 123.00 138.00 OK
r-oldrel-windows-ix86+x86_64 2015.3-3 26.00 162.00 188.00 OK

Check Details

Version: 2015.3-3
Check: files in ‘vignettes’
Result: NOTE
    The following directory looks like a leftover from 'knitr':
     ‘figure’
    Please remove from your package.
Flavors: r-devel-linux-x86_64-debian-clang, r-devel-linux-x86_64-debian-gcc, r-devel-linux-x86_64-fedora-clang, r-devel-linux-x86_64-fedora-gcc, r-devel-osx-x86_64-clang, r-devel-windows-ix86+x86_64, r-patched-linux-x86_64, r-patched-solaris-sparc, r-patched-solaris-x86, r-release-osx-x86_64-mavericks

Version: 2015.3-3
Check: package dependencies
Result: ERROR
    Package required but not available: ‘drc’
    
    Package suggested but not available for checking: ‘knitr’
    
    VignetteBuilder package required for checking but not installed: ‘knitr’
    
    Files named as vignettes but with no recognized vignette engine:
     ‘inst/doc/nCal-vignette.Rnw’
    (Is a VignetteBuilder field missing?)
    
    See section ‘The DESCRIPTION file’ in the ‘Writing R Extensions’
    manual.
Flavor: r-release-osx-x86_64-snowleopard