CRAN Package Check Results for Package nCal

Last updated on 2015-02-27 04:46:52.

Flavor Version Tinstall Tcheck Ttotal Status Flags
r-devel-linux-x86_64-debian-clang 14.11-8 4.74 81.33 86.07 NOTE
r-devel-linux-x86_64-debian-gcc 14.11-8 4.72 78.14 82.86 NOTE
r-devel-linux-x86_64-fedora-clang 14.11-8 176.38 NOTE
r-devel-linux-x86_64-fedora-gcc 14.11-8 163.61 NOTE
r-devel-osx-x86_64-clang 14.11-8 149.85 NOTE
r-devel-windows-ix86+x86_64 14.11-8 20.00 122.00 142.00 NOTE
r-patched-linux-x86_64 14.11-8 8.15 104.04 112.19 NOTE
r-patched-solaris-sparc 14.11-8 1810.70 NOTE
r-patched-solaris-x86 14.11-8 2316.70 NOTE
r-release-linux-ix86 14.11-8 7.43 120.14 127.57 OK
r-release-linux-x86_64 14.11-8 8.36 0.26 8.62 OK
r-release-osx-x86_64-mavericks 14.11-8 OK
r-release-osx-x86_64-snowleopard 14.11-8 OK
r-release-windows-ix86+x86_64 14.11-8 24.00 152.00 176.00 OK
r-oldrel-windows-ix86+x86_64 14.11-8 19.00 166.00 185.00 NOTE

Check Details

Version: 14.11-8
Check: dependencies in R code
Result: NOTE
    'library' or 'require' calls in package code:
     ‘gWidgetstcltk’ ‘rjags’
     Please use :: or requireNamespace() instead.
     See section 'Suggested packages' in the 'Writing R Extensions' manual.
Flavors: r-devel-linux-x86_64-debian-clang, r-devel-linux-x86_64-debian-gcc, r-devel-linux-x86_64-fedora-clang, r-devel-linux-x86_64-fedora-gcc, r-devel-osx-x86_64-clang, r-devel-windows-ix86+x86_64, r-patched-linux-x86_64, r-patched-solaris-sparc, r-patched-solaris-x86

Version: 14.11-8
Check: S3 generic/method consistency
Result: NOTE
    Found the following apparent S3 methods exported but not registered:
     coef.bcrm coef.crm deviance.crm getVarComponent.bcrm
     getVarComponent.drc lines.crm ncal.character ncal.formula plot.bcrm
     print.bcrm vcov.bcrm
    See section ‘Registering S3 methods’ in the ‘Writing R Extensions’
    manual.
Flavors: r-devel-linux-x86_64-debian-clang, r-devel-linux-x86_64-debian-gcc, r-devel-linux-x86_64-fedora-clang, r-devel-linux-x86_64-fedora-gcc, r-devel-osx-x86_64-clang

Version: 14.11-8
Check: dependencies in R code
Result: NOTE
    Missing or unexported objects:
     'nCal::elisa.R.gh' 'nCal::elisa.mean.distr.gh'
    See the information on DESCRIPTION files in the chapter 'Creating R
    packages' of the 'Writing R Extensions' manual.
Flavor: r-oldrel-windows-ix86+x86_64