CRAN Package Check Results for Package nCal

Last updated on 2015-03-28 16:47:16.

Flavor Version Tinstall Tcheck Ttotal Status Flags
r-devel-linux-x86_64-debian-clang 2015.3-3 4.72 82.61 87.34 OK
r-devel-linux-x86_64-debian-gcc 2015.3-3 4.66 80.92 85.59 OK
r-devel-linux-x86_64-fedora-clang 2015.3-3 172.79 OK
r-devel-linux-x86_64-fedora-gcc 2015.3-3 180.43 OK
r-devel-osx-x86_64-clang 2015.3-3 162.83 OK
r-prerel-windows-ix86+x86_64 2015.3-3 19.00 161.00 180.00 OK
r-prerel-linux-x86_64 2015.3-3 4.58 79.05 83.63 OK
r-prerel-solaris-sparc 2015.3-3 1573.70 OK
r-prerel-solaris-x86 2015.3-3 2128.40 OK
r-release-linux-x86_64 2015.3-3 7.73 102.68 110.41 OK
r-release-osx-x86_64-mavericks 2015.3-3 OK
r-release-osx-x86_64-snowleopard 2015.3-3 OK
r-release-windows-ix86+x86_64 2015.3-3 20.00 159.00 179.00 OK
r-oldrel-windows-ix86+x86_64 2015.3-3 23.00 165.00 188.00 NOTE

Check Details

Version: 2015.3-3
Check: dependencies in R code
Result: NOTE
    Missing or unexported objects:
     'nCal::elisa.R.gh' 'nCal::elisa.mean.distr.gh'
    See the information on DESCRIPTION files in the chapter 'Creating R
    packages' of the 'Writing R Extensions' manual.
Flavor: r-oldrel-windows-ix86+x86_64