CRAN Package Check Results for Package nCal

Last updated on 2017-02-23 23:49:42.

Flavor Version Tinstall Tcheck Ttotal Status Flags
r-devel-linux-x86_64-debian-clang 2016.7-31 4.61 94.86 99.47 OK
r-devel-linux-x86_64-debian-gcc 2016.7-31 4.94 93.12 98.06 OK
r-devel-linux-x86_64-fedora-clang 2016.7-31 216.14 OK --no-stop-on-test-error
r-devel-linux-x86_64-fedora-gcc 2016.7-31 199.74 OK --no-stop-on-test-error
r-devel-macos-x86_64-clang 2016.7-31 150.80 OK --no-stop-on-test-error
r-devel-windows-ix86+x86_64 2016.7-31 25.00 204.00 229.00 OK
r-patched-linux-x86_64 2016.7-31 4.60 83.20 87.81 OK
r-patched-solaris-sparc 2016.7-31 1043.70 OK
r-patched-solaris-x86 2016.7-31 230.90 OK
r-release-linux-x86_64 2016.7-31 5.02 82.54 87.56 OK
r-release-osx-x86_64-mavericks 2016.7-31 OK
r-release-windows-ix86+x86_64 2016.7-31 22.00 185.00 207.00 OK
r-oldrel-windows-ix86+x86_64 2016.7-26 16.00 116.00 132.00 ERROR

Check Details

Version: 2016.7-26
Check: R code for possible problems
Result: NOTE
    bcrm: no visible global function definition for 'startsWith'
    getVarComponent.bcrm: no visible global function definition for
     'endsWith'
    ncal.formula: no visible global function definition for 'startsWith'
    plot.marginals: no visible global function definition for 'startsWith'
    read.luminex.xls: no visible global function definition for
     'startsWith'
Flavor: r-oldrel-windows-ix86+x86_64

Version: 2016.7-26
Check: tests
Result: ERROR
    Running the tests in 'tests/doRUnit.R' failed.
    Last 13 lines of output:
     Number of test functions: 3
     Number of errors: 1
     Number of failures: 0
    
    
     1 Test Suite :
     nCal unit testing - 3 test functions, 1 error, 0 failures
     ERROR in test.ncal: Error in getVarComponent.bcrm(fit) : could not find function "endsWith"
     Error:
    
     unit testing failed (#test failures: 0, #R errors: 1)
    
     Execution halted
Flavor: r-oldrel-windows-ix86+x86_64

Version: 2016.7-26
Check: re-building of vignette outputs
Result: NOTE
    Error in re-building vignettes:
     ...
    Quitting from lines 100-102 (nCal-vignette.Rnw)
    Error: processing vignette 'nCal-vignette.Rnw' failed with diagnostics:
    could not find function "endsWith"
    Execution halted
Flavor: r-oldrel-windows-ix86+x86_64