CRAN Package Check Results for Package nCal

Last updated on 2020-07-12 15:49:06 CEST.

Flavor Version Tinstall Tcheck Ttotal Status Flags
r-devel-linux-x86_64-debian-clang 2020.5-21 15.24 129.02 144.26 OK
r-devel-linux-x86_64-debian-gcc 2020.5-21 12.06 97.66 109.72 OK
r-devel-linux-x86_64-fedora-clang 2020.5-21 181.75 OK
r-devel-linux-x86_64-fedora-gcc 2020.5-21 169.22 OK
r-devel-windows-ix86+x86_64 2020.5-21 35.00 197.00 232.00 OK
r-patched-linux-x86_64 2020.5-21 14.44 125.38 139.82 OK
r-patched-solaris-x86 2020.5-21 238.40 OK
r-release-linux-x86_64 2020.5-21 14.94 126.39 141.33 OK
r-release-macos-x86_64 2020.5-21 OK
r-release-windows-ix86+x86_64 2020.5-21 56.00 187.00 243.00 OK
r-oldrel-macos-x86_64 2020.5-21 NOTE
r-oldrel-windows-ix86+x86_64 2020.5-21 32.00 128.00 160.00 OK

Check Details

Version: 2020.5-21
Check: dependencies in R code
Result: NOTE
    No protocol specified
    No protocol specified
Flavor: r-oldrel-macos-x86_64