CRAN Package Check Results for Package nCopula

Last updated on 2020-02-19 03:49:04 CET.

Flavor Version Tinstall Tcheck Ttotal Status Flags
r-devel-linux-x86_64-debian-clang 0.1.1 10.67 72.11 82.78 OK
r-devel-linux-x86_64-debian-gcc 0.1.1 8.49 57.26 65.75 OK
r-devel-linux-x86_64-fedora-clang 0.1.1 101.26 NOTE
r-devel-linux-x86_64-fedora-gcc 0.1.1 97.94 NOTE
r-devel-windows-ix86+x86_64 0.1.1 18.00 80.00 98.00 OK
r-devel-windows-ix86+x86_64-gcc8 0.1.1 29.00 110.00 139.00 OK
r-patched-linux-x86_64 0.1.1 9.06 62.64 71.70 OK
r-patched-solaris-x86 0.1.1 152.30 NOTE
r-release-linux-x86_64 0.1.1 8.09 62.18 70.27 OK
r-release-windows-ix86+x86_64 0.1.1 17.00 68.00 85.00 OK
r-release-osx-x86_64 0.1.1 NOTE
r-oldrel-windows-ix86+x86_64 0.1.1 8.00 66.00 74.00 OK
r-oldrel-osx-x86_64 0.1.1 NOTE

Check Details

Version: 0.1.1
Check: dependencies in R code
Result: NOTE
    Namespaces in Imports field not imported from:
     ‘Deriv’ ‘compiler’ ‘stringi’
     All declared Imports should be used.
Flavors: r-devel-linux-x86_64-fedora-clang, r-devel-linux-x86_64-fedora-gcc, r-patched-solaris-x86, r-release-osx-x86_64, r-oldrel-osx-x86_64