CRAN Package Check Results for Package nCopula

Last updated on 2019-09-23 09:50:52 CEST.

Flavor Version Tinstall Tcheck Ttotal Status Flags
r-devel-linux-x86_64-debian-clang 0.1.1 7.71 64.03 71.74 OK
r-devel-linux-x86_64-debian-gcc 0.1.1 8.28 52.57 60.85 OK
r-devel-linux-x86_64-fedora-clang 0.1.1 87.89 NOTE
r-devel-linux-x86_64-fedora-gcc 0.1.1 89.88 NOTE
r-devel-windows-ix86+x86_64 0.1.1 24.00 104.00 128.00 OK
r-patched-linux-x86_64 0.1.1 8.46 62.44 70.90 OK
r-patched-solaris-x86 0.1.1 135.40 NOTE
r-release-linux-x86_64 0.1.1 8.73 62.54 71.27 OK
r-release-windows-ix86+x86_64 0.1.1 22.00 96.00 118.00 OK
r-release-osx-x86_64 0.1.1 NOTE
r-oldrel-windows-ix86+x86_64 0.1.1 11.00 61.00 72.00 OK
r-oldrel-osx-x86_64 0.1.1 NOTE

Check Details

Version: 0.1.1
Check: dependencies in R code
Result: NOTE
    Namespaces in Imports field not imported from:
     ‘Deriv’ ‘compiler’ ‘stringi’
     All declared Imports should be used.
Flavors: r-devel-linux-x86_64-fedora-clang, r-devel-linux-x86_64-fedora-gcc, r-patched-solaris-x86, r-release-osx-x86_64, r-oldrel-osx-x86_64