CRAN Package Check Results for Package nFactors

Last updated on 2015-08-03 23:47:58.

Flavor Version Tinstall Tcheck Ttotal Status Flags
r-devel-linux-x86_64-debian-clang 2.3.3 1.20 26.54 27.73 NOTE
r-devel-linux-x86_64-debian-gcc 2.3.3 1.14 26.36 27.49 NOTE
r-devel-linux-x86_64-fedora-clang 2.3.3 55.36 NOTE
r-devel-linux-x86_64-fedora-gcc 2.3.3 55.47 NOTE
r-devel-osx-x86_64-clang 2.3.3 46.42 NOTE
r-devel-windows-ix86+x86_64 2.3.3 5.00 44.00 49.00 NOTE
r-patched-linux-x86_64 2.3.3 1.13 27.58 28.71 NOTE
r-patched-solaris-sparc 2.3.3 343.40 NOTE --no-vignettes
r-patched-solaris-x86 2.3.3 70.20 NOTE
r-release-linux-x86_64 2.3.3 1.13 26.99 28.12 NOTE
r-release-osx-x86_64-mavericks 2.3.3 NOTE
r-release-windows-ix86+x86_64 2.3.3 8.00 74.00 82.00 NOTE
r-oldrel-windows-ix86+x86_64 2.3.3 9.00 75.00 84.00 NOTE

Check Details

Version: 2.3.3
Check: dependencies in R code
Result: NOTE
    Packages in Depends field not imported from:
     ‘MASS’ ‘boot’ ‘lattice’ ‘psych’
     These packages need to be imported from (in the NAMESPACE file)
     for when this namespace is loaded but not attached.
Flavors: r-devel-linux-x86_64-debian-clang, r-devel-linux-x86_64-debian-gcc, r-devel-linux-x86_64-fedora-clang, r-devel-linux-x86_64-fedora-gcc, r-devel-osx-x86_64-clang, r-devel-windows-ix86+x86_64, r-patched-linux-x86_64, r-patched-solaris-x86, r-release-linux-x86_64, r-release-osx-x86_64-mavericks, r-release-windows-ix86+x86_64, r-oldrel-windows-ix86+x86_64

Version: 2.3.3
Check: R code for possible problems
Result: NOTE
    bentlerParameters: no visible global function definition for ‘lm’
    bentlerParameters: no visible global function definition for
     ‘wireframe’
    bentlerParameters: no visible global function definition for
     ‘contourplot’
    bentlerParameters: no visible global function definition for
     ‘levelplot’
    bentlerParameters: no visible global function definition for ‘nlminb’
    bentlerParameters: no visible global function definition for ‘pchisq’
    boxplot.structureSim: no visible global function definition for
     ‘abline’
    corFA: no visible global function definition for ‘ginv’
    eigenBootParallel: no visible global function definition for ‘cov’
    eigenComputes: no visible global function definition for ‘cov2cor’
    eigenComputes: no visible global function definition for ‘cov’
    iterativePrincipalAxis: no visible global function definition for
     ‘ginv’
    moreStats: no visible binding for global variable ‘sd’
    moreStats: no visible global function definition for ‘median’
    nBartlett: no visible global function definition for ‘pchisq’
    nBentler: no visible global function definition for ‘lm’
    nCng: no visible global function definition for ‘lm’
    nMreg: no visible global function definition for ‘lm’
    nMreg: no visible global function definition for ‘sd’
    nMreg: no visible global function definition for ‘pt’
    nScree: no visible global function definition for ‘lm’
    nScree: no visible global function definition for ‘coef’
    nSeScree: no visible global function definition for ‘lm’
    nSeScree: no visible global function definition for ‘sd’
    parallel: no visible global function definition for ‘mvrnorm’
    parallel: no visible global function definition for ‘cov’
    parallel: no visible global function definition for ‘ginv’
    parallel : SEcentile: no visible global function definition for ‘dnorm’
    parallel : SEcentile: no visible global function definition for ‘qnorm’
    plot.structureSim: no visible global function definition for ‘plot’
    plot.structureSim: no visible global function definition for ‘abline’
    plot.structureSim: no visible global function definition for ‘median’
    plot.structureSim: no visible global function definition for ‘lines’
    plotParallel: no visible global function definition for ‘plot.default’
    plotParallel: no visible global function definition for ‘lines’
    plotnScree: no visible global function definition for ‘par’
    plotnScree: no visible global function definition for ‘lm’
    plotnScree: no visible global function definition for ‘coef’
    plotnScree: no visible global function definition for ‘lines’
    plotnScree: no visible global function definition for ‘text’
    plotuScree: no visible global function definition for ‘par’
    plotuScree: no visible global function definition for ‘plot.default’
    principalAxis: no visible global function definition for ‘ginv’
    rRecovery: no visible global function definition for ‘cor’
    structureSim: no visible global function definition for ‘sim.structure’
    structureSim: no visible global function definition for ‘factanal’
    Undefined global functions or variables:
     abline coef contourplot cor cov cov2cor dnorm factanal ginv levelplot
     lines lm median mvrnorm nlminb par pchisq plot plot.default pt qnorm
     sd sim.structure text wireframe
    Consider adding
     importFrom("graphics", "abline", "lines", "par", "plot",
     "plot.default", "text")
     importFrom("stats", "coef", "cor", "cov", "cov2cor", "dnorm",
     "factanal", "lm", "median", "nlminb", "pchisq", "pt",
     "qnorm", "sd")
    to your NAMESPACE.
Flavors: r-devel-linux-x86_64-debian-clang, r-devel-linux-x86_64-debian-gcc, r-devel-linux-x86_64-fedora-clang, r-devel-linux-x86_64-fedora-gcc, r-devel-windows-ix86+x86_64

Version: 2.3.3
Check: R code for possible problems
Result: NOTE
    nMreg: warning in pt(tmreg[i], (length(xa) - 1) + (length(xb) - 1) - 4,
     lower = FALSE, log = TRUE): partial argument match of 'lower' to
     'lower.tail'
    nMreg: warning in pt(tmreg[i], (length(xa) - 1) + (length(xb) - 1) - 4,
     lower = FALSE, log = TRUE): partial argument match of 'log' to
     'log.p'
    bentlerParameters: no visible global function definition for
     ‘wireframe’
    bentlerParameters: no visible global function definition for
     ‘contourplot’
    bentlerParameters: no visible global function definition for
     ‘levelplot’
    corFA: no visible global function definition for ‘ginv’
    iterativePrincipalAxis: no visible global function definition for
     ‘ginv’
    parallel: no visible global function definition for ‘mvrnorm’
    parallel: no visible global function definition for ‘ginv’
    principalAxis: no visible global function definition for ‘ginv’
    structureSim: no visible global function definition for ‘sim.structure’
    Undefined global functions or variables:
     contourplot ginv levelplot mvrnorm sim.structure wireframe
Flavor: r-devel-osx-x86_64-clang

Version: 2.3.3
Check: R code for possible problems
Result: NOTE
    nMreg: warning in pt(tmreg[i], (length(xa) - 1) + (length(xb) - 1) - 4,
     lower = FALSE, log = TRUE): partial argument match of ‘lower’ to
     ‘lower.tail’
    nMreg: warning in pt(tmreg[i], (length(xa) - 1) + (length(xb) - 1) - 4,
     lower = FALSE, log = TRUE): partial argument match of ‘log’ to
     ‘log.p’
    bentlerParameters: no visible global function definition for
     ‘wireframe’
    bentlerParameters: no visible global function definition for
     ‘contourplot’
    bentlerParameters: no visible global function definition for
     ‘levelplot’
    corFA: no visible global function definition for ‘ginv’
    iterativePrincipalAxis: no visible global function definition for
     ‘ginv’
    parallel: no visible global function definition for ‘mvrnorm’
    parallel: no visible global function definition for ‘ginv’
    principalAxis: no visible global function definition for ‘ginv’
    structureSim: no visible global function definition for ‘sim.structure’
Flavors: r-patched-linux-x86_64, r-patched-solaris-x86, r-release-linux-x86_64, r-release-osx-x86_64-mavericks, r-release-windows-ix86+x86_64, r-oldrel-windows-ix86+x86_64

Version: 2.3.3
Flags: --no-vignettes
Check: dependencies in R code
Result: NOTE
    Packages in Depends field not imported from:
     ‘MASS’ ‘boot’ ‘lattice’ ‘psych’
     These packages need to be imported from (in the NAMESPACE file)
     for when this namespace is loaded but not attached.
Flavor: r-patched-solaris-sparc

Version: 2.3.3
Flags: --no-vignettes
Check: R code for possible problems
Result: NOTE
    nMreg: warning in pt(tmreg[i], (length(xa) - 1) + (length(xb) - 1) - 4,
     lower = FALSE, log = TRUE): partial argument match of 'lower' to
     'lower.tail'
    nMreg: warning in pt(tmreg[i], (length(xa) - 1) + (length(xb) - 1) - 4,
     lower = FALSE, log = TRUE): partial argument match of 'log' to
     'log.p'
    bentlerParameters: no visible global function definition for
     ‘wireframe’
    bentlerParameters: no visible global function definition for
     ‘contourplot’
    bentlerParameters: no visible global function definition for
     ‘levelplot’
    corFA: no visible global function definition for ‘ginv’
    iterativePrincipalAxis: no visible global function definition for
     ‘ginv’
    parallel: no visible global function definition for ‘mvrnorm’
    parallel: no visible global function definition for ‘ginv’
    principalAxis: no visible global function definition for ‘ginv’
    structureSim: no visible global function definition for ‘sim.structure’
Flavor: r-patched-solaris-sparc