CRAN Package Check Results for Package nFactors

Last updated on 2014-12-21 21:47:26.

Flavor Version Tinstall Tcheck Ttotal Status Flags
r-devel-linux-x86_64-debian-clang 2.3.3 1.19 28.34 29.53 NOTE
r-devel-linux-x86_64-debian-gcc 2.3.3 1.18 27.09 28.27 NOTE
r-devel-linux-x86_64-fedora-clang 2.3.3 60.75 NOTE
r-devel-linux-x86_64-fedora-gcc 2.3.3 55.56 NOTE
r-devel-osx-x86_64-clang 2.3.3 53.72 NOTE
r-devel-windows-ix86+x86_64 2.3.3 5.00 44.00 49.00 NOTE
r-patched-linux-x86_64 2.3.3 1.23 29.15 30.38 NOTE
r-patched-solaris-sparc 2.3.3 338.10 NOTE --no-vignettes
r-patched-solaris-x86 2.3.3 71.80 NOTE
r-release-linux-ix86 2.3.3 1.65 34.98 36.63 NOTE
r-release-linux-x86_64 2.3.3 1.22 28.97 30.20 NOTE
r-release-osx-x86_64-mavericks 2.3.3 NOTE
r-release-windows-ix86+x86_64 2.3.3 6.00 44.00 50.00 NOTE
r-oldrel-windows-ix86+x86_64 2.3.3 6.00 41.00 47.00 NOTE

Check Details

Version: 2.3.3
Check: dependencies in R code
Result: NOTE
    Packages in Depends field not imported from:
     ‘MASS’ ‘boot’ ‘lattice’ ‘psych’
     These packages need to be imported from (in the NAMESPACE file)
     for when this namespace is loaded but not attached.
    See the information on DESCRIPTION files in the chapter ‘Creating R
    packages’ of the ‘Writing R Extensions’ manual.
Flavors: r-devel-linux-x86_64-debian-clang, r-devel-linux-x86_64-debian-gcc, r-devel-linux-x86_64-fedora-clang, r-devel-linux-x86_64-fedora-gcc, r-devel-osx-x86_64-clang, r-devel-windows-ix86+x86_64, r-patched-linux-x86_64, r-patched-solaris-x86, r-release-linux-ix86, r-release-linux-x86_64, r-release-osx-x86_64-mavericks, r-release-windows-ix86+x86_64, r-oldrel-windows-ix86+x86_64

Version: 2.3.3
Check: R code for possible problems
Result: NOTE
    nMreg: warning in pt(tmreg[i], (length(xa) - 1) + (length(xb) - 1) - 4,
     lower = FALSE, log = TRUE): partial argument match of ‘lower’ to
     ‘lower.tail’
    nMreg: warning in pt(tmreg[i], (length(xa) - 1) + (length(xb) - 1) - 4,
     lower = FALSE, log = TRUE): partial argument match of ‘log’ to
     ‘log.p’
    bentlerParameters: no visible global function definition for
     ‘wireframe’
    bentlerParameters: no visible global function definition for
     ‘contourplot’
    bentlerParameters: no visible global function definition for
     ‘levelplot’
    corFA: no visible global function definition for ‘ginv’
    iterativePrincipalAxis: no visible global function definition for
     ‘ginv’
    parallel: no visible global function definition for ‘mvrnorm’
    parallel: no visible global function definition for ‘ginv’
    principalAxis: no visible global function definition for ‘ginv’
    structureSim: no visible global function definition for ‘sim.structure’
Flavors: r-devel-linux-x86_64-debian-clang, r-devel-linux-x86_64-debian-gcc, r-devel-linux-x86_64-fedora-clang, r-devel-linux-x86_64-fedora-gcc, r-devel-osx-x86_64-clang, r-devel-windows-ix86+x86_64, r-patched-linux-x86_64, r-patched-solaris-x86, r-release-linux-ix86, r-release-linux-x86_64, r-release-windows-ix86+x86_64

Version: 2.3.3
Flags: --no-vignettes
Check: dependencies in R code
Result: NOTE
    Packages in Depends field not imported from:
     ‘MASS’ ‘boot’ ‘lattice’ ‘psych’
     These packages need to be imported from (in the NAMESPACE file)
     for when this namespace is loaded but not attached.
    See the information on DESCRIPTION files in the chapter ‘Creating R
    packages’ of the ‘Writing R Extensions’ manual.
Flavor: r-patched-solaris-sparc

Version: 2.3.3
Flags: --no-vignettes
Check: R code for possible problems
Result: NOTE
    nMreg: warning in pt(tmreg[i], (length(xa) - 1) + (length(xb) - 1) - 4,
     lower = FALSE, log = TRUE): partial argument match of 'lower' to
     'lower.tail'
    nMreg: warning in pt(tmreg[i], (length(xa) - 1) + (length(xb) - 1) - 4,
     lower = FALSE, log = TRUE): partial argument match of 'log' to
     'log.p'
    bentlerParameters: no visible global function definition for
     ‘wireframe’
    bentlerParameters: no visible global function definition for
     ‘contourplot’
    bentlerParameters: no visible global function definition for
     ‘levelplot’
    corFA: no visible global function definition for ‘ginv’
    iterativePrincipalAxis: no visible global function definition for
     ‘ginv’
    parallel: no visible global function definition for ‘mvrnorm’
    parallel: no visible global function definition for ‘ginv’
    principalAxis: no visible global function definition for ‘ginv’
    structureSim: no visible global function definition for ‘sim.structure’
Flavor: r-patched-solaris-sparc

Version: 2.3.3
Check: R code for possible problems
Result: NOTE
    nMreg: warning in pt(tmreg[i], (length(xa) - 1) + (length(xb) - 1) - 4,
     lower = FALSE, log = TRUE): partial argument match of 'lower' to
     'lower.tail'
    nMreg: warning in pt(tmreg[i], (length(xa) - 1) + (length(xb) - 1) - 4,
     lower = FALSE, log = TRUE): partial argument match of 'log' to
     'log.p'
Flavors: r-release-osx-x86_64-mavericks, r-oldrel-windows-ix86+x86_64