CRAN Package Check Results for Package nFactors

Last updated on 2014-07-24 22:48:40.

Flavor Version Tinstall Tcheck Ttotal Status Flags
r-devel-linux-x86_64-debian-clang 2.3.3 1.20 25.89 27.09 NOTE
r-devel-linux-x86_64-debian-gcc 2.3.3 1.18 25.51 26.69 NOTE
r-devel-linux-x86_64-fedora-clang 2.3.3 67.02 NOTE
r-devel-linux-x86_64-fedora-gcc 2.3.3 64.08 NOTE
r-devel-osx-x86_64-clang 2.3.3 49.16 NOTE
r-devel-windows-ix86+x86_64 2.3.3 5.00 45.00 50.00 NOTE
r-patched-linux-x86_64 2.3.3 1.18 26.24 27.41 NOTE
r-patched-solaris-sparc 2.3.3 316.80 NOTE --no-vignettes
r-patched-solaris-x86 2.3.3 80.20 NOTE
r-release-linux-ix86 2.3.3 1.71 35.53 37.24 NOTE
r-release-linux-x86_64 2.3.3 1.23 27.00 28.23 NOTE
r-release-osx-x86_64-mavericks 2.3.3 NOTE
r-release-windows-ix86+x86_64 2.3.3 5.00 47.00 52.00 NOTE
r-oldrel-windows-ix86+x86_64 2.3.3 6.00 42.00 48.00 NOTE

Check Details

Version: 2.3.3
Check: dependencies in R code
Result: NOTE
    Packages in Depends field not imported from:
     ‘MASS’ ‘boot’ ‘lattice’ ‘psych’
     These packages need to be imported from (in the NAMESPACE file)
     for when this namespace is loaded but not attached.
    See the information on DESCRIPTION files in the chapter ‘Creating R
    packages’ of the ‘Writing R Extensions’ manual.
Flavors: r-devel-linux-x86_64-debian-clang, r-devel-linux-x86_64-debian-gcc, r-devel-linux-x86_64-fedora-clang, r-devel-linux-x86_64-fedora-gcc, r-devel-osx-x86_64-clang, r-devel-windows-ix86+x86_64, r-patched-linux-x86_64, r-patched-solaris-x86, r-release-linux-ix86, r-release-linux-x86_64, r-release-osx-x86_64-mavericks, r-release-windows-ix86+x86_64, r-oldrel-windows-ix86+x86_64

Version: 2.3.3
Check: R code for possible problems
Result: NOTE
    nMreg: warning in pt(tmreg[i], (length(xa) - 1) + (length(xb) - 1) - 4,
     lower = FALSE, log = TRUE): partial argument match of 'lower' to
     'lower.tail'
    nMreg: warning in pt(tmreg[i], (length(xa) - 1) + (length(xb) - 1) - 4,
     lower = FALSE, log = TRUE): partial argument match of 'log' to
     'log.p'
Flavors: r-devel-linux-x86_64-debian-clang, r-devel-linux-x86_64-debian-gcc, r-devel-linux-x86_64-fedora-clang, r-devel-linux-x86_64-fedora-gcc, r-devel-osx-x86_64-clang, r-devel-windows-ix86+x86_64, r-patched-linux-x86_64, r-patched-solaris-x86, r-release-linux-ix86, r-release-linux-x86_64, r-release-osx-x86_64-mavericks, r-release-windows-ix86+x86_64, r-oldrel-windows-ix86+x86_64

Version: 2.3.3
Flags: --no-vignettes
Check: dependencies in R code
Result: NOTE
    Packages in Depends field not imported from:
     ‘MASS’ ‘boot’ ‘lattice’ ‘psych’
     These packages need to be imported from (in the NAMESPACE file)
     for when this namespace is loaded but not attached.
    See the information on DESCRIPTION files in the chapter ‘Creating R
    packages’ of the ‘Writing R Extensions’ manual.
Flavor: r-patched-solaris-sparc

Version: 2.3.3
Flags: --no-vignettes
Check: R code for possible problems
Result: NOTE
    nMreg: warning in pt(tmreg[i], (length(xa) - 1) + (length(xb) - 1) - 4,
     lower = FALSE, log = TRUE): partial argument match of 'lower' to
     'lower.tail'
    nMreg: warning in pt(tmreg[i], (length(xa) - 1) + (length(xb) - 1) - 4,
     lower = FALSE, log = TRUE): partial argument match of 'log' to
     'log.p'
Flavor: r-patched-solaris-sparc