CRAN Package Check Results for Package nLTT

Last updated on 2019-03-21 17:49:41 CET.

Flavor Version Tinstall Tcheck Ttotal Status Flags
r-devel-linux-x86_64-debian-clang 1.4 2.30 299.20 301.50 ERROR
r-devel-linux-x86_64-debian-gcc 1.4 2.06 213.09 215.15 ERROR
r-devel-linux-x86_64-fedora-clang 1.4 351.04 ERROR
r-devel-linux-x86_64-fedora-gcc 1.4 342.37 ERROR
r-devel-windows-ix86+x86_64 1.4 9.00 370.00 379.00 ERROR
r-patched-linux-x86_64 1.4 1.74 279.02 280.76 OK
r-patched-solaris-x86 1.4 242.90 WARN
r-release-linux-x86_64 1.4 1.77 274.37 276.14 OK
r-release-windows-ix86+x86_64 1.4 6.00 253.00 259.00 OK
r-release-osx-x86_64 1.4 WARN
r-oldrel-windows-ix86+x86_64 1.4 4.00 427.00 431.00 OK
r-oldrel-osx-x86_64 1.4 WARN

Check Details

Version: 1.4
Check: tests
Result: ERROR
     Running 'testthat.R' [126s/136s]
    Running the tests in 'tests/testthat.R' failed.
    Complete output:
     > library(testthat)
     > library(nLTT) # nolint keep package name non-all-lowercase, due to backwards compatibility
     >
     > test_check("nLTT")
     [1] "/home/hornik"
    
     Generating Particles for iteration 1
     0--------25--------50--------75--------100
     *****************************************
     Generating Particles for iteration 2
     0--------25--------50--------75--------100
     *****************************************
     Generating Particles for iteration 3
     0--------25--------50--------75--------100
     *****************************************
     Generating Particles for iteration 4
     0--------25--------50--------75--------100
     *****************************************
     Generating Particles for iteration 5
     0--------25--------50--------75--------100
     *****************************************
     Generating Particles for iteration 6
     0--------25--------50--------75--------100
     *****************************************
     Generating Particles for iteration 7
     0--------25--------50--------75--------100
     *[1] "/home/hornik"
    
     Generating Chain
     0--------25--------50--------75--------100
     *********************************************
     Finished MCMC.
    
     Generating Chain
     0--------25--------50--------75--------100
     *********************************************
     Finished MCMC.
    
     Generating Chain
     0--------25--------50--------75--------100
     *********************************************
     Finished MCMC.
    
     Generating Chain
     0--------25--------50--------75--------100
     *-- 1. Failure: abs nLTTstat on known tree (@test-nLTTstat.R#27) ---------------
     0.1380347 not equal to nLTTstat(tree1 = p, tree2 = q, distance_method = "abs").
     1/1 mismatches
     [1] 0.138 - 0.105 == 0.0333
    
     -- 2. Failure: squ nLTTstat on known tree (@test-nLTTstat.R#39) ---------------
     0.02407742 not equal to nLTTstat(tree1 = p, tree2 = q, distance_method = "squ").
     1/1 mismatches
     [1] 0.0241 - 0.0165 == 0.00753
    
     -- 3. Failure: nLTTstat_exact use (@test-nLTTstat_exact.R#18) -----------------
     0.1108467 not equal to nLTTstat_exact(tree1 = p, tree2 = q, distance_method = "abs").
     1/1 mismatches
     [1] 0.111 - 0.063 == 0.0478
    
     == testthat results ===========================================================
     OK: 177 SKIPPED: 1 FAILED: 3
     1. Failure: abs nLTTstat on known tree (@test-nLTTstat.R#27)
     2. Failure: squ nLTTstat on known tree (@test-nLTTstat.R#39)
     3. Failure: nLTTstat_exact use (@test-nLTTstat_exact.R#18)
    
     Error: testthat unit tests failed
     Execution halted
Flavor: r-devel-linux-x86_64-debian-clang

Version: 1.4
Check: tests
Result: ERROR
     Running ‘testthat.R’ [90s/126s]
    Running the tests in ‘tests/testthat.R’ failed.
    Complete output:
     > library(testthat)
     > library(nLTT) # nolint keep package name non-all-lowercase, due to backwards compatibility
     >
     > test_check("nLTT")
     [1] "/home/hornik"
    
     Generating Particles for iteration 1
     0--------25--------50--------75--------100
     *****************************************
     Generating Particles for iteration 2
     0--------25--------50--------75--------100
     *****************************************
     Generating Particles for iteration 3
     0--------25--------50--------75--------100
     *****************************************
     Generating Particles for iteration 4
     0--------25--------50--------75--------100
     *****************************************
     Generating Particles for iteration 5
     0--------25--------50--------75--------100
     *****************************************
     Generating Particles for iteration 6
     0--------25--------50--------75--------100
     *****************************************
     Generating Particles for iteration 7
     0--------25--------50--------75--------100
     *[1] "/home/hornik"
    
     Generating Chain
     0--------25--------50--------75--------100
     *********************************************
     Finished MCMC.
    
     Generating Chain
     0--------25--------50--------75--------100
     *********************************************
     Finished MCMC.
    
     Generating Chain
     0--------25--------50--------75--------100
     *********************************************
     Finished MCMC.
    
     Generating Chain
     0--------25--------50--------75--------100
     *── 1. Failure: abs nLTTstat on known tree (@test-nLTTstat.R#27) ───────────────
     0.1380347 not equal to nLTTstat(tree1 = p, tree2 = q, distance_method = "abs").
     1/1 mismatches
     [1] 0.138 - 0.105 == 0.0333
    
     ── 2. Failure: squ nLTTstat on known tree (@test-nLTTstat.R#39) ───────────────
     0.02407742 not equal to nLTTstat(tree1 = p, tree2 = q, distance_method = "squ").
     1/1 mismatches
     [1] 0.0241 - 0.0165 == 0.00753
    
     ── 3. Failure: nLTTstat_exact use (@test-nLTTstat_exact.R#18) ─────────────────
     0.1108467 not equal to nLTTstat_exact(tree1 = p, tree2 = q, distance_method = "abs").
     1/1 mismatches
     [1] 0.111 - 0.063 == 0.0478
    
     ══ testthat results ═══════════════════════════════════════════════════════════
     OK: 177 SKIPPED: 1 FAILED: 3
     1. Failure: abs nLTTstat on known tree (@test-nLTTstat.R#27)
     2. Failure: squ nLTTstat on known tree (@test-nLTTstat.R#39)
     3. Failure: nLTTstat_exact use (@test-nLTTstat_exact.R#18)
    
     Error: testthat unit tests failed
     Execution halted
Flavor: r-devel-linux-x86_64-debian-gcc

Version: 1.4
Check: dependencies in R code
Result: NOTE
    Namespace in Imports field not imported from: ‘deSolve’
     All declared Imports should be used.
Flavors: r-devel-linux-x86_64-fedora-clang, r-devel-linux-x86_64-fedora-gcc, r-patched-solaris-x86, r-release-osx-x86_64, r-oldrel-osx-x86_64

Version: 1.4
Check: tests
Result: ERROR
     Running ‘testthat.R’ [146s/168s]
    Running the tests in ‘tests/testthat.R’ failed.
    Complete output:
     > library(testthat)
     > library(nLTT) # nolint keep package name non-all-lowercase, due to backwards compatibility
     >
     > test_check("nLTT")
     [1] "/data/gannet/ripley"
    
     Generating Particles for iteration 1
     0--------25--------50--------75--------100
     *****************************************
     Generating Particles for iteration 2
     0--------25--------50--------75--------100
     *****************************************
     Generating Particles for iteration 3
     0--------25--------50--------75--------100
     *****************************************
     Generating Particles for iteration 4
     0--------25--------50--------75--------100
     *****************************************
     Generating Particles for iteration 5
     0--------25--------50--------75--------100
     *****************************************
     Generating Particles for iteration 6
     0--------25--------50--------75--------100
     *****************************************
     Generating Particles for iteration 7
     0--------25--------50--------75--------100
     *[1] "/data/gannet/ripley"
    
     Generating Chain
     0--------25--------50--------75--------100
     *********************************************
     Finished MCMC.
    
     Generating Chain
     0--------25--------50--------75--------100
     *********************************************
     Finished MCMC.
    
     Generating Chain
     0--------25--------50--------75--------100
     *********************************************
     Finished MCMC.
    
     Generating Chain
     0--------25--------50--------75--------100
     *── 1. Failure: abs nLTTstat on known tree (@test-nLTTstat.R#27) ───────────────
     0.1380347 not equal to nLTTstat(tree1 = p, tree2 = q, distance_method = "abs").
     1/1 mismatches
     [1] 0.138 - 0.105 == 0.0333
    
     ── 2. Failure: squ nLTTstat on known tree (@test-nLTTstat.R#39) ───────────────
     0.02407742 not equal to nLTTstat(tree1 = p, tree2 = q, distance_method = "squ").
     1/1 mismatches
     [1] 0.0241 - 0.0165 == 0.00753
    
     ── 3. Failure: nLTTstat_exact use (@test-nLTTstat_exact.R#18) ─────────────────
     0.1108467 not equal to nLTTstat_exact(tree1 = p, tree2 = q, distance_method = "abs").
     1/1 mismatches
     [1] 0.111 - 0.063 == 0.0478
    
     ══ testthat results ═══════════════════════════════════════════════════════════
     OK: 177 SKIPPED: 1 FAILED: 3
     1. Failure: abs nLTTstat on known tree (@test-nLTTstat.R#27)
     2. Failure: squ nLTTstat on known tree (@test-nLTTstat.R#39)
     3. Failure: nLTTstat_exact use (@test-nLTTstat_exact.R#18)
    
     Error: testthat unit tests failed
     Execution halted
Flavor: r-devel-linux-x86_64-fedora-clang

Version: 1.4
Check: tests
Result: ERROR
     Running ‘testthat.R’ [143s/358s]
    Running the tests in ‘tests/testthat.R’ failed.
    Complete output:
     > library(testthat)
     > library(nLTT) # nolint keep package name non-all-lowercase, due to backwards compatibility
     >
     > test_check("nLTT")
     [1] "/data/gannet/ripley"
    
     Generating Particles for iteration 1
     0--------25--------50--------75--------100
     *****************************************
     Generating Particles for iteration 2
     0--------25--------50--------75--------100
     *****************************************
     Generating Particles for iteration 3
     0--------25--------50--------75--------100
     *****************************************
     Generating Particles for iteration 4
     0--------25--------50--------75--------100
     *****************************************
     Generating Particles for iteration 5
     0--------25--------50--------75--------100
     *****************************************
     Generating Particles for iteration 6
     0--------25--------50--------75--------100
     *****************************************
     Generating Particles for iteration 7
     0--------25--------50--------75--------100
     *[1] "/data/gannet/ripley"
    
     Generating Chain
     0--------25--------50--------75--------100
     *********************************************
     Finished MCMC.
    
     Generating Chain
     0--------25--------50--------75--------100
     *********************************************
     Finished MCMC.
    
     Generating Chain
     0--------25--------50--------75--------100
     *********************************************
     Finished MCMC.
    
     Generating Chain
     0--------25--------50--------75--------100
     *── 1. Failure: abs nLTTstat on known tree (@test-nLTTstat.R#27) ───────────────
     0.1380347 not equal to nLTTstat(tree1 = p, tree2 = q, distance_method = "abs").
     1/1 mismatches
     [1] 0.138 - 0.105 == 0.0333
    
     ── 2. Failure: squ nLTTstat on known tree (@test-nLTTstat.R#39) ───────────────
     0.02407742 not equal to nLTTstat(tree1 = p, tree2 = q, distance_method = "squ").
     1/1 mismatches
     [1] 0.0241 - 0.0165 == 0.00753
    
     ── 3. Failure: nLTTstat_exact use (@test-nLTTstat_exact.R#18) ─────────────────
     0.1108467 not equal to nLTTstat_exact(tree1 = p, tree2 = q, distance_method = "abs").
     1/1 mismatches
     [1] 0.111 - 0.063 == 0.0478
    
     ══ testthat results ═══════════════════════════════════════════════════════════
     OK: 177 SKIPPED: 1 FAILED: 3
     1. Failure: abs nLTTstat on known tree (@test-nLTTstat.R#27)
     2. Failure: squ nLTTstat on known tree (@test-nLTTstat.R#39)
     3. Failure: nLTTstat_exact use (@test-nLTTstat_exact.R#18)
    
     Error: testthat unit tests failed
     Execution halted
Flavor: r-devel-linux-x86_64-fedora-gcc

Version: 1.4
Check: tests
Result: ERROR
     Running 'testthat.R' [145s]
    Running the tests in 'tests/testthat.R' failed.
    Complete output:
     > library(testthat)
     > library(nLTT) # nolint keep package name non-all-lowercase, due to backwards compatibility
     >
     > test_check("nLTT")
     [1] "C:\\Users\\CRAN\\Documents"
    
     Generating Particles for iteration 1
     0--------25--------50--------75--------100
     *****************************************
     Generating Particles for iteration 2
     0--------25--------50--------75--------100
     *****************************************
     Generating Particles for iteration 3
     0--------25--------50--------75--------100
     *****************************************
     Generating Particles for iteration 4
     0--------25--------50--------75--------100
     *****************************************
     Generating Particles for iteration 5
     0--------25--------50--------75--------100
     *****************************************
     Generating Particles for iteration 6
     0--------25--------50--------75--------100
     *****************************************
     Generating Particles for iteration 7
     0--------25--------50--------75--------100
     *[1] "C:\\Users\\CRAN\\Documents"
    
     Generating Chain
     0--------25--------50--------75--------100
     *********************************************
     Finished MCMC.
    
     Generating Chain
     0--------25--------50--------75--------100
     *********************************************
     Finished MCMC.
    
     Generating Chain
     0--------25--------50--------75--------100
     *********************************************
     Finished MCMC.
    
     Generating Chain
     0--------25--------50--------75--------100
     *-- 1. Failure: abs nLTTstat on known tree (@test-nLTTstat.R#27) ---------------
     0.1380347 not equal to nLTTstat(tree1 = p, tree2 = q, distance_method = "abs").
     1/1 mismatches
     [1] 0.138 - 0.105 == 0.0333
    
     -- 2. Failure: squ nLTTstat on known tree (@test-nLTTstat.R#39) ---------------
     0.02407742 not equal to nLTTstat(tree1 = p, tree2 = q, distance_method = "squ").
     1/1 mismatches
     [1] 0.0241 - 0.0165 == 0.00753
    
     -- 3. Failure: nLTTstat_exact use (@test-nLTTstat_exact.R#18) -----------------
     0.1108467 not equal to nLTTstat_exact(tree1 = p, tree2 = q, distance_method = "abs").
     1/1 mismatches
     [1] 0.111 - 0.063 == 0.0478
    
     == testthat results ===========================================================
     OK: 177 SKIPPED: 1 FAILED: 3
     1. Failure: abs nLTTstat on known tree (@test-nLTTstat.R#27)
     2. Failure: squ nLTTstat on known tree (@test-nLTTstat.R#39)
     3. Failure: nLTTstat_exact use (@test-nLTTstat_exact.R#18)
    
     Error: testthat unit tests failed
     Execution halted
Flavor: r-devel-windows-ix86+x86_64

Version: 1.4
Check: re-building of vignette outputs
Result: WARN
    Error in re-building vignettes:
     ...
    Warning in engine$weave(file, quiet = quiet, encoding = enc) :
     Pandoc (>= 1.12.3) and/or pandoc-citeproc not available. Falling back to R Markdown v1.
    Warning in engine$weave(file, quiet = quiet, encoding = enc) :
     Pandoc (>= 1.12.3) and/or pandoc-citeproc not available. Falling back to R Markdown v1.
    Warning in engine$weave(file, quiet = quiet, encoding = enc) :
     Pandoc (>= 1.12.3) and/or pandoc-citeproc not available. Falling back to R Markdown v1.
    Warning in engine$weave(file, quiet = quiet, encoding = enc) :
     Pandoc (>= 1.12.3) and/or pandoc-citeproc not available. Falling back to R Markdown v1.
    Warning in engine$weave(file, quiet = quiet, encoding = enc) :
     Pandoc (>= 1.12.3) and/or pandoc-citeproc not available. Falling back to R Markdown v1.
    Error: processing vignette 'walkthrough.Rmd' failed with diagnostics:
    (converted from warning) Pandoc (>= 1.12.3) and/or pandoc-citeproc not available. Falling back to R Markdown v1.
    Execution halted
Flavors: r-patched-solaris-x86, r-release-osx-x86_64, r-oldrel-osx-x86_64