CRAN Package Check Results for Package nacopula

Last updated on 2014-04-21 17:47:56.

Flavor Version Tinstall Tcheck Ttotal Status Flags
r-devel-linux-x86_64-debian-clang 0.8-1 4.12 31.37 35.49 NOTE
r-devel-linux-x86_64-debian-gcc 0.8-1 4.03 31.18 35.21 NOTE
r-devel-linux-x86_64-fedora-clang 0.8-1 84.37 NOTE
r-devel-linux-x86_64-fedora-gcc 0.8-1 80.12 NOTE
r-devel-osx-x86_64-clang 0.8-1 67.64 NOTE
r-devel-osx-x86_64-gcc 0.8-1 NOTE
r-devel-windows-ix86+x86_64 0.8-1 12.00 41.00 53.00 NOTE
r-patched-linux-x86_64 0.8-1 3.98 32.05 36.03 NOTE
r-patched-solaris-sparc 0.8-1 442.50 NOTE
r-patched-solaris-x86 0.8-1 108.80 NOTE
r-release-linux-x86_64 0.8-1 4.04 31.02 35.06 NOTE
r-release-osx-x86_64-mavericks 0.8-1 ERROR
r-release-osx-x86_64-snowleopard 0.8-1 NOTE
r-release-windows-ix86+x86_64 0.8-1 14.00 43.00 57.00 NOTE
r-oldrel-windows-ix86+x86_64 0.8-1 10.00 40.00 50.00 NOTE

Check Details

Version: 0.8-1
Check: DESCRIPTION meta-information
Result: NOTE
    Package listed in more than one of Depends, Imports, Suggests, Enhances:
     ‘copula’
    A package should be listed in only one of these fields.
Flavors: r-devel-linux-x86_64-debian-clang, r-devel-linux-x86_64-debian-gcc, r-devel-linux-x86_64-fedora-clang, r-devel-linux-x86_64-fedora-gcc, r-devel-osx-x86_64-clang, r-devel-osx-x86_64-gcc, r-devel-windows-ix86+x86_64, r-patched-linux-x86_64, r-patched-solaris-sparc, r-patched-solaris-x86, r-release-linux-x86_64, r-release-osx-x86_64-snowleopard, r-release-windows-ix86+x86_64, r-oldrel-windows-ix86+x86_64

Version: 0.8-1
Check: package dependencies
Result: ERROR
    Package required but not available: ‘copula’
    
    See the information on DESCRIPTION files in the chapter ‘Creating R
    packages’ of the ‘Writing R Extensions’ manual.
Flavor: r-release-osx-x86_64-mavericks