CRAN Package Check Results for Package nacopula

Last updated on 2014-07-22 19:47:54.

Flavor Version Tinstall Tcheck Ttotal Status Flags
r-devel-linux-x86_64-debian-clang 0.8-1 3.90 30.55 34.46 NOTE
r-devel-linux-x86_64-debian-gcc 0.8-1 3.79 30.81 34.60 NOTE
r-devel-linux-x86_64-fedora-clang 0.8-1 86.07 NOTE
r-devel-linux-x86_64-fedora-gcc 0.8-1 80.67 NOTE
r-devel-osx-x86_64-clang 0.8-1 64.61 NOTE
r-devel-windows-ix86+x86_64 0.8-1 11.00 45.00 56.00 NOTE
r-patched-linux-x86_64 0.8-1 3.97 30.42 34.39 NOTE
r-patched-solaris-sparc 0.8-1 442.50 NOTE
r-patched-solaris-x86 0.8-1 110.40 NOTE
r-release-linux-ix86 0.8-1 4.61 37.76 42.37 NOTE
r-release-linux-x86_64 0.8-1 3.94 31.66 35.59 NOTE
r-release-osx-x86_64-mavericks 0.8-1 ERROR
r-release-osx-x86_64-snowleopard 0.8-1 NOTE
r-release-windows-ix86+x86_64 0.8-1 10.00 45.00 55.00 NOTE
r-oldrel-windows-ix86+x86_64 0.8-1 10.00 41.00 51.00 NOTE

Check Details

Version: 0.8-1
Check: DESCRIPTION meta-information
Result: NOTE
    Package listed in more than one of Depends, Imports, Suggests, Enhances:
     ‘copula’
    A package should be listed in only one of these fields.
Flavors: r-devel-linux-x86_64-debian-clang, r-devel-linux-x86_64-debian-gcc, r-devel-linux-x86_64-fedora-clang, r-devel-linux-x86_64-fedora-gcc, r-devel-osx-x86_64-clang, r-devel-windows-ix86+x86_64, r-patched-linux-x86_64, r-patched-solaris-sparc, r-patched-solaris-x86, r-release-linux-ix86, r-release-linux-x86_64, r-release-osx-x86_64-snowleopard, r-release-windows-ix86+x86_64, r-oldrel-windows-ix86+x86_64

Version: 0.8-1
Check: package dependencies
Result: ERROR
    Package required but not available: ‘copula’
    
    See the information on DESCRIPTION files in the chapter ‘Creating R
    packages’ of the ‘Writing R Extensions’ manual.
Flavor: r-release-osx-x86_64-mavericks