CRAN Package Check Results for Package nacopula

Last updated on 2014-11-27 23:48:44.

Flavor Version Tinstall Tcheck Ttotal Status Flags
r-devel-linux-x86_64-debian-clang 0.8-1 3.72 31.17 34.90 NOTE
r-devel-linux-x86_64-debian-gcc 0.8-1 3.63 29.81 33.44 NOTE
r-devel-linux-x86_64-fedora-clang 0.8-1 85.38 NOTE
r-devel-linux-x86_64-fedora-gcc 0.8-1 88.72 NOTE
r-devel-osx-x86_64-clang 0.8-1 66.03 NOTE
r-devel-windows-ix86+x86_64 0.8-1 9.00 40.00 49.00 NOTE
r-patched-linux-x86_64 0.8-1 3.99 31.15 35.14 NOTE
r-patched-solaris-sparc 0.8-1 419.50 NOTE
r-patched-solaris-x86 0.8-1 111.00 NOTE
r-release-linux-ix86 0.8-1 4.48 36.89 41.38 NOTE
r-release-linux-x86_64 0.8-1 3.94 30.54 34.47 NOTE
r-release-osx-x86_64-mavericks 0.8-1 ERROR
r-release-osx-x86_64-snowleopard 0.8-1 NOTE
r-release-windows-ix86+x86_64 0.8-1 11.00 45.00 56.00 NOTE
r-oldrel-windows-ix86+x86_64 0.8-1 10.00 42.00 52.00 NOTE

Check Details

Version: 0.8-1
Check: DESCRIPTION meta-information
Result: NOTE
    Package listed in more than one of Depends, Imports, Suggests, Enhances:
     ‘copula’
    A package should be listed in only one of these fields.
Flavors: r-devel-linux-x86_64-debian-clang, r-devel-linux-x86_64-debian-gcc, r-devel-linux-x86_64-fedora-clang, r-devel-linux-x86_64-fedora-gcc, r-devel-osx-x86_64-clang, r-devel-windows-ix86+x86_64, r-patched-linux-x86_64, r-patched-solaris-sparc, r-patched-solaris-x86, r-release-linux-ix86, r-release-linux-x86_64, r-release-osx-x86_64-snowleopard, r-release-windows-ix86+x86_64, r-oldrel-windows-ix86+x86_64

Version: 0.8-1
Check: package dependencies
Result: ERROR
    Package required but not available: ‘copula’
    
    See the information on DESCRIPTION files in the chapter ‘Creating R
    packages’ of the ‘Writing R Extensions’ manual.
Flavor: r-release-osx-x86_64-mavericks