CRAN Package Check Results for Package nacopula

Last updated on 2014-09-20 08:51:48.

Flavor Version Tinstall Tcheck Ttotal Status Flags
r-devel-linux-x86_64-debian-clang 0.8-1 3.69 30.92 34.62 NOTE
r-devel-linux-x86_64-debian-gcc 0.8-1 4.73 28.80 33.53 NOTE
r-devel-linux-x86_64-fedora-clang 0.8-1 83.01 NOTE
r-devel-linux-x86_64-fedora-gcc 0.8-1 76.22 NOTE
r-devel-osx-x86_64-clang 0.8-1 64.06 NOTE
r-devel-windows-ix86+x86_64 0.8-1 11.00 39.00 50.00 NOTE
r-patched-linux-x86_64 0.8-1 4.16 31.22 35.37 NOTE
r-patched-solaris-sparc 0.8-1 450.00 NOTE
r-patched-solaris-x86 0.8-1 110.50 NOTE
r-release-linux-ix86 0.8-1 4.68 38.55 43.22 NOTE
r-release-linux-x86_64 0.8-1 4.28 31.07 35.35 NOTE
r-release-osx-x86_64-mavericks 0.8-1 ERROR
r-release-osx-x86_64-snowleopard 0.8-1 NOTE
r-release-windows-ix86+x86_64 0.8-1 10.00 43.00 53.00 NOTE
r-oldrel-windows-ix86+x86_64 0.8-1 11.00 43.00 54.00 NOTE

Check Details

Version: 0.8-1
Check: DESCRIPTION meta-information
Result: NOTE
    Package listed in more than one of Depends, Imports, Suggests, Enhances:
     ‘copula’
    A package should be listed in only one of these fields.
Flavors: r-devel-linux-x86_64-debian-clang, r-devel-linux-x86_64-debian-gcc, r-devel-linux-x86_64-fedora-clang, r-devel-linux-x86_64-fedora-gcc, r-devel-osx-x86_64-clang, r-devel-windows-ix86+x86_64, r-patched-linux-x86_64, r-patched-solaris-sparc, r-patched-solaris-x86, r-release-linux-ix86, r-release-linux-x86_64, r-release-osx-x86_64-snowleopard, r-release-windows-ix86+x86_64, r-oldrel-windows-ix86+x86_64

Version: 0.8-1
Check: R code for possible problems
Result: NOTE
    Warning in fun(libname, pkgname) :
     The package 'nacopula' has been merged with package 'copula'.
    Please now attach/load 'copula' instead of 'nacopula'.
Flavors: r-devel-linux-x86_64-debian-clang, r-devel-linux-x86_64-debian-gcc, r-devel-linux-x86_64-fedora-clang, r-devel-linux-x86_64-fedora-gcc, r-devel-osx-x86_64-clang, r-devel-windows-ix86+x86_64

Version: 0.8-1
Check: package dependencies
Result: ERROR
    Package required but not available: ‘copula’
    
    See the information on DESCRIPTION files in the chapter ‘Creating R
    packages’ of the ‘Writing R Extensions’ manual.
Flavor: r-release-osx-x86_64-mavericks