CRAN Package Check Results for Package nadiv

Last updated on 2014-10-23 05:46:46.

Flavor Version Tinstall Tcheck Ttotal Status Flags
r-devel-linux-x86_64-debian-clang 2.13.2 6.58 40.68 47.26 NOTE
r-devel-linux-x86_64-debian-gcc 2.13.2 6.33 40.42 46.75 NOTE
r-devel-linux-x86_64-fedora-clang 2.13.2 111.17 NOTE
r-devel-linux-x86_64-fedora-gcc 2.13.2 101.79 NOTE
r-devel-osx-x86_64-clang 2.13.2 95.14 NOTE
r-devel-windows-ix86+x86_64 2.13.2 30.00 77.00 107.00 NOTE
r-patched-linux-x86_64 2.13.2 6.71 42.18 48.90 NOTE
r-patched-solaris-sparc 2.13.2 594.20 NOTE
r-patched-solaris-x86 2.13.2 146.00 NOTE
r-release-linux-ix86 2.13.2 9.34 53.00 62.34 NOTE
r-release-linux-x86_64 2.13.2 7.21 42.44 49.65 NOTE
r-release-osx-x86_64-mavericks 2.13.2 NOTE
r-release-osx-x86_64-snowleopard 2.13.2 NOTE
r-release-windows-ix86+x86_64 2.13.2 31.00 84.00 115.00 NOTE
r-oldrel-windows-ix86+x86_64 2.13.2 31.00 82.00 113.00 NOTE

Check Details

Version: 2.13.2
Check: package dependencies
Result: NOTE
    Package suggested but not available for checking: ‘asreml’
Flavors: r-devel-linux-x86_64-debian-clang, r-devel-linux-x86_64-debian-gcc, r-devel-linux-x86_64-fedora-clang, r-devel-linux-x86_64-fedora-gcc, r-devel-osx-x86_64-clang, r-devel-windows-ix86+x86_64, r-patched-linux-x86_64, r-patched-solaris-sparc, r-patched-solaris-x86, r-release-linux-ix86, r-release-linux-x86_64, r-release-osx-x86_64-mavericks, r-release-osx-x86_64-snowleopard, r-release-windows-ix86+x86_64, r-oldrel-windows-ix86+x86_64

Version: 2.13.2
Check: R code for possible problems
Result: NOTE
    constrainFun: no visible global function definition for ‘update.asreml’
    findDFC: no visible global function definition for ‘pvec’
    makeD: no visible global function definition for ‘pvec’
    makeDufam: no visible global function definition for ‘pvec’
    proLik: no visible global function definition for ‘update.asreml’
    proLik: no visible global function definition for ‘mcparallel’
    proLik: no visible global function definition for ‘mccollect’
    proLik: no visible global function definition for ‘pvec’
Flavors: r-devel-linux-x86_64-debian-clang, r-devel-linux-x86_64-debian-gcc, r-devel-linux-x86_64-fedora-clang, r-devel-linux-x86_64-fedora-gcc, r-devel-osx-x86_64-clang, r-devel-windows-ix86+x86_64, r-patched-linux-x86_64, r-patched-solaris-sparc, r-patched-solaris-x86

Version: 2.13.2
Check: compiled code
Result: NOTE
    File ‘nadiv/libs/nadiv.so’:
     Found ‘rand’, possibly from ‘rand’ (C)
     Object: ‘dsim.o’
     Found ‘srand’, possibly from ‘srand’ (C)
     Object: ‘dsim.o’
    
    Compiled code should not call entry points which might terminate R nor
    write to stdout/stderr instead of to the console, nor the C RNG.
    
    See ‘Writing portable packages’ in the ‘Writing R Extensions’ manual.
Flavors: r-devel-linux-x86_64-debian-clang, r-devel-linux-x86_64-debian-gcc, r-devel-linux-x86_64-fedora-clang, r-devel-linux-x86_64-fedora-gcc, r-patched-linux-x86_64, r-patched-solaris-sparc, r-patched-solaris-x86

Version: 2.13.2
Check: compiled code
Result: NOTE
    File ‘nadiv/libs/nadiv.so’:
     Found ‘_rand’, possibly from ‘rand’ (C)
     Object: ‘dsim.o’
     Found ‘_srand’, possibly from ‘srand’ (C)
     Object: ‘dsim.o’
    
    Compiled code should not call entry points which might terminate R nor
    write to stdout/stderr instead of to the console, nor the C RNG.
    
    See ‘Writing portable packages’ in the ‘Writing R Extensions’ manual.
Flavor: r-devel-osx-x86_64-clang

Version: 2.13.2
Check: compiled code
Result: NOTE
    File 'nadiv/libs/i386/nadiv.dll':
     Found 'rand', possibly from 'rand' (C)
     Object: 'dsim.o'
     Found 'srand', possibly from 'srand' (C)
     Object: 'dsim.o'
    File 'nadiv/libs/x64/nadiv.dll':
     Found 'rand', possibly from 'rand' (C)
     Object: 'dsim.o'
     Found 'srand', possibly from 'srand' (C)
     Object: 'dsim.o'
    
    Compiled code should not call entry points which might terminate R nor
    write to stdout/stderr instead of to the console, nor the C RNG.
    
    See 'Writing portable packages' in the 'Writing R Extensions' manual.
Flavor: r-devel-windows-ix86+x86_64

Version: 2.13.2
Check: R code for possible problems
Result: NOTE
    constrainFun: no visible global function definition for ‘update.asreml’
    proLik: no visible global function definition for ‘update.asreml’
Flavors: r-release-linux-ix86, r-release-linux-x86_64, r-release-osx-x86_64-mavericks, r-release-osx-x86_64-snowleopard

Version: 2.13.2
Check: R code for possible problems
Result: NOTE
    constrainFun: no visible global function definition for 'update.asreml'
    proLik: no visible global function definition for 'update.asreml'
    proLik: no visible global function definition for 'mcparallel'
    proLik: no visible global function definition for 'mccollect'
Flavors: r-release-windows-ix86+x86_64, r-oldrel-windows-ix86+x86_64