CRAN Package Check Results for Package nadiv

Last updated on 2016-02-13 17:51:36.

Flavor Version Tinstall Tcheck Ttotal Status Flags
r-devel-linux-x86_64-debian-gcc 2.14.2 5.72 34.18 39.90 NOTE
r-devel-linux-x86_64-fedora-clang 2.14.2 84.87 NOTE
r-devel-linux-x86_64-fedora-gcc 2.14.2 75.04 NOTE
r-devel-osx-x86_64-clang 2.14.2 87.55 NOTE
r-devel-windows-ix86+x86_64 2.14.2 39.00 80.00 119.00 NOTE
r-patched-linux-x86_64 2.14.2 5.94 38.75 44.69 NOTE
r-patched-solaris-sparc 2.14.2 490.50 NOTE
r-patched-solaris-x86 2.14.2 119.60 NOTE
r-release-linux-x86_64 2.14.2 6.16 37.88 44.04 NOTE
r-release-osx-x86_64-mavericks 2.14.2 NOTE
r-release-windows-ix86+x86_64 2.14.2 40.00 87.00 127.00 NOTE
r-oldrel-windows-ix86+x86_64 2.14.2 47.00 102.00 149.00 NOTE

Check Details

Version: 2.14.2
Check: package dependencies
Result: NOTE
    Package which this enhances but not available for checking: ‘asreml’
Flavors: r-devel-linux-x86_64-debian-gcc, r-devel-linux-x86_64-fedora-clang, r-devel-linux-x86_64-fedora-gcc, r-devel-osx-x86_64-clang, r-devel-windows-ix86+x86_64, r-patched-linux-x86_64, r-patched-solaris-sparc, r-patched-solaris-x86, r-release-linux-x86_64, r-release-osx-x86_64-mavericks, r-release-windows-ix86+x86_64, r-oldrel-windows-ix86+x86_64