CRAN Package Check Results for Package nadiv

Last updated on 2016-09-30 06:47:37.

Flavor Version Tinstall Tcheck Ttotal Status Flags
r-devel-linux-x86_64-debian-clang 2.14.3.1 6.80 37.87 44.67 NOTE
r-devel-linux-x86_64-debian-gcc 2.14.3.1 6.32 37.58 43.90 NOTE
r-devel-linux-x86_64-fedora-clang 2.14.3.1 98.69 NOTE
r-devel-linux-x86_64-fedora-gcc 2.14.3.1 82.33 NOTE
r-devel-macos-x86_64-clang 2.14.3.1 68.94 NOTE
r-devel-windows-ix86+x86_64 2.14.3.1 25.00 96.00 121.00 NOTE
r-patched-linux-x86_64 2.14.3.1 6.05 36.30 42.35 NOTE
r-patched-solaris-sparc 2.14.3.1 505.70 NOTE
r-patched-solaris-x86 2.14.3.1 111.10 NOTE
r-release-linux-x86_64 2.14.3.1 5.83 37.11 42.94 NOTE
r-release-osx-x86_64-mavericks 2.14.3.1 NOTE
r-release-windows-ix86+x86_64 2.14.3.1 23.00 119.00 142.00 NOTE
r-oldrel-windows-ix86+x86_64 2.14.3.1 50.00 93.00 143.00 NOTE

Check Details

Version: 2.14.3.1
Check: package dependencies
Result: NOTE
    Package which this enhances but not available for checking: ‘asreml’
Flavors: r-devel-linux-x86_64-debian-clang, r-devel-linux-x86_64-debian-gcc, r-devel-linux-x86_64-fedora-clang, r-devel-linux-x86_64-fedora-gcc, r-devel-macos-x86_64-clang, r-devel-windows-ix86+x86_64, r-patched-linux-x86_64, r-patched-solaris-sparc, r-patched-solaris-x86, r-release-linux-x86_64, r-release-osx-x86_64-mavericks, r-release-windows-ix86+x86_64, r-oldrel-windows-ix86+x86_64