CRAN Package Check Results for Package nadiv

Last updated on 2015-08-03 19:49:16.

Flavor Version Tinstall Tcheck Ttotal Status Flags
r-devel-linux-x86_64-debian-clang 2.14.1 5.58 36.46 42.04 NOTE
r-devel-linux-x86_64-debian-gcc 2.14.1 5.55 35.51 41.06 NOTE
r-devel-linux-x86_64-fedora-clang 2.14.1 90.43 NOTE
r-devel-linux-x86_64-fedora-gcc 2.14.1 86.11 NOTE
r-devel-osx-x86_64-clang 2.14.1 71.72 NOTE
r-devel-windows-ix86+x86_64 2.14.1 30.00 113.00 143.00 NOTE
r-patched-linux-x86_64 2.14.1 5.42 36.22 41.64 NOTE
r-patched-solaris-sparc 2.14.1 504.20 NOTE
r-patched-solaris-x86 2.14.1 118.10 NOTE
r-release-linux-x86_64 2.14.1 5.62 36.01 41.62 NOTE
r-release-osx-x86_64-mavericks 2.14.1 NOTE
r-release-windows-ix86+x86_64 2.14.1 35.00 115.00 150.00 NOTE
r-oldrel-windows-ix86+x86_64 2.14.1 31.00 97.00 128.00 NOTE

Check Details

Version: 2.14.1
Check: package dependencies
Result: NOTE
    Package which this enhances but not available for checking: ‘asreml’
Flavors: r-devel-linux-x86_64-debian-clang, r-devel-linux-x86_64-debian-gcc, r-devel-linux-x86_64-fedora-clang, r-devel-linux-x86_64-fedora-gcc, r-devel-osx-x86_64-clang, r-devel-windows-ix86+x86_64, r-patched-linux-x86_64, r-patched-solaris-sparc, r-patched-solaris-x86, r-release-linux-x86_64, r-release-osx-x86_64-mavericks, r-release-windows-ix86+x86_64, r-oldrel-windows-ix86+x86_64