CRAN Package Check Results for Package nadiv

Last updated on 2017-10-18 08:48:20.

Flavor Version Tinstall Tcheck Ttotal Status Flags
r-devel-linux-x86_64-debian-clang 2.14.3.1 7.11 42.27 49.38 NOTE
r-devel-linux-x86_64-debian-gcc 2.14.3.1 7.40 44.73 52.12 NOTE
r-devel-linux-x86_64-fedora-clang 2.14.3.1 107.28 NOTE
r-devel-linux-x86_64-fedora-gcc 2.14.3.1 99.29 NOTE
r-devel-windows-ix86+x86_64 2.14.3.1 31.00 93.00 124.00 NOTE
r-patched-linux-x86_64 2.14.3.1 6.70 41.97 48.67 NOTE
r-patched-solaris-x86 2.14.3.1 139.10 NOTE
r-release-linux-x86_64 2.14.3.1 6.74 41.74 48.48 NOTE
r-release-windows-ix86+x86_64 2.14.3.1 42.00 99.00 141.00 NOTE
r-release-osx-x86_64 2.14.3.1 NOTE
r-oldrel-windows-ix86+x86_64 2.14.3.1 43.00 107.00 150.00 NOTE
r-oldrel-osx-x86_64 2.14.3.1 NOTE

Check Details

Version: 2.14.3.1
Check: package dependencies
Result: NOTE
    Package which this enhances but not available for checking: ‘asreml’
Flavors: r-devel-linux-x86_64-debian-clang, r-devel-linux-x86_64-debian-gcc, r-devel-linux-x86_64-fedora-clang, r-devel-linux-x86_64-fedora-gcc, r-devel-windows-ix86+x86_64, r-patched-linux-x86_64, r-patched-solaris-x86, r-release-linux-x86_64, r-release-windows-ix86+x86_64, r-release-osx-x86_64, r-oldrel-windows-ix86+x86_64, r-oldrel-osx-x86_64

Version: 2.14.3.1
Check: compiled code
Result: NOTE
    File ‘nadiv/libs/nadiv.so’:
     Found no calls to: ‘R_registerRoutines’, ‘R_useDynamicSymbols’
    
    It is good practice to register native routines and to disable symbol
    search.
    
    See ‘Writing portable packages’ in the ‘Writing R Extensions’ manual.
Flavors: r-devel-linux-x86_64-debian-clang, r-devel-linux-x86_64-debian-gcc, r-devel-linux-x86_64-fedora-clang, r-devel-linux-x86_64-fedora-gcc, r-patched-linux-x86_64, r-release-linux-x86_64