CRAN Package Check Results for Package nadiv

Last updated on 2015-05-27 06:46:52.

Flavor Version Tinstall Tcheck Ttotal Status Flags
r-devel-linux-x86_64-debian-clang 2.13.2 5.91 36.95 42.86 NOTE
r-devel-linux-x86_64-debian-gcc 2.13.2 5.91 36.16 42.07 NOTE
r-devel-linux-x86_64-fedora-clang 2.13.2 92.45 NOTE
r-devel-linux-x86_64-fedora-gcc 2.13.2 82.93 NOTE
r-devel-osx-x86_64-clang 2.13.2 76.54 NOTE
r-devel-windows-ix86+x86_64 2.13.2 30.00 74.00 104.00 NOTE
r-patched-linux-x86_64 2.13.2 5.70 36.02 41.73 NOTE
r-patched-solaris-sparc 2.13.2 498.30 NOTE
r-patched-solaris-x86 2.13.2 119.10 NOTE
r-release-linux-x86_64 2.13.2 5.93 36.05 41.98 NOTE
r-release-osx-x86_64-mavericks 2.13.2 NOTE
r-release-osx-x86_64-snowleopard 2.13.2 NOTE
r-release-windows-ix86+x86_64 2.13.2 31.00 79.00 110.00 NOTE
r-oldrel-windows-ix86+x86_64 2.13.2 31.00 115.00 146.00 NOTE

Check Details

Version: 2.13.2
Check: package dependencies
Result: NOTE
    Package suggested but not available for checking: ‘asreml’
Flavors: r-devel-linux-x86_64-debian-clang, r-devel-linux-x86_64-debian-gcc, r-devel-linux-x86_64-fedora-clang, r-devel-linux-x86_64-fedora-gcc, r-devel-osx-x86_64-clang, r-devel-windows-ix86+x86_64, r-patched-linux-x86_64, r-patched-solaris-sparc, r-patched-solaris-x86, r-release-linux-x86_64, r-release-osx-x86_64-mavericks, r-release-osx-x86_64-snowleopard, r-release-windows-ix86+x86_64, r-oldrel-windows-ix86+x86_64

Version: 2.13.2
Check: dependencies in R code
Result: NOTE
    'library' or 'require' call to ‘parallel’ in package code.
     Please use :: or requireNamespace() instead.
     See section 'Suggested packages' in the 'Writing R Extensions' manual.
Flavors: r-devel-linux-x86_64-debian-clang, r-devel-linux-x86_64-debian-gcc, r-devel-linux-x86_64-fedora-clang, r-devel-linux-x86_64-fedora-gcc, r-devel-osx-x86_64-clang, r-devel-windows-ix86+x86_64, r-patched-linux-x86_64, r-patched-solaris-sparc, r-patched-solaris-x86, r-release-linux-x86_64, r-release-osx-x86_64-mavericks, r-release-osx-x86_64-snowleopard, r-release-windows-ix86+x86_64, r-oldrel-windows-ix86+x86_64

Version: 2.13.2
Check: S3 generic/method consistency
Result: NOTE
    Found the following apparent S3 methods exported but not registered:
     plot.proLik
    See section ‘Registering S3 methods’ in the ‘Writing R Extensions’
    manual.
Flavors: r-devel-linux-x86_64-debian-clang, r-devel-linux-x86_64-debian-gcc, r-devel-linux-x86_64-fedora-clang, r-devel-linux-x86_64-fedora-gcc, r-devel-osx-x86_64-clang, r-patched-linux-x86_64, r-patched-solaris-sparc, r-patched-solaris-x86, r-release-linux-x86_64

Version: 2.13.2
Check: R code for possible problems
Result: NOTE
    constrainFun: no visible global function definition for ‘update.asreml’
    findDFC: no visible global function definition for ‘pvec’
    makeD: no visible global function definition for ‘pvec’
    makeDufam: no visible global function definition for ‘pvec’
    proLik: no visible global function definition for ‘update.asreml’
    proLik: no visible global function definition for ‘mcparallel’
    proLik: no visible global function definition for ‘mccollect’
    proLik: no visible global function definition for ‘pvec’
Flavors: r-devel-linux-x86_64-debian-clang, r-devel-linux-x86_64-debian-gcc, r-devel-linux-x86_64-fedora-clang, r-devel-linux-x86_64-fedora-gcc, r-devel-osx-x86_64-clang, r-devel-windows-ix86+x86_64, r-patched-linux-x86_64, r-patched-solaris-sparc, r-patched-solaris-x86, r-release-linux-x86_64, r-release-osx-x86_64-mavericks, r-release-osx-x86_64-snowleopard, r-release-windows-ix86+x86_64, r-oldrel-windows-ix86+x86_64

Version: 2.13.2
Check: compiled code
Result: NOTE
    File ‘nadiv/libs/nadiv.so’:
     Found ‘rand’, possibly from ‘rand’ (C)
     Object: ‘dsim.o’
     Found ‘srand’, possibly from ‘srand’ (C)
     Object: ‘dsim.o’
    
    Compiled code should not call entry points which might terminate R nor
    write to stdout/stderr instead of to the console, nor the system RNG.
    
    See ‘Writing portable packages’ in the ‘Writing R Extensions’ manual.
Flavors: r-devel-linux-x86_64-debian-clang, r-devel-linux-x86_64-debian-gcc, r-devel-linux-x86_64-fedora-clang, r-devel-linux-x86_64-fedora-gcc, r-patched-linux-x86_64, r-patched-solaris-sparc, r-patched-solaris-x86, r-release-linux-x86_64

Version: 2.13.2
Check: compiled code
Result: NOTE
    File ‘nadiv/libs/nadiv.so’:
     Found ‘_rand’, possibly from ‘rand’ (C)
     Object: ‘dsim.o’
     Found ‘_srand’, possibly from ‘srand’ (C)
     Object: ‘dsim.o’
    
    Compiled code should not call entry points which might terminate R nor
    write to stdout/stderr instead of to the console, nor the system RNG.
    
    See ‘Writing portable packages’ in the ‘Writing R Extensions’ manual.
Flavors: r-devel-osx-x86_64-clang, r-release-osx-x86_64-mavericks, r-release-osx-x86_64-snowleopard

Version: 2.13.2
Check: compiled code
Result: NOTE
    File 'nadiv/libs/i386/nadiv.dll':
     Found 'rand', possibly from 'rand' (C)
     Object: 'dsim.o'
     Found 'srand', possibly from 'srand' (C)
     Object: 'dsim.o'
    File 'nadiv/libs/x64/nadiv.dll':
     Found 'rand', possibly from 'rand' (C)
     Object: 'dsim.o'
     Found 'srand', possibly from 'srand' (C)
     Object: 'dsim.o'
    
    Compiled code should not call entry points which might terminate R nor
    write to stdout/stderr instead of to the console, nor the system RNG.
    
    See 'Writing portable packages' in the 'Writing R Extensions' manual.
Flavors: r-devel-windows-ix86+x86_64, r-release-windows-ix86+x86_64, r-oldrel-windows-ix86+x86_64