CRAN Package Check Results for Package nadiv

Last updated on 2018-02-25 10:47:19 CET.

Flavor Version Tinstall Tcheck Ttotal Status Flags
r-devel-linux-x86_64-debian-clang 2.14.3.1 10.96 61.55 72.51 NOTE
r-devel-linux-x86_64-debian-gcc 2.14.3.1 9.28 49.57 58.85 NOTE
r-devel-linux-x86_64-fedora-clang 2.14.3.1 99.04 NOTE
r-devel-linux-x86_64-fedora-gcc 2.14.3.1 88.11 NOTE
r-devel-windows-ix86+x86_64 2.14.3.1 43.00 120.00 163.00 NOTE
r-patched-linux-x86_64 2.14.3.1 8.29 64.39 72.68 NOTE
r-patched-solaris-x86 2.14.3.1 136.80 NOTE
r-release-linux-x86_64 2.14.3.1 8.71 64.41 73.12 NOTE
r-release-windows-ix86+x86_64 2.14.3.1 28.00 123.00 151.00 NOTE
r-release-osx-x86_64 2.14.3.1 NOTE
r-oldrel-windows-ix86+x86_64 2.14.3.1 29.00 117.00 146.00 NOTE
r-oldrel-osx-x86_64 2.14.3.1 NOTE

Check Details

Version: 2.14.3.1
Check: package dependencies
Result: NOTE
    Package which this enhances but not available for checking: ‘asreml’
Flavors: r-devel-linux-x86_64-debian-clang, r-devel-linux-x86_64-debian-gcc, r-devel-linux-x86_64-fedora-clang, r-devel-linux-x86_64-fedora-gcc, r-devel-windows-ix86+x86_64, r-patched-linux-x86_64, r-patched-solaris-x86, r-release-linux-x86_64, r-release-windows-ix86+x86_64, r-release-osx-x86_64, r-oldrel-windows-ix86+x86_64, r-oldrel-osx-x86_64

Version: 2.14.3.1
Check: compiled code
Result: NOTE
    File ‘nadiv/libs/nadiv.so’:
     Found no calls to: ‘R_registerRoutines’, ‘R_useDynamicSymbols’
    
    It is good practice to register native routines and to disable symbol
    search.
    
    See ‘Writing portable packages’ in the ‘Writing R Extensions’ manual.
Flavors: r-devel-linux-x86_64-debian-clang, r-devel-linux-x86_64-debian-gcc, r-devel-linux-x86_64-fedora-clang, r-devel-linux-x86_64-fedora-gcc, r-patched-linux-x86_64, r-release-linux-x86_64