CRAN Package Check Results for Package nadiv

Last updated on 2017-05-25 07:48:39.

Flavor Version Tinstall Tcheck Ttotal Status Flags
r-devel-linux-x86_64-debian-clang 2.14.3.1 7.22 41.64 48.86 NOTE
r-devel-linux-x86_64-debian-gcc 2.14.3.1 6.51 41.14 47.65 NOTE
r-devel-linux-x86_64-fedora-clang 2.14.3.1 104.43 NOTE --no-stop-on-test-error
r-devel-linux-x86_64-fedora-gcc 2.14.3.1 95.78 NOTE --no-stop-on-test-error
r-devel-windows-ix86+x86_64 2.14.3.1 31.00 126.00 157.00 NOTE
r-patched-linux-x86_64 2.14.3.1 6.53 40.92 47.45 NOTE
r-patched-solaris-sparc 2.14.3.1 582.60 NOTE
r-patched-solaris-x86 2.14.3.1 147.30 NOTE
r-release-linux-x86_64 2.14.3.1 6.31 41.00 47.31 NOTE
r-release-windows-ix86+x86_64 2.14.3.1 39.00 254.00 293.00 NOTE
r-release-osx-x86_64 2.14.3.1 NOTE
r-oldrel-windows-ix86+x86_64 2.14.3.1 35.00 124.00 159.00 NOTE
r-oldrel-osx-x86_64 2.14.3.1 NOTE

Check Details

Version: 2.14.3.1
Check: package dependencies
Result: NOTE
    Package which this enhances but not available for checking: ‘asreml’
Flavors: r-devel-linux-x86_64-debian-clang, r-devel-linux-x86_64-debian-gcc, r-devel-windows-ix86+x86_64, r-patched-linux-x86_64, r-patched-solaris-sparc, r-patched-solaris-x86, r-release-linux-x86_64, r-release-windows-ix86+x86_64, r-release-osx-x86_64, r-oldrel-windows-ix86+x86_64, r-oldrel-osx-x86_64

Version: 2.14.3.1
Check: compiled code
Result: NOTE
    File ‘nadiv/libs/nadiv.so’:
     Found no calls to: ‘R_registerRoutines’, ‘R_useDynamicSymbols’
    
    It is good practice to register native routines and to disable symbol
    search.
    
    See ‘Writing portable packages’ in the ‘Writing R Extensions’ manual.
Flavors: r-devel-linux-x86_64-debian-clang, r-devel-linux-x86_64-debian-gcc, r-patched-linux-x86_64, r-release-linux-x86_64

Version: 2.14.3.1
Flags: --no-stop-on-test-error
Check: package dependencies
Result: NOTE
    Package which this enhances but not available for checking: ‘asreml’
Flavors: r-devel-linux-x86_64-fedora-clang, r-devel-linux-x86_64-fedora-gcc

Version: 2.14.3.1
Flags: --no-stop-on-test-error
Check: compiled code
Result: NOTE
    File ‘nadiv/libs/nadiv.so’:
     Found no calls to: ‘R_registerRoutines’, ‘R_useDynamicSymbols’
    
    It is good practice to register native routines and to disable symbol
    search.
    
    See ‘Writing portable packages’ in the ‘Writing R Extensions’ manual.
Flavors: r-devel-linux-x86_64-fedora-clang, r-devel-linux-x86_64-fedora-gcc