CRAN Package Check Results for Package nadiv

Last updated on 2016-06-25 09:47:21.

Flavor Version Tinstall Tcheck Ttotal Status Flags
r-devel-linux-x86_64-debian-gcc 2.14.3 8.49 39.69 48.18 NOTE
r-devel-linux-x86_64-fedora-clang 2.14.3 93.99 NOTE
r-devel-linux-x86_64-fedora-gcc 2.14.3 81.09 NOTE
r-devel-osx-x86_64-clang 2.14.3 72.52 NOTE
r-devel-windows-ix86+x86_64 2.14.3 39.00 109.00 148.00 NOTE
r-patched-linux-x86_64 2.14.3 6.19 41.63 47.83 NOTE
r-patched-solaris-sparc 2.14.3 521.90 NOTE
r-patched-solaris-x86 2.14.3 127.70 NOTE
r-release-linux-x86_64 2.14.3 6.59 40.81 47.39 NOTE
r-release-osx-x86_64-mavericks 2.14.3 NOTE
r-release-windows-ix86+x86_64 2.14.3 48.00 80.00 128.00 NOTE
r-oldrel-windows-ix86+x86_64 2.14.3 48.00 124.00 172.00 NOTE

Check Details

Version: 2.14.3
Check: package dependencies
Result: NOTE
    Package which this enhances but not available for checking: ‘asreml’
Flavors: r-devel-linux-x86_64-debian-gcc, r-devel-linux-x86_64-fedora-clang, r-devel-linux-x86_64-fedora-gcc, r-devel-osx-x86_64-clang, r-devel-windows-ix86+x86_64, r-patched-linux-x86_64, r-patched-solaris-sparc, r-patched-solaris-x86, r-release-linux-x86_64, r-release-osx-x86_64-mavericks, r-release-windows-ix86+x86_64, r-oldrel-windows-ix86+x86_64