CRAN Package Check Results for Package nadiv

Last updated on 2014-07-26 10:48:28.

Flavor Version Tinstall Tcheck Ttotal Status Flags
r-devel-linux-x86_64-debian-clang 2.13.2 6.41 41.62 48.02 NOTE
r-devel-linux-x86_64-debian-gcc 2.13.2 6.72 41.05 47.77 NOTE
r-devel-linux-x86_64-fedora-clang 2.13.2 120.02 NOTE
r-devel-linux-x86_64-fedora-gcc 2.13.2 105.72 NOTE
r-devel-osx-x86_64-clang 2.13.2 89.18 NOTE
r-devel-windows-ix86+x86_64 2.13.2 30.00 81.00 111.00 NOTE
r-patched-linux-x86_64 2.13.2 6.64 42.42 49.06 NOTE
r-patched-solaris-sparc 2.13.2 559.20 NOTE
r-patched-solaris-x86 2.13.2 142.80 NOTE
r-release-linux-ix86 2.13.2 8.44 51.56 60.00 NOTE
r-release-linux-x86_64 2.13.2 6.72 42.08 48.79 NOTE
r-release-osx-x86_64-mavericks 2.13.2 NOTE
r-release-osx-x86_64-snowleopard 2.13.2 NOTE
r-release-windows-ix86+x86_64 2.13.2 30.00 81.00 111.00 NOTE
r-oldrel-windows-ix86+x86_64 2.13.2 30.00 78.00 108.00 NOTE

Check Details

Version: 2.13.2
Check: package dependencies
Result: NOTE
    Package suggested but not available for checking: ‘asreml’
Flavors: r-devel-linux-x86_64-debian-clang, r-devel-linux-x86_64-debian-gcc, r-devel-linux-x86_64-fedora-clang, r-devel-linux-x86_64-fedora-gcc, r-devel-osx-x86_64-clang, r-devel-windows-ix86+x86_64, r-patched-linux-x86_64, r-patched-solaris-sparc, r-patched-solaris-x86, r-release-linux-ix86, r-release-linux-x86_64, r-release-osx-x86_64-mavericks, r-release-osx-x86_64-snowleopard, r-release-windows-ix86+x86_64, r-oldrel-windows-ix86+x86_64

Version: 2.13.2
Check: R code for possible problems
Result: NOTE
    constrainFun: no visible global function definition for ‘update.asreml’
    proLik: no visible global function definition for ‘update.asreml’
Flavors: r-devel-linux-x86_64-debian-clang, r-devel-linux-x86_64-debian-gcc, r-devel-linux-x86_64-fedora-clang, r-devel-linux-x86_64-fedora-gcc, r-devel-osx-x86_64-clang, r-patched-linux-x86_64, r-patched-solaris-sparc, r-patched-solaris-x86, r-release-linux-ix86, r-release-linux-x86_64, r-release-osx-x86_64-mavericks, r-release-osx-x86_64-snowleopard

Version: 2.13.2
Check: R code for possible problems
Result: NOTE
    constrainFun: no visible global function definition for 'update.asreml'
    proLik: no visible global function definition for 'update.asreml'
    proLik: no visible global function definition for 'mcparallel'
    proLik: no visible global function definition for 'mccollect'
Flavors: r-devel-windows-ix86+x86_64, r-release-windows-ix86+x86_64, r-oldrel-windows-ix86+x86_64