CRAN Package Check Results for Package nadiv

Last updated on 2015-07-05 17:47:36.

Flavor Version Tinstall Tcheck Ttotal Status Flags
r-devel-linux-x86_64-debian-clang 2.14.0 5.47 36.13 41.60 NOTE
r-devel-linux-x86_64-debian-gcc 2.14.0 5.39 36.48 41.87 NOTE
r-devel-linux-x86_64-fedora-clang 2.14.0 90.22 NOTE
r-devel-linux-x86_64-fedora-gcc 2.14.0 82.23 NOTE
r-devel-osx-x86_64-clang 2.14.0 73.18 NOTE
r-devel-windows-ix86+x86_64 2.14.0 30.00 105.00 135.00 NOTE
r-patched-linux-x86_64 2.14.0 5.54 37.74 43.28 NOTE
r-patched-solaris-sparc 2.14.0 498.20 NOTE
r-patched-solaris-x86 2.14.0 126.90 NOTE
r-release-linux-x86_64 2.13.3 5.62 34.82 40.43 NOTE
r-release-osx-x86_64-mavericks 2.14.0 NOTE
r-release-windows-ix86+x86_64 2.14.0 34.00 109.00 143.00 NOTE
r-oldrel-windows-ix86+x86_64 2.14.0 43.00 91.00 134.00 NOTE

Check Details

Version: 2.14.0
Check: package dependencies
Result: NOTE
    Package which this enhances but not available for checking: ‘asreml’
Flavors: r-devel-linux-x86_64-debian-clang, r-devel-linux-x86_64-debian-gcc, r-devel-linux-x86_64-fedora-clang, r-devel-linux-x86_64-fedora-gcc, r-devel-osx-x86_64-clang, r-devel-windows-ix86+x86_64, r-patched-linux-x86_64, r-patched-solaris-sparc, r-patched-solaris-x86, r-release-osx-x86_64-mavericks, r-release-windows-ix86+x86_64, r-oldrel-windows-ix86+x86_64

Version: 2.13.3
Check: package dependencies
Result: NOTE
    Package which this enhances but not available for checking: ‘asreml’
Flavor: r-release-linux-x86_64