CRAN Package Check Results for Package nadiv

Last updated on 2018-10-23 01:18:35 CEST.

Flavor Version Tinstall Tcheck Ttotal Status Flags
r-devel-linux-x86_64-debian-clang 2.16.0.0 17.30 74.40 91.70 NOTE
r-devel-linux-x86_64-debian-gcc 2.16.0.0 12.28 60.26 72.54 NOTE
r-devel-linux-x86_64-fedora-clang 2.16.0.0 112.63 NOTE
r-devel-linux-x86_64-fedora-gcc 2.16.0.0 104.97 NOTE
r-devel-windows-ix86+x86_64 2.16.0.0 44.00 111.00 155.00 NOTE
r-patched-linux-x86_64 2.16.0.0 17.45 64.39 81.84 NOTE
r-patched-solaris-x86 2.16.0.0 140.30 NOTE
r-release-linux-x86_64 2.16.0.0 15.72 64.09 79.81 NOTE
r-release-windows-ix86+x86_64 2.16.0.0 51.00 130.00 181.00 NOTE
r-release-osx-x86_64 2.16.0.0 NOTE
r-oldrel-windows-ix86+x86_64 2.16.0.0 34.00 137.00 171.00 NOTE
r-oldrel-osx-x86_64 2.16.0.0 NOTE

Check Details

Version: 2.16.0.0
Check: package dependencies
Result: NOTE
    Package which this enhances but not available for checking: ‘asreml’
Flavors: r-devel-linux-x86_64-debian-clang, r-devel-linux-x86_64-debian-gcc, r-devel-linux-x86_64-fedora-clang, r-devel-linux-x86_64-fedora-gcc, r-devel-windows-ix86+x86_64, r-patched-linux-x86_64, r-patched-solaris-x86, r-release-linux-x86_64, r-release-windows-ix86+x86_64, r-release-osx-x86_64, r-oldrel-windows-ix86+x86_64, r-oldrel-osx-x86_64