CRAN Package Check Results for Package nadiv

Last updated on 2014-12-21 03:48:20.

Flavor Version Tinstall Tcheck Ttotal Status Flags
r-devel-linux-x86_64-debian-clang 2.13.2 6.40 40.75 47.15 NOTE
r-devel-linux-x86_64-debian-gcc 2.13.2 6.42 40.73 47.14 NOTE
r-devel-linux-x86_64-fedora-clang 2.13.2 121.90 NOTE
r-devel-linux-x86_64-fedora-gcc 2.13.2 103.68 NOTE
r-devel-osx-x86_64-clang 2.13.2 93.30 NOTE
r-devel-windows-ix86+x86_64 2.13.2 32.00 80.00 112.00 NOTE
r-patched-linux-x86_64 2.13.2 6.48 41.78 48.26 NOTE
r-patched-solaris-sparc 2.13.2 650.00 NOTE
r-patched-solaris-x86 2.13.2 143.30 NOTE
r-release-linux-ix86 2.13.2 8.13 50.60 58.72 NOTE
r-release-linux-x86_64 2.13.2 6.95 41.78 48.73 NOTE
r-release-osx-x86_64-mavericks 2.13.2 NOTE
r-release-osx-x86_64-snowleopard 2.13.2 NOTE
r-release-windows-ix86+x86_64 2.13.2 34.00 86.00 120.00 NOTE
r-oldrel-windows-ix86+x86_64 2.13.2 32.00 94.00 126.00 NOTE

Check Details

Version: 2.13.2
Check: package dependencies
Result: NOTE
    Package suggested but not available for checking: ‘asreml’
Flavors: r-devel-linux-x86_64-debian-clang, r-devel-linux-x86_64-debian-gcc, r-devel-linux-x86_64-fedora-clang, r-devel-linux-x86_64-fedora-gcc, r-devel-osx-x86_64-clang, r-devel-windows-ix86+x86_64, r-patched-linux-x86_64, r-patched-solaris-sparc, r-patched-solaris-x86, r-release-linux-ix86, r-release-linux-x86_64, r-release-osx-x86_64-mavericks, r-release-osx-x86_64-snowleopard, r-release-windows-ix86+x86_64, r-oldrel-windows-ix86+x86_64

Version: 2.13.2
Check: R code for possible problems
Result: NOTE
    constrainFun: no visible global function definition for ‘update.asreml’
    findDFC: no visible global function definition for ‘pvec’
    makeD: no visible global function definition for ‘pvec’
    makeDufam: no visible global function definition for ‘pvec’
    proLik: no visible global function definition for ‘update.asreml’
    proLik: no visible global function definition for ‘mcparallel’
    proLik: no visible global function definition for ‘mccollect’
    proLik: no visible global function definition for ‘pvec’
Flavors: r-devel-linux-x86_64-debian-clang, r-devel-linux-x86_64-debian-gcc, r-devel-linux-x86_64-fedora-clang, r-devel-linux-x86_64-fedora-gcc, r-devel-osx-x86_64-clang, r-devel-windows-ix86+x86_64, r-patched-linux-x86_64, r-patched-solaris-sparc, r-patched-solaris-x86, r-release-linux-ix86, r-release-linux-x86_64, r-release-windows-ix86+x86_64

Version: 2.13.2
Check: compiled code
Result: NOTE
    File ‘nadiv/libs/nadiv.so’:
     Found ‘rand’, possibly from ‘rand’ (C)
     Object: ‘dsim.o’
     Found ‘srand’, possibly from ‘srand’ (C)
     Object: ‘dsim.o’
    
    Compiled code should not call entry points which might terminate R nor
    write to stdout/stderr instead of to the console, nor the system RNG.
    
    See ‘Writing portable packages’ in the ‘Writing R Extensions’ manual.
Flavors: r-devel-linux-x86_64-debian-clang, r-devel-linux-x86_64-debian-gcc, r-devel-linux-x86_64-fedora-clang, r-devel-linux-x86_64-fedora-gcc, r-patched-linux-x86_64, r-patched-solaris-sparc, r-patched-solaris-x86

Version: 2.13.2
Check: compiled code
Result: NOTE
    File ‘nadiv/libs/nadiv.so’:
     Found ‘_rand’, possibly from ‘rand’ (C)
     Object: ‘dsim.o’
     Found ‘_srand’, possibly from ‘srand’ (C)
     Object: ‘dsim.o’
    
    Compiled code should not call entry points which might terminate R nor
    write to stdout/stderr instead of to the console, nor the system RNG.
    
    See ‘Writing portable packages’ in the ‘Writing R Extensions’ manual.
Flavor: r-devel-osx-x86_64-clang

Version: 2.13.2
Check: compiled code
Result: NOTE
    File 'nadiv/libs/i386/nadiv.dll':
     Found 'rand', possibly from 'rand' (C)
     Object: 'dsim.o'
     Found 'srand', possibly from 'srand' (C)
     Object: 'dsim.o'
    File 'nadiv/libs/x64/nadiv.dll':
     Found 'rand', possibly from 'rand' (C)
     Object: 'dsim.o'
     Found 'srand', possibly from 'srand' (C)
     Object: 'dsim.o'
    
    Compiled code should not call entry points which might terminate R nor
    write to stdout/stderr instead of to the console, nor the system RNG.
    
    See 'Writing portable packages' in the 'Writing R Extensions' manual.
Flavor: r-devel-windows-ix86+x86_64

Version: 2.13.2
Check: compiled code
Result: NOTE
    File ‘nadiv/libs/nadiv.so’:
     Found ‘rand’, possibly from ‘rand’ (C)
     Object: ‘dsim.o’
     Found ‘srand’, possibly from ‘srand’ (C)
     Object: ‘dsim.o’
    
    Compiled code should not call entry points which might terminate R nor
    write to stdout/stderr instead of to the console, nor the C RNG.
    
    See ‘Writing portable packages’ in the ‘Writing R Extensions’ manual.
Flavors: r-release-linux-ix86, r-release-linux-x86_64

Version: 2.13.2
Check: R code for possible problems
Result: NOTE
    constrainFun: no visible global function definition for ‘update.asreml’
    proLik: no visible global function definition for ‘update.asreml’
Flavors: r-release-osx-x86_64-mavericks, r-release-osx-x86_64-snowleopard

Version: 2.13.2
Check: compiled code
Result: NOTE
    File 'nadiv/libs/i386/nadiv.dll':
     Found 'rand', possibly from 'rand' (C)
     Object: 'dsim.o'
     Found 'srand', possibly from 'srand' (C)
     Object: 'dsim.o'
    File 'nadiv/libs/x64/nadiv.dll':
     Found 'rand', possibly from 'rand' (C)
     Object: 'dsim.o'
     Found 'srand', possibly from 'srand' (C)
     Object: 'dsim.o'
    
    Compiled code should not call entry points which might terminate R nor
    write to stdout/stderr instead of to the console, nor the C RNG.
    
    See 'Writing portable packages' in the 'Writing R Extensions' manual.
Flavor: r-release-windows-ix86+x86_64

Version: 2.13.2
Check: R code for possible problems
Result: NOTE
    constrainFun: no visible global function definition for 'update.asreml'
    proLik: no visible global function definition for 'update.asreml'
    proLik: no visible global function definition for 'mcparallel'
    proLik: no visible global function definition for 'mccollect'
Flavor: r-oldrel-windows-ix86+x86_64