CRAN Package Check Results for Package nadiv

Last updated on 2017-02-23 05:49:12.

Flavor Version Tinstall Tcheck Ttotal Status Flags
r-devel-linux-x86_64-debian-clang 2.14.3.1 7.20 41.86 49.06 NOTE
r-devel-linux-x86_64-debian-gcc 2.14.3.1 7.34 40.74 48.08 NOTE
r-devel-linux-x86_64-fedora-clang 2.14.3.1 109.44 NOTE --no-stop-on-test-error
r-devel-linux-x86_64-fedora-gcc 2.14.3.1 95.74 NOTE --no-stop-on-test-error
r-devel-macos-x86_64-clang 2.14.3.1 79.18 NOTE --no-stop-on-test-error
r-devel-windows-ix86+x86_64 2.14.3.1 39.00 177.00 216.00 NOTE
r-patched-linux-x86_64 2.14.3.1 6.13 37.16 43.29 NOTE
r-patched-solaris-sparc 2.14.3.1 513.40 NOTE
r-patched-solaris-x86 2.14.3.1 128.30 NOTE
r-release-linux-x86_64 2.14.3.1 6.90 36.99 43.89 NOTE
r-release-osx-x86_64-mavericks 2.14.3.1 NOTE
r-release-windows-ix86+x86_64 2.14.3.1 46.00 154.00 200.00 NOTE
r-oldrel-windows-ix86+x86_64 2.14.3.1 40.00 119.00 159.00 NOTE

Check Details

Version: 2.14.3.1
Check: package dependencies
Result: NOTE
    Package which this enhances but not available for checking: ‘asreml’
Flavors: r-devel-linux-x86_64-debian-clang, r-devel-linux-x86_64-debian-gcc, r-devel-windows-ix86+x86_64, r-patched-linux-x86_64, r-patched-solaris-sparc, r-patched-solaris-x86, r-release-linux-x86_64, r-release-osx-x86_64-mavericks, r-release-windows-ix86+x86_64, r-oldrel-windows-ix86+x86_64

Version: 2.14.3.1
Check: compiled code
Result: NOTE
    File ‘nadiv/libs/nadiv.so’:
     Found no calls to: ‘R_registerRoutines’, ‘R_useDynamicSymbols’
    
    It is good practice to register native routines and to disable symbol
    search.
    
    See ‘Writing portable packages’ in the ‘Writing R Extensions’ manual.
Flavors: r-devel-linux-x86_64-debian-clang, r-devel-linux-x86_64-debian-gcc

Version: 2.14.3.1
Flags: --no-stop-on-test-error
Check: package dependencies
Result: NOTE
    Package which this enhances but not available for checking: ‘asreml’
Flavors: r-devel-linux-x86_64-fedora-clang, r-devel-linux-x86_64-fedora-gcc, r-devel-macos-x86_64-clang

Version: 2.14.3.1
Flags: --no-stop-on-test-error
Check: compiled code
Result: NOTE
    File ‘nadiv/libs/nadiv.so’:
     Found no calls to: ‘R_registerRoutines’, ‘R_useDynamicSymbols’
    
    It is good practice to register native routines and to disable symbol
    search.
    
    See ‘Writing portable packages’ in the ‘Writing R Extensions’ manual.
Flavors: r-devel-linux-x86_64-fedora-clang, r-devel-linux-x86_64-fedora-gcc, r-devel-macos-x86_64-clang