CRAN Package Check Results for Package nadiv

Last updated on 2016-05-25 17:50:31.

Flavor Version Tinstall Tcheck Ttotal Status Flags
r-devel-linux-x86_64-debian-gcc 2.14.3 8.17 39.42 47.59 NOTE
r-devel-linux-x86_64-fedora-clang 2.14.3 89.27 NOTE
r-devel-linux-x86_64-fedora-gcc 2.14.3 83.36 NOTE
r-devel-osx-x86_64-clang 2.14.3 101.54 NOTE
r-devel-windows-ix86+x86_64 2.14.3 25.00 90.00 115.00 NOTE
r-patched-linux-x86_64 2.14.3 5.96 39.15 45.11 NOTE
r-patched-solaris-sparc 2.14.3 517.60 NOTE
r-patched-solaris-x86 2.14.3 124.20 NOTE
r-release-linux-x86_64 2.14.3 6.16 39.21 45.36 NOTE
r-release-osx-x86_64-mavericks 2.14.3 NOTE
r-release-windows-ix86+x86_64 2.14.3 34.00 83.00 117.00 NOTE
r-oldrel-windows-ix86+x86_64 2.14.3 31.00 124.00 155.00 NOTE

Check Details

Version: 2.14.3
Check: package dependencies
Result: NOTE
    Package which this enhances but not available for checking: ‘asreml’
Flavors: r-devel-linux-x86_64-debian-gcc, r-devel-linux-x86_64-fedora-clang, r-devel-linux-x86_64-fedora-gcc, r-devel-osx-x86_64-clang, r-devel-windows-ix86+x86_64, r-patched-linux-x86_64, r-patched-solaris-sparc, r-patched-solaris-x86, r-release-linux-x86_64, r-release-osx-x86_64-mavericks, r-release-windows-ix86+x86_64, r-oldrel-windows-ix86+x86_64