CRAN Package Check Results for Package nadiv

Last updated on 2016-12-09 09:52:37.

Flavor Version Tinstall Tcheck Ttotal Status Flags
r-devel-linux-x86_64-debian-clang 2.14.3.1 6.69 40.17 46.85 NOTE
r-devel-linux-x86_64-debian-gcc 2.14.3.1 6.46 39.77 46.23 NOTE
r-devel-linux-x86_64-fedora-clang 2.14.3.1 102.60 NOTE --no-stop-on-test-error
r-devel-linux-x86_64-fedora-gcc 2.14.3.1 97.05 NOTE --no-stop-on-test-error
r-devel-macos-x86_64-clang 2.14.3.1 78.77 NOTE
r-devel-windows-ix86+x86_64 2.14.3.1 23.00 113.00 136.00 NOTE
r-patched-linux-x86_64 2.14.3.1 6.08 36.63 42.71 NOTE
r-patched-solaris-sparc 2.14.3.1 505.70 NOTE
r-patched-solaris-x86 2.14.3.1 123.10 NOTE
r-release-linux-x86_64 2.14.3.1 5.97 35.86 41.83 NOTE
r-release-osx-x86_64-mavericks 2.14.3.1 NOTE
r-release-windows-ix86+x86_64 2.14.3.1 24.00 112.00 136.00 NOTE
r-oldrel-windows-ix86+x86_64 2.14.3.1 40.00 85.00 125.00 NOTE

Check Details

Version: 2.14.3.1
Check: package dependencies
Result: NOTE
    Package which this enhances but not available for checking: ‘asreml’
Flavors: r-devel-linux-x86_64-debian-clang, r-devel-linux-x86_64-debian-gcc, r-devel-macos-x86_64-clang, r-devel-windows-ix86+x86_64, r-patched-linux-x86_64, r-patched-solaris-sparc, r-patched-solaris-x86, r-release-linux-x86_64, r-release-osx-x86_64-mavericks, r-release-windows-ix86+x86_64, r-oldrel-windows-ix86+x86_64

Version: 2.14.3.1
Flags: --no-stop-on-test-error
Check: package dependencies
Result: NOTE
    Package which this enhances but not available for checking: ‘asreml’
Flavors: r-devel-linux-x86_64-fedora-clang, r-devel-linux-x86_64-fedora-gcc