CRAN Package Check Results for Package nadiv

Last updated on 2017-12-13 01:54:50 CET.

Flavor Version Tinstall Tcheck Ttotal Status Flags
r-devel-linux-x86_64-debian-clang 2.14.3.1 8.44 59.80 68.24 NOTE
r-devel-linux-x86_64-debian-gcc 2.14.3.1 6.88 48.00 54.88 NOTE
r-devel-linux-x86_64-fedora-clang 2.14.3.1 91.59 NOTE
r-devel-windows-ix86+x86_64 2.14.3.1 41.00 136.00 177.00 NOTE
r-patched-linux-x86_64 2.14.3.1 9.24 64.50 73.74 NOTE
r-patched-solaris-x86 2.14.3.1 144.00 NOTE
r-release-linux-x86_64 2.14.3.1 8.74 64.65 73.39 NOTE
r-release-windows-ix86+x86_64 2.14.3.1 27.00 122.00 149.00 NOTE
r-release-osx-x86_64 2.14.3.1 NOTE
r-oldrel-windows-ix86+x86_64 2.14.3.1 31.00 110.00 141.00 NOTE
r-oldrel-osx-x86_64 2.14.3.1 NOTE

Check Details

Version: 2.14.3.1
Check: package dependencies
Result: NOTE
    Package which this enhances but not available for checking: ‘asreml’
Flavors: r-devel-linux-x86_64-debian-clang, r-devel-linux-x86_64-debian-gcc, r-devel-linux-x86_64-fedora-clang, r-devel-windows-ix86+x86_64, r-patched-linux-x86_64, r-patched-solaris-x86, r-release-linux-x86_64, r-release-windows-ix86+x86_64, r-release-osx-x86_64, r-oldrel-windows-ix86+x86_64, r-oldrel-osx-x86_64

Version: 2.14.3.1
Check: compiled code
Result: NOTE
    File ‘nadiv/libs/nadiv.so’:
     Found no calls to: ‘R_registerRoutines’, ‘R_useDynamicSymbols’
    
    It is good practice to register native routines and to disable symbol
    search.
    
    See ‘Writing portable packages’ in the ‘Writing R Extensions’ manual.
Flavors: r-devel-linux-x86_64-debian-clang, r-devel-linux-x86_64-debian-gcc, r-devel-linux-x86_64-fedora-clang, r-patched-linux-x86_64, r-release-linux-x86_64