CRAN Package Check Results for Package nadiv

Last updated on 2017-06-22 15:48:34.

Flavor Version Tinstall Tcheck Ttotal Status Flags
r-devel-linux-x86_64-debian-clang 2.14.3.1 7.33 43.07 50.40 NOTE
r-devel-linux-x86_64-debian-gcc 2.14.3.1 7.09 42.41 49.50 NOTE
r-devel-linux-x86_64-fedora-clang 2.14.3.1 107.03 NOTE
r-devel-linux-x86_64-fedora-gcc 2.14.3.1 96.16 NOTE
r-devel-windows-ix86+x86_64 2.14.3.1 40.00 96.00 136.00 NOTE
r-patched-linux-x86_64 2.14.3.1 6.11 41.17 47.28 NOTE
r-patched-solaris-sparc 2.14.3.1 582.60 NOTE
r-patched-solaris-x86 2.14.3.1 141.50 NOTE
r-release-linux-x86_64 2.14.3.1 6.22 42.16 48.37 NOTE
r-release-windows-ix86+x86_64 2.14.3.1 51.00 124.00 175.00 NOTE
r-release-osx-x86_64 2.14.3.1 NOTE
r-oldrel-windows-ix86+x86_64 2.14.3.1 40.00 89.00 129.00 NOTE
r-oldrel-osx-x86_64 2.14.3.1 NOTE

Check Details

Version: 2.14.3.1
Check: package dependencies
Result: NOTE
    Package which this enhances but not available for checking: ‘asreml’
Flavors: r-devel-linux-x86_64-debian-clang, r-devel-linux-x86_64-debian-gcc, r-devel-linux-x86_64-fedora-clang, r-devel-linux-x86_64-fedora-gcc, r-devel-windows-ix86+x86_64, r-patched-linux-x86_64, r-patched-solaris-sparc, r-patched-solaris-x86, r-release-linux-x86_64, r-release-windows-ix86+x86_64, r-release-osx-x86_64, r-oldrel-windows-ix86+x86_64, r-oldrel-osx-x86_64

Version: 2.14.3.1
Check: compiled code
Result: NOTE
    File ‘nadiv/libs/nadiv.so’:
     Found no calls to: ‘R_registerRoutines’, ‘R_useDynamicSymbols’
    
    It is good practice to register native routines and to disable symbol
    search.
    
    See ‘Writing portable packages’ in the ‘Writing R Extensions’ manual.
Flavors: r-devel-linux-x86_64-debian-clang, r-devel-linux-x86_64-debian-gcc, r-devel-linux-x86_64-fedora-clang, r-devel-linux-x86_64-fedora-gcc, r-patched-linux-x86_64, r-release-linux-x86_64