CRAN Package Check Results for Package nadiv

Last updated on 2019-01-19 03:50:32 CET.

Flavor Version Tinstall Tcheck Ttotal Status Flags
r-devel-linux-x86_64-debian-clang 2.16.0.0 18.40 68.70 87.10 NOTE
r-devel-linux-x86_64-debian-gcc 2.16.0.0 11.73 55.62 67.35 NOTE
r-devel-linux-x86_64-fedora-clang 2.16.0.0 104.83 NOTE
r-devel-linux-x86_64-fedora-gcc 2.16.0.0 94.89 NOTE
r-devel-windows-ix86+x86_64 2.16.0.0 54.00 134.00 188.00 NOTE
r-patched-linux-x86_64 2.16.0.0 17.10 64.65 81.75 NOTE
r-patched-solaris-x86 2.16.0.0 146.50 NOTE
r-release-linux-x86_64 2.16.0.0 13.57 64.29 77.86 NOTE
r-release-windows-ix86+x86_64 2.16.0.0 44.00 132.00 176.00 NOTE
r-release-osx-x86_64 2.16.0.0 NOTE
r-oldrel-windows-ix86+x86_64 2.16.0.0 49.00 96.00 145.00 NOTE
r-oldrel-osx-x86_64 2.16.0.0 NOTE

Check Details

Version: 2.16.0.0
Check: package dependencies
Result: NOTE
    Package which this enhances but not available for checking: ‘asreml’
Flavors: r-devel-linux-x86_64-debian-clang, r-devel-linux-x86_64-debian-gcc, r-devel-linux-x86_64-fedora-clang, r-devel-linux-x86_64-fedora-gcc, r-devel-windows-ix86+x86_64, r-patched-linux-x86_64, r-patched-solaris-x86, r-release-linux-x86_64, r-release-windows-ix86+x86_64, r-release-osx-x86_64, r-oldrel-windows-ix86+x86_64, r-oldrel-osx-x86_64