CRAN Package Check Results for Package nadiv

Last updated on 2016-07-27 02:47:08.

Flavor Version Tinstall Tcheck Ttotal Status Flags
r-devel-linux-x86_64-debian-clang 2.14.3 10.99 44.83 55.82 NOTE
r-devel-linux-x86_64-debian-gcc 2.14.3 10.30 47.59 57.89 NOTE
r-devel-linux-x86_64-fedora-clang 2.14.3 92.31 NOTE
r-devel-linux-x86_64-fedora-gcc 2.14.3 82.76 NOTE
r-devel-osx-x86_64-clang 2.14.3 72.57 NOTE
r-devel-windows-ix86+x86_64 2.14.3 39.00 110.00 149.00 NOTE
r-patched-linux-x86_64 2.14.3 7.98 45.14 53.12 NOTE
r-patched-solaris-sparc 2.14.3 521.90 NOTE
r-patched-solaris-x86 2.14.3 126.20 NOTE
r-release-linux-x86_64 2.14.3 7.95 45.52 53.47 NOTE
r-release-osx-x86_64-mavericks 2.14.3 NOTE
r-release-windows-ix86+x86_64 2.14.3 41.00 106.00 147.00 NOTE
r-oldrel-windows-ix86+x86_64 2.14.3 40.00 124.00 164.00 NOTE

Check Details

Version: 2.14.3
Check: package dependencies
Result: NOTE
    Package which this enhances but not available for checking: ‘asreml’
Flavors: r-devel-linux-x86_64-debian-clang, r-devel-linux-x86_64-debian-gcc, r-devel-linux-x86_64-fedora-clang, r-devel-linux-x86_64-fedora-gcc, r-devel-osx-x86_64-clang, r-devel-windows-ix86+x86_64, r-patched-linux-x86_64, r-patched-solaris-sparc, r-patched-solaris-x86, r-release-linux-x86_64, r-release-osx-x86_64-mavericks, r-release-windows-ix86+x86_64, r-oldrel-windows-ix86+x86_64