CRAN Package Check Results for Package nadiv

Last updated on 2016-08-24 02:48:32.

Flavor Version Tinstall Tcheck Ttotal Status Flags
r-devel-linux-x86_64-debian-clang 2.14.3 6.90 40.21 47.11 NOTE
r-devel-linux-x86_64-debian-gcc 2.14.3 6.42 39.71 46.13 NOTE
r-devel-linux-x86_64-fedora-clang 2.14.3 92.24 NOTE
r-devel-linux-x86_64-fedora-gcc 2.14.3 85.15 NOTE
r-devel-osx-x86_64-clang 2.14.3 72.86 NOTE
r-devel-windows-ix86+x86_64 2.14.3 29.00 107.00 136.00 NOTE
r-patched-linux-x86_64 2.14.3 6.47 39.12 45.59 NOTE
r-patched-solaris-sparc 2.14.3 521.90 NOTE
r-patched-solaris-x86 2.14.3 126.50 NOTE
r-release-linux-x86_64 2.14.3 6.21 39.63 45.84 NOTE
r-release-osx-x86_64-mavericks 2.14.3 NOTE
r-release-windows-ix86+x86_64 2.14.3 35.00 107.00 142.00 NOTE
r-oldrel-windows-ix86+x86_64 2.14.3 40.00 91.00 131.00 NOTE

Check Details

Version: 2.14.3
Check: package dependencies
Result: NOTE
    Package which this enhances but not available for checking: ‘asreml’
Flavors: r-devel-linux-x86_64-debian-clang, r-devel-linux-x86_64-debian-gcc, r-devel-linux-x86_64-fedora-clang, r-devel-linux-x86_64-fedora-gcc, r-devel-osx-x86_64-clang, r-devel-windows-ix86+x86_64, r-patched-linux-x86_64, r-patched-solaris-sparc, r-patched-solaris-x86, r-release-linux-x86_64, r-release-osx-x86_64-mavericks, r-release-windows-ix86+x86_64, r-oldrel-windows-ix86+x86_64