CRAN Package Check Results for Package nadiv

Last updated on 2016-04-30 03:51:18.

Flavor Version Tinstall Tcheck Ttotal Status Flags
r-devel-linux-x86_64-debian-gcc 2.14.3 5.96 39.41 45.37 NOTE
r-devel-linux-x86_64-fedora-clang 2.14.3 90.52 NOTE
r-devel-linux-x86_64-fedora-gcc 2.14.3 81.91 NOTE
r-devel-osx-x86_64-clang 2.14.3 103.44 NOTE
r-devel-windows-ix86+x86_64 2.14.3 26.00 105.00 131.00 NOTE
r-patched-linux-x86_64 2.14.3 5.87 38.97 44.84 NOTE
r-patched-solaris-sparc 2.14.3 480.70 NOTE
r-patched-solaris-x86 2.14.3 125.80 NOTE
r-release-linux-x86_64 2.14.3 6.29 43.21 49.50 NOTE
r-release-osx-x86_64-mavericks 2.14.3 NOTE
r-release-windows-ix86+x86_64 2.14.3 29.00 95.00 124.00 NOTE
r-oldrel-windows-ix86+x86_64 2.14.3 42.00 100.00 142.00 NOTE

Check Details

Version: 2.14.3
Check: package dependencies
Result: NOTE
    Package which this enhances but not available for checking: ‘asreml’
Flavors: r-devel-linux-x86_64-debian-gcc, r-devel-linux-x86_64-fedora-clang, r-devel-linux-x86_64-fedora-gcc, r-devel-osx-x86_64-clang, r-devel-windows-ix86+x86_64, r-patched-linux-x86_64, r-patched-solaris-sparc, r-patched-solaris-x86, r-release-linux-x86_64, r-release-osx-x86_64-mavericks, r-release-windows-ix86+x86_64, r-oldrel-windows-ix86+x86_64