CRAN Package Check Results for Package nadiv

Last updated on 2018-08-16 11:48:43 CEST.

Flavor Version Tinstall Tcheck Ttotal Status Flags
r-devel-linux-x86_64-debian-clang 2.16.0.0 16.13 74.11 90.24 NOTE
r-devel-linux-x86_64-debian-gcc 2.16.0.0 12.47 59.83 72.30 NOTE
r-devel-linux-x86_64-fedora-clang 2.16.0.0 110.41 NOTE
r-devel-linux-x86_64-fedora-gcc 2.16.0.0 104.44 NOTE
r-devel-windows-ix86+x86_64 2.16.0.0 38.00 141.00 179.00 NOTE
r-patched-linux-x86_64 2.16.0.0 14.38 64.57 78.95 NOTE
r-patched-solaris-x86 2.16.0.0 140.30 NOTE
r-release-linux-x86_64 2.16.0.0 14.51 64.62 79.13 NOTE
r-release-windows-ix86+x86_64 2.16.0.0 50.00 128.00 178.00 NOTE
r-release-osx-x86_64 2.16.0.0 NOTE
r-oldrel-windows-ix86+x86_64 2.16.0.0 44.00 103.00 147.00 NOTE
r-oldrel-osx-x86_64 2.16.0.0 NOTE

Check Details

Version: 2.16.0.0
Check: package dependencies
Result: NOTE
    Package which this enhances but not available for checking: ‘asreml’
Flavors: r-devel-linux-x86_64-debian-clang, r-devel-linux-x86_64-debian-gcc, r-devel-linux-x86_64-fedora-clang, r-devel-linux-x86_64-fedora-gcc, r-devel-windows-ix86+x86_64, r-patched-linux-x86_64, r-patched-solaris-x86, r-release-linux-x86_64, r-release-windows-ix86+x86_64, r-release-osx-x86_64, r-oldrel-windows-ix86+x86_64, r-oldrel-osx-x86_64