CRAN Package Check Results for Package nadiv

Last updated on 2017-08-18 11:48:00.

Flavor Version Tinstall Tcheck Ttotal Status Flags
r-devel-linux-x86_64-debian-clang 2.14.3.1 6.91 41.92 48.83 NOTE
r-devel-linux-x86_64-debian-gcc 2.14.3.1 6.32 41.35 47.67 NOTE
r-devel-linux-x86_64-fedora-clang 2.14.3.1 102.33 NOTE
r-devel-linux-x86_64-fedora-gcc 2.14.3.1 98.69 NOTE
r-devel-windows-ix86+x86_64 2.14.3.1 29.00 136.00 165.00 NOTE
r-patched-linux-x86_64 2.14.3.1 6.64 41.32 47.95 NOTE
r-patched-solaris-x86 2.14.3.1 134.70 NOTE
r-release-linux-x86_64 2.14.3.1 6.50 41.73 48.23 NOTE
r-release-windows-ix86+x86_64 2.14.3.1 46.00 86.00 132.00 NOTE
r-release-osx-x86_64 2.14.3.1 NOTE
r-oldrel-windows-ix86+x86_64 2.14.3.1 30.00 81.00 111.00 NOTE
r-oldrel-osx-x86_64 2.14.3.1 NOTE

Check Details

Version: 2.14.3.1
Check: package dependencies
Result: NOTE
    Package which this enhances but not available for checking: ‘asreml’
Flavors: r-devel-linux-x86_64-debian-clang, r-devel-linux-x86_64-debian-gcc, r-devel-linux-x86_64-fedora-clang, r-devel-linux-x86_64-fedora-gcc, r-devel-windows-ix86+x86_64, r-patched-linux-x86_64, r-patched-solaris-x86, r-release-linux-x86_64, r-release-windows-ix86+x86_64, r-release-osx-x86_64, r-oldrel-windows-ix86+x86_64, r-oldrel-osx-x86_64

Version: 2.14.3.1
Check: compiled code
Result: NOTE
    File ‘nadiv/libs/nadiv.so’:
     Found no calls to: ‘R_registerRoutines’, ‘R_useDynamicSymbols’
    
    It is good practice to register native routines and to disable symbol
    search.
    
    See ‘Writing portable packages’ in the ‘Writing R Extensions’ manual.
Flavors: r-devel-linux-x86_64-debian-clang, r-devel-linux-x86_64-debian-gcc, r-devel-linux-x86_64-fedora-clang, r-devel-linux-x86_64-fedora-gcc, r-patched-linux-x86_64, r-release-linux-x86_64