CRAN Package Check Results for Package nadiv

Last updated on 2014-04-23 17:47:49.

Flavor Version Tinstall Tcheck Ttotal Status Flags
r-devel-linux-x86_64-debian-clang 2.12 6.64 42.84 49.49 NOTE
r-devel-linux-x86_64-debian-gcc 2.12 6.87 41.78 48.65 NOTE
r-devel-linux-x86_64-fedora-clang 2.12 109.63 NOTE
r-devel-linux-x86_64-fedora-gcc 2.12 104.68 NOTE
r-devel-osx-x86_64-clang 2.12 91.03 NOTE
r-devel-osx-x86_64-gcc 2.12 NOTE
r-devel-windows-ix86+x86_64 2.12 31.00 76.00 107.00 NOTE
r-patched-linux-x86_64 2.12 6.60 42.12 48.73 NOTE
r-patched-solaris-sparc 2.12 604.90 NOTE
r-patched-solaris-x86 2.12 138.70 NOTE
r-release-linux-ix86 2.12 11.00 68.00 79.00 NOTE
r-release-linux-x86_64 2.12 6.79 41.72 48.51 NOTE
r-release-osx-x86_64-mavericks 2.12 WARN
r-release-osx-x86_64-snowleopard 2.12 NOTE
r-release-windows-ix86+x86_64 2.12 30.00 79.00 109.00 NOTE
r-oldrel-windows-ix86+x86_64 2.12 31.00 77.00 108.00 NOTE

Memtest notes: valgrind

Check Details

Version: 2.12
Check: package dependencies
Result: NOTE
    Package suggested but not available for checking: ‘asreml’
Flavors: r-devel-linux-x86_64-debian-clang, r-devel-linux-x86_64-debian-gcc, r-devel-linux-x86_64-fedora-clang, r-devel-linux-x86_64-fedora-gcc, r-devel-osx-x86_64-clang, r-devel-osx-x86_64-gcc, r-devel-windows-ix86+x86_64, r-patched-linux-x86_64, r-patched-solaris-sparc, r-patched-solaris-x86, r-release-linux-ix86, r-release-linux-x86_64, r-release-osx-x86_64-mavericks, r-release-osx-x86_64-snowleopard, r-release-windows-ix86+x86_64, r-oldrel-windows-ix86+x86_64

Version: 2.12
Check: dependencies in R code
Result: NOTE
    Unavailable namespace imported from by a ':::' call: ‘asreml’
     See the note in ?`:::` about the use of this operator.
    See the information on DESCRIPTION files in the chapter ‘Creating R
    packages’ of the ‘Writing R Extensions’ manual.
Flavors: r-devel-linux-x86_64-debian-clang, r-devel-linux-x86_64-debian-gcc, r-devel-linux-x86_64-fedora-clang, r-devel-linux-x86_64-fedora-gcc, r-devel-osx-x86_64-clang, r-devel-osx-x86_64-gcc, r-devel-windows-ix86+x86_64, r-patched-linux-x86_64, r-patched-solaris-sparc, r-patched-solaris-x86, r-release-linux-ix86, r-release-linux-x86_64, r-release-osx-x86_64-mavericks, r-release-osx-x86_64-snowleopard, r-release-windows-ix86+x86_64, r-oldrel-windows-ix86+x86_64

Version: 2.12
Check: R code for possible problems
Result: NOTE
    constrainFun: no visible global function definition for ‘update.asreml’
    proLik: no visible global function definition for ‘update.asreml’
Flavors: r-devel-linux-x86_64-debian-clang, r-devel-linux-x86_64-debian-gcc, r-devel-linux-x86_64-fedora-clang, r-devel-linux-x86_64-fedora-gcc, r-devel-osx-x86_64-clang, r-devel-osx-x86_64-gcc, r-patched-linux-x86_64, r-patched-solaris-sparc, r-patched-solaris-x86, r-release-linux-ix86, r-release-linux-x86_64, r-release-osx-x86_64-mavericks, r-release-osx-x86_64-snowleopard

Version: 2.12
Check: R code for possible problems
Result: NOTE
    constrainFun: no visible global function definition for 'update.asreml'
    proLik: no visible global function definition for 'update.asreml'
    proLik: no visible global function definition for 'mcparallel'
    proLik: no visible global function definition for 'mccollect'
Flavors: r-devel-windows-ix86+x86_64, r-release-windows-ix86+x86_64, r-oldrel-windows-ix86+x86_64

Version: 2.12
Check: PDF version of manual
Result: WARNING
    LaTeX errors when creating PDF version.
    This typically indicates Rd problems.
    LaTeX errors found:
    ! LaTeX Error: File `upquote.sty' not found.
    
    Type X to quit or <RETURN> to proceed,
    or enter new name. (Default extension: sty)
    
    a9d76ce/Rd2.tex:8: ==> Fatal error occurred, no output PDF file produced!
Flavor: r-release-osx-x86_64-mavericks