CRAN Package Check Results for Package nadiv

Last updated on 2017-01-20 07:49:49.

Flavor Version Tinstall Tcheck Ttotal Status Flags
r-devel-linux-x86_64-debian-clang 2.14.3.1 6.77 39.88 46.65 NOTE
r-devel-linux-x86_64-debian-gcc 2.14.3.1 6.40 40.31 46.71 NOTE
r-devel-linux-x86_64-fedora-clang 2.14.3.1 98.48 NOTE --no-stop-on-test-error
r-devel-linux-x86_64-fedora-gcc 2.14.3.1 95.62 NOTE --no-stop-on-test-error
r-devel-macos-x86_64-clang 2.14.3.1 77.07 NOTE --no-stop-on-test-error
r-devel-windows-ix86+x86_64 2.14.3.1 34.00 169.00 203.00 NOTE
r-patched-linux-x86_64 2.14.3.1 5.86 36.24 42.10 NOTE
r-patched-solaris-sparc 2.14.3.1 513.40 NOTE
r-patched-solaris-x86 2.14.3.1 124.00 NOTE
r-release-linux-x86_64 2.14.3.1 6.16 36.16 42.32 NOTE
r-release-osx-x86_64-mavericks 2.14.3.1 NOTE
r-release-windows-ix86+x86_64 2.14.3.1 24.00 99.00 123.00 NOTE
r-oldrel-windows-ix86+x86_64 2.14.3.1 33.00 111.00 144.00 NOTE

Check Details

Version: 2.14.3.1
Check: package dependencies
Result: NOTE
    Package which this enhances but not available for checking: ‘asreml’
Flavors: r-devel-linux-x86_64-debian-clang, r-devel-linux-x86_64-debian-gcc, r-devel-windows-ix86+x86_64, r-patched-linux-x86_64, r-patched-solaris-sparc, r-patched-solaris-x86, r-release-linux-x86_64, r-release-osx-x86_64-mavericks, r-release-windows-ix86+x86_64, r-oldrel-windows-ix86+x86_64

Version: 2.14.3.1
Flags: --no-stop-on-test-error
Check: package dependencies
Result: NOTE
    Package which this enhances but not available for checking: ‘asreml’
Flavors: r-devel-linux-x86_64-fedora-clang, r-devel-linux-x86_64-fedora-gcc, r-devel-macos-x86_64-clang