CRAN Package Check Results for Package nadiv

Last updated on 2018-05-24 01:46:39 CEST.

Flavor Version Tinstall Tcheck Ttotal Status Flags
r-devel-linux-x86_64-debian-clang 2.16.0.0 14.89 67.10 81.99 NOTE
r-devel-linux-x86_64-debian-gcc 2.16.0.0 11.42 58.29 69.71 NOTE
r-devel-linux-x86_64-fedora-clang 2.16.0.0 112.82 NOTE
r-devel-linux-x86_64-fedora-gcc 2.16.0.0 102.85 NOTE
r-devel-windows-ix86+x86_64 2.16.0.0 48.00 146.00 194.00 NOTE
r-patched-linux-x86_64 2.16.0.0 14.60 64.01 78.61 NOTE
r-patched-solaris-x86 2.16.0.0 146.40 NOTE
r-release-linux-x86_64 2.16.0.0 15.89 63.78 79.67 NOTE
r-release-windows-ix86+x86_64 2.16.0.0 52.00 103.00 155.00 NOTE
r-release-osx-x86_64 2.16.0.0 NOTE
r-oldrel-windows-ix86+x86_64 2.16.0.0 47.00 136.00 183.00 NOTE
r-oldrel-osx-x86_64 2.14.3.1 NOTE

Check Details

Version: 2.16.0.0
Check: package dependencies
Result: NOTE
    Package which this enhances but not available for checking: ‘asreml’
Flavors: r-devel-linux-x86_64-debian-clang, r-devel-linux-x86_64-debian-gcc, r-devel-linux-x86_64-fedora-clang, r-devel-linux-x86_64-fedora-gcc, r-devel-windows-ix86+x86_64, r-patched-linux-x86_64, r-patched-solaris-x86, r-release-linux-x86_64, r-release-windows-ix86+x86_64, r-release-osx-x86_64, r-oldrel-windows-ix86+x86_64

Version: 2.14.3.1
Check: package dependencies
Result: NOTE
    Package which this enhances but not available for checking: ‘asreml’
Flavor: r-oldrel-osx-x86_64