CRAN Package Check Results for Package naivebayes

Last updated on 2021-12-03 15:52:25 CET.

Flavor Version Tinstall Tcheck Ttotal Status Flags
r-devel-linux-x86_64-debian-clang 0.9.7 4.20 63.07 67.27 OK
r-devel-linux-x86_64-debian-gcc 0.9.7 3.95 52.64 56.59 OK
r-devel-linux-x86_64-fedora-clang 0.9.7 94.67 WARN
r-devel-linux-x86_64-fedora-gcc 0.9.7 82.83 WARN
r-devel-windows-x86_64-new-UL 0.9.7 12.00 137.00 149.00 OK
r-devel-windows-x86_64-new-TK 0.9.7 WARN
r-devel-windows-x86_64-old 0.9.7 8.00 83.00 91.00 OK
r-patched-linux-x86_64 0.9.7 4.93 45.56 50.49 OK
r-release-linux-x86_64 0.9.7 4.50 45.74 50.24 OK
r-release-macos-arm64 0.9.7 OK
r-release-macos-x86_64 0.9.7 OK
r-release-windows-ix86+x86_64 0.9.7 8.00 78.00 86.00 OK
r-oldrel-macos-x86_64 0.9.7 OK
r-oldrel-windows-ix86+x86_64 0.9.7 28.00 77.00 105.00 OK

Check Details

Version: 0.9.7
Check: re-building of vignette outputs
Result: WARN
    Error(s) in re-building vignettes:
    --- re-building ‘intro_naivebayes.Rnw’ using knitr
    Error: processing vignette 'intro_naivebayes.Rnw' failed with diagnostics:
    Running 'texi2dvi' on 'intro_naivebayes.tex' failed.
    LaTeX errors:
    ! Package xcolor Error: Undefined color `fgcolor'.
    
    See the xcolor package documentation for explanation.
    Type H <return> for immediate help.
     ...
    ! Package xcolor Error: Undefined color `fgcolor'.
    
    See the xcolor package documentation for explanation.
    Type H <return> for immediate help.
     ...
    ! Package xcolor Error: Undefined color `fgcolor'.
    
    See the xcolor package documentation for explanation.
    Type H <return> for immediate help.
     ...
    ! Package xcolor Error: Undefined color `fgcolor'.
    
    See the xcolor package documentation for explanation.
    Type H <return> for immediate help.
     ...
    ! Package xcolor Error: Undefined color `messagecolor'.
    
    See the xcolor package documentation for explanation.
    Type H <return> for immediate help.
     ...
    ! Package xcolor Error: Undefined color `fgcolor'.
    
    See the xcolor package documentation for explanation.
    Type H <return> for immediate help.
     ...
    ! Package xcolor Error: Undefined color `fgcolor'.
    
    See the xcolor package documentation for explanation.
    Type H <return> for immediate help.
     ...
    ! Package xcolor Error: Undefined color `fgcolor'.
    
    See the xcolor package documentation for explanation.
    Type H <return> for immediate help.
     ...
    ! Package xcolor Error: Undefined color `fgcolor'.
    
    See the xcolor package documentation for explanation.
    Type H <return> for immediate help.
     ...
    ! Package xcolor Error: Undefined color `fgcolor'.
    
    See the xcolor package documentation for explanation.
    Type H <return> for immediate help.
     ...
    --- failed re-building ‘intro_naivebayes.Rnw’
    
    SUMMARY: processing the following file failed:
     ‘intro_naivebayes.Rnw’
    
    Error: Vignette re-building failed.
    Execution halted
Flavors: r-devel-linux-x86_64-fedora-clang, r-devel-linux-x86_64-fedora-gcc

Version: 0.9.7
Check: re-building of vignette outputs
Result: WARN
    Error(s) in re-building vignettes:
    --- re-building 'intro_naivebayes.Rnw' using knitr
    Warning in system(paste(shQuote(texi2dvi), if (quiet) "--quiet" else "", :
     running command '"C:\PROGRA~1\MiKTeX\miktex\bin\x64\texify.exe" --quiet --pdf "intro_naivebayes.tex" --max-iterations=20 -I "C:/r_packages/rinst/share/texmf/tex/latex" -I "C:/r_packages/rinst/share/texmf/bibtex/bst"' had status 1
    Error: processing vignette 'intro_naivebayes.Rnw' failed with diagnostics:
    running 'texi2dvi' on 'intro_naivebayes.tex' failed
    
    LaTeX errors:
    ignettes/intro_naivebayes.tex:119: Package xcolor Error: Undefined color `fgcol
    or'.
    
    See the xcolor package documentation for explanation.
    Type H <return> for immediate help.
    ignettes/intro_naivebayes.tex:129: Package xcolor Error: Undefined color `fgcol
    or'.
    
    See the xcolor package documentation for explanation.
    Type H <return> for immediate help.
    ignettes/intro_naivebayes.tex:140: Package xcolor Error: Undefined color `fgcol
    or'.
    
    See the xcolor package documentation for explanation.
    Type H <return> for immediate help.
    ignettes/intro_naivebayes.tex:385: Package xcolor Error: Undefined color `fgcol
    or'.
    
    See the xcolor package documentation for explanation.
    Type H <return> for immediate help.
    ignettes/intro_naivebayes.tex:391: Package xcolor Error: Undefined color `messa
    gecolor'.
    
    See the xcolor package documentation for explanation.
    Type H <return> for immediate help.
    ignettes/intro_naivebayes.tex:501: Package xcolor Error: Undefined color `fgcol
    or'.
    
    See the xcolor package documentation for explanation.
    Type H <return> for immediate help.
    ignettes/intro_naivebayes.tex:536: Package xcolor Error: Undefined color `fgcol
    or'.
    
    See the xcolor package documentation for explanation.
    Type H <return> for immediate help.
    ignettes/intro_naivebayes.tex:623: Package xcolor Error: Undefined color `fgcol
    or'.
    
    See the xcolor package documentation for explanation.
    Type H <return> for immediate help.
    ignettes/intro_naivebayes.tex:650: Package xcolor Error: Undefined color `fgcol
    or'.
    
    See the xcolor package documentation for explanation.
    Type H <return> for immediate help.
    ignettes/intro_naivebayes.tex:717: Package xcolor Error: Undefined color `fgcol
    or'.
    
    See the xcolor package documentation for explanation.
    Type H <return> for immediate help.
    
    --- failed re-building 'intro_naivebayes.Rnw'
    
    SUMMARY: processing the following file failed:
     'intro_naivebayes.Rnw'
    
    Error: Vignette re-building failed.
    Execution halted
Flavor: r-devel-windows-x86_64-new-TK