CRAN Package Check Results for Package nanop

Last updated on 2016-08-28 08:47:26.

Flavor Version Tinstall Tcheck Ttotal Status Flags
r-devel-linux-x86_64-debian-clang 2.0-6 2.47 49.60 52.07 OK
r-devel-linux-x86_64-debian-gcc 2.0-6 2.83 48.53 51.36 OK
r-devel-linux-x86_64-fedora-clang 2.0-6 86.71 OK
r-devel-linux-x86_64-fedora-gcc 2.0-6 83.82 OK
r-devel-osx-x86_64-clang 2.0-6 58.15 OK
r-devel-windows-ix86+x86_64 2.0-6 12.00 120.00 132.00 OK
r-patched-linux-x86_64 2.0-6 2.69 47.61 50.29 OK
r-patched-solaris-sparc 2.0-6 633.20 OK
r-patched-solaris-x86 2.0-6 113.00 OK
r-release-linux-x86_64 2.0-6 2.53 48.26 50.79 OK
r-release-osx-x86_64-mavericks 2.0-6 NOTE
r-release-windows-ix86+x86_64 2.0-6 12.00 106.00 118.00 OK
r-oldrel-windows-ix86+x86_64 2.0-6 10.00 136.00 146.00 OK

Check Details

Version: 2.0-6
Check: dependencies in R code
Result: NOTE
    Invalid MIT-MAGIC-COOKIE-1 key
Flavor: r-release-osx-x86_64-mavericks