CRAN Package Check Results for Package nanop

Last updated on 2015-07-29 08:50:10.

Flavor Version Tinstall Tcheck Ttotal Status Flags
r-devel-linux-x86_64-debian-clang 2.0-5 1.65 41.16 42.82 NOTE
r-devel-linux-x86_64-debian-gcc 2.0-5 2.52 37.74 40.27 NOTE
r-devel-linux-x86_64-fedora-clang 2.0-5 77.56 NOTE
r-devel-linux-x86_64-fedora-gcc 2.0-5 75.39 NOTE
r-devel-osx-x86_64-clang 2.0-5 54.81 OK
r-devel-windows-ix86+x86_64 2.0-5 9.00 99.00 108.00 NOTE
r-patched-linux-x86_64 2.0-5 2.62 38.70 41.32 OK
r-patched-solaris-sparc 2.0-5 637.20 OK
r-patched-solaris-x86 2.0-5 116.20 OK
r-release-linux-x86_64 2.0-5 2.55 39.48 42.03 OK
r-release-osx-x86_64-mavericks 2.0-5 OK
r-release-windows-ix86+x86_64 2.0-5 13.00 101.00 114.00 OK
r-oldrel-windows-ix86+x86_64 2.0-5 10.00 99.00 109.00 OK

Check Details

Version: 2.0-5
Check: R code for possible problems
Result: NOTE
    IqSASP: no visible global function definition for ‘qlnorm’
    IqSASP: no visible global function definition for ‘dlnorm’
    calcQDepPDFAux: no visible global function definition for ‘approx’
    displacePart: no visible global function definition for ‘runif’
    displacePart: no visible global function definition for ‘rnorm’
    getScatterFactor: no visible global function definition for ‘read.csv’
    rss: no visible global function definition for ‘relist’
    rss: no visible global function definition for ‘rlnorm’
    rss: no visible global function definition for ‘rnorm’
    simPart: no visible global function definition for ‘runif’
    Undefined global functions or variables:
     approx dlnorm qlnorm read.csv relist rlnorm rnorm runif
    Consider adding
     importFrom("stats", "approx", "dlnorm", "qlnorm", "rlnorm", "rnorm",
     "runif")
     importFrom("utils", "read.csv", "relist")
    to your NAMESPACE.
Flavors: r-devel-linux-x86_64-debian-clang, r-devel-linux-x86_64-debian-gcc, r-devel-linux-x86_64-fedora-clang, r-devel-linux-x86_64-fedora-gcc, r-devel-windows-ix86+x86_64