CRAN Package Check Results for Package nanop

Last updated on 2017-11-21 07:50:10 CET.

Flavor Version Tinstall Tcheck Ttotal Status Flags
r-devel-linux-x86_64-debian-clang 2.0-6 2.54 41.03 43.57 NOTE
r-devel-linux-x86_64-debian-gcc 2.0-6 3.90 39.89 43.79 NOTE
r-devel-linux-x86_64-fedora-clang 2.0-6 78.12 NOTE
r-devel-linux-x86_64-fedora-gcc 2.0-6 83.13 NOTE
r-devel-windows-ix86+x86_64 2.0-6 10.00 112.00 122.00 OK
r-patched-linux-x86_64 2.0-6 4.82 41.72 46.54 NOTE
r-patched-solaris-x86 2.0-6 110.60 OK
r-release-linux-x86_64 2.0-6 2.79 42.77 45.56 NOTE
r-release-windows-ix86+x86_64 2.0-6 11.00 130.00 141.00 OK
r-release-osx-x86_64 2.0-6 OK
r-oldrel-windows-ix86+x86_64 2.0-6 9.00 126.00 135.00 OK
r-oldrel-osx-x86_64 2.0-6 NOTE

Check Details

Version: 2.0-6
Check: compiled code
Result: NOTE
    File ‘nanop/libs/nanop.so’:
     Found no calls to: ‘R_registerRoutines’, ‘R_useDynamicSymbols’
    
    It is good practice to register native routines and to disable symbol
    search.
    
    See ‘Writing portable packages’ in the ‘Writing R Extensions’ manual.
Flavors: r-devel-linux-x86_64-debian-clang, r-devel-linux-x86_64-debian-gcc, r-devel-linux-x86_64-fedora-clang, r-devel-linux-x86_64-fedora-gcc, r-patched-linux-x86_64, r-release-linux-x86_64

Version: 2.0-6
Check: dependencies in R code
Result: NOTE
    Invalid MIT-MAGIC-COOKIE-1 key
Flavor: r-oldrel-osx-x86_64