CRAN Package Check Results for Package nanop

Last updated on 2014-08-22 08:49:13.

Flavor Version Tinstall Tcheck Ttotal Status Flags
r-devel-linux-x86_64-debian-clang 2.0-3 1.60 45.11 46.71 OK
r-devel-linux-x86_64-debian-gcc 2.0-3 2.96 45.96 48.92 OK
r-devel-linux-x86_64-fedora-clang 2.0-3 90.02 NOTE
r-devel-linux-x86_64-fedora-gcc 2.0-3 87.13 NOTE
r-devel-osx-x86_64-clang 2.0-3 68.53 NOTE
r-devel-windows-ix86+x86_64 2.0-3 8.00 102.00 110.00 OK
r-patched-linux-x86_64 2.0-3 2.74 45.04 47.77 OK
r-patched-solaris-sparc 2.0-3 707.20 OK
r-patched-solaris-x86 2.0-3 129.30 OK
r-release-linux-ix86 2.0-3 3.29 79.60 82.89 OK
r-release-linux-x86_64 2.0-3 2.82 44.98 47.80 OK
r-release-osx-x86_64-mavericks 2.0-3 OK
r-release-osx-x86_64-snowleopard 2.0-3 OK
r-release-windows-ix86+x86_64 2.0-3 8.00 105.00 113.00 OK
r-oldrel-windows-ix86+x86_64 2.0-3 9.00 113.00 122.00 OK

Check Details

Version: 2.0-3
Check: R code for possible problems
Result: NOTE
    getScatterFactor: no visible binding for global variable ‘fpe’
Flavors: r-devel-linux-x86_64-fedora-clang, r-devel-linux-x86_64-fedora-gcc, r-devel-osx-x86_64-clang