CRAN Package Check Results for Package nanop

Last updated on 2018-04-19 10:47:06 CEST.

Flavor Version Tinstall Tcheck Ttotal Status Flags
r-devel-linux-x86_64-debian-clang 2.0-6 7.11 50.74 57.85 NOTE
r-devel-linux-x86_64-debian-gcc 2.0-6 7.48 40.54 48.02 NOTE
r-devel-linux-x86_64-fedora-clang 2.0-6 76.31 NOTE
r-devel-linux-x86_64-fedora-gcc 2.0-6 71.39 NOTE
r-devel-windows-ix86+x86_64 2.0-6 21.00 118.00 139.00 OK
r-devel-osx-x86_64 2.0-6 OK
r-patched-linux-x86_64 2.0-6 9.03 53.88 62.91 NOTE
r-patched-solaris-x86 2.0-6 123.00 OK
r-release-linux-x86_64 2.0-6 4.73 64.49 69.22 NOTE
r-release-windows-ix86+x86_64 2.0-6 9.00 135.00 144.00 OK
r-release-osx-x86_64 2.0-6 OK
r-oldrel-windows-ix86+x86_64 2.0-6 15.00 126.00 141.00 OK

Check Details

Version: 2.0-6
Check: compiled code
Result: NOTE
    File ‘nanop/libs/nanop.so’:
     Found no calls to: ‘R_registerRoutines’, ‘R_useDynamicSymbols’
    
    It is good practice to register native routines and to disable symbol
    search.
    
    See ‘Writing portable packages’ in the ‘Writing R Extensions’ manual.
Flavors: r-devel-linux-x86_64-debian-clang, r-devel-linux-x86_64-debian-gcc, r-devel-linux-x86_64-fedora-clang, r-devel-linux-x86_64-fedora-gcc, r-patched-linux-x86_64, r-release-linux-x86_64