CRAN Package Check Results for Package nanop

Last updated on 2016-05-26 21:49:33.

Flavor Version Tinstall Tcheck Ttotal Status Flags
r-devel-linux-x86_64-debian-gcc 2.0-6 2.81 39.86 42.67 OK
r-devel-linux-x86_64-fedora-clang 2.0-6 75.72 OK
r-devel-linux-x86_64-fedora-gcc 2.0-6 72.71 OK
r-devel-osx-x86_64-clang 2.0-6 81.90 OK
r-devel-windows-ix86+x86_64 2.0-6 8.00 108.00 116.00 OK
r-patched-linux-x86_64 2.0-6 2.63 39.13 41.76 OK
r-patched-solaris-sparc 2.0-6 634.40 OK
r-patched-solaris-x86 2.0-6 113.70 OK
r-release-linux-x86_64 2.0-6 2.64 39.49 42.13 OK
r-release-osx-x86_64-mavericks 2.0-6 NOTE
r-release-windows-ix86+x86_64 2.0-6 12.00 90.00 102.00 OK
r-oldrel-windows-ix86+x86_64 2.0-6 8.00 139.00 147.00 OK

Check Details

Version: 2.0-6
Check: dependencies in R code
Result: NOTE
    Invalid MIT-MAGIC-COOKIE-1 key
Flavor: r-release-osx-x86_64-mavericks