CRAN Package Check Results for Package nanop

Last updated on 2017-03-27 05:48:02.

Flavor Version Tinstall Tcheck Ttotal Status Flags
r-devel-linux-x86_64-debian-clang 2.0-6 2.79 43.17 45.97 NOTE
r-devel-linux-x86_64-debian-gcc 2.0-6 2.86 40.67 43.53 NOTE
r-devel-linux-x86_64-fedora-clang 2.0-6 89.81 NOTE --no-stop-on-test-error
r-devel-linux-x86_64-fedora-gcc 2.0-6 87.19 NOTE --no-stop-on-test-error
r-devel-macos-x86_64-clang 2.0-6 59.03 NOTE --no-stop-on-test-error
r-patched-linux-x86_64 2.0-6 3.18 40.36 43.53 NOTE
r-patched-solaris-sparc 2.0-6 631.90 OK
r-patched-solaris-x86 2.0-6 118.90 OK
r-release-linux-x86_64 2.0-6 2.73 40.36 43.09 OK
r-release-osx-x86_64-mavericks 2.0-6 NOTE
r-release-windows-ix86+x86_64 2.0-6 12.00 103.00 115.00 OK
r-oldrel-windows-ix86+x86_64 2.0-6 9.00 98.00 107.00 OK

Check Details

Version: 2.0-6
Check: compiled code
Result: NOTE
    File ‘nanop/libs/nanop.so’:
     Found no calls to: ‘R_registerRoutines’, ‘R_useDynamicSymbols’
    
    It is good practice to register native routines and to disable symbol
    search.
    
    See ‘Writing portable packages’ in the ‘Writing R Extensions’ manual.
Flavors: r-devel-linux-x86_64-debian-clang, r-devel-linux-x86_64-debian-gcc, r-patched-linux-x86_64

Version: 2.0-6
Flags: --no-stop-on-test-error
Check: compiled code
Result: NOTE
    File ‘nanop/libs/nanop.so’:
     Found no calls to: ‘R_registerRoutines’, ‘R_useDynamicSymbols’
    
    It is good practice to register native routines and to disable symbol
    search.
    
    See ‘Writing portable packages’ in the ‘Writing R Extensions’ manual.
Flavors: r-devel-linux-x86_64-fedora-clang, r-devel-linux-x86_64-fedora-gcc, r-devel-macos-x86_64-clang

Version: 2.0-6
Check: dependencies in R code
Result: NOTE
    Invalid MIT-MAGIC-COOKIE-1 key
Flavor: r-release-osx-x86_64-mavericks