CRAN Package Check Results for Package nanop

Last updated on 2015-09-03 18:47:13.

Flavor Version Tinstall Tcheck Ttotal Status Flags
r-devel-linux-x86_64-debian-clang 2.0-5 1.64 39.48 41.12 NOTE
r-devel-linux-x86_64-debian-gcc 2.0-5 2.80 38.10 40.91 NOTE
r-devel-linux-x86_64-fedora-clang 2.0-5 77.35 NOTE
r-devel-linux-x86_64-fedora-gcc 2.0-5 72.85 NOTE
r-devel-osx-x86_64-clang 2.0-5 61.44 OK
r-devel-windows-ix86+x86_64 2.0-5 13.00 124.00 137.00 NOTE
r-patched-linux-x86_64 2.0-5 2.64 39.02 41.66 OK
r-patched-solaris-sparc 2.0-5 637.20 OK
r-patched-solaris-x86 2.0-5 115.30 OK
r-release-linux-x86_64 2.0-5 2.59 39.25 41.84 OK
r-release-osx-x86_64-mavericks 2.0-5 OK
r-release-windows-ix86+x86_64 2.0-5 11.00 127.00 138.00 OK
r-oldrel-windows-ix86+x86_64 2.0-5 12.00 115.00 127.00 OK

Check Details

Version: 2.0-5
Check: R code for possible problems
Result: NOTE
    IqSASP: no visible global function definition for ‘qlnorm’
    IqSASP: no visible global function definition for ‘dlnorm’
    calcQDepPDFAux: no visible global function definition for ‘approx’
    displacePart: no visible global function definition for ‘runif’
    displacePart: no visible global function definition for ‘rnorm’
    getScatterFactor: no visible global function definition for ‘read.csv’
    rss: no visible global function definition for ‘relist’
    rss: no visible global function definition for ‘rlnorm’
    rss: no visible global function definition for ‘rnorm’
    simPart: no visible global function definition for ‘runif’
    Undefined global functions or variables:
     approx dlnorm qlnorm read.csv relist rlnorm rnorm runif
    Consider adding
     importFrom("stats", "approx", "dlnorm", "qlnorm", "rlnorm", "rnorm",
     "runif")
     importFrom("utils", "read.csv", "relist")
    to your NAMESPACE.
Flavors: r-devel-linux-x86_64-debian-clang, r-devel-linux-x86_64-debian-gcc, r-devel-linux-x86_64-fedora-clang, r-devel-linux-x86_64-fedora-gcc, r-devel-windows-ix86+x86_64