CRAN Package Check Results for Package nanop

Last updated on 2016-07-26 05:49:04.

Flavor Version Tinstall Tcheck Ttotal Status Flags
r-devel-linux-x86_64-debian-clang 2.0-6 3.28 53.22 56.50 OK
r-devel-linux-x86_64-debian-gcc 2.0-6 3.76 52.61 56.37 OK
r-devel-linux-x86_64-fedora-clang 2.0-6 75.03 OK
r-devel-linux-x86_64-fedora-gcc 2.0-6 72.38 OK
r-devel-osx-x86_64-clang 2.0-6 57.86 OK
r-devel-windows-ix86+x86_64 2.0-6 12.00 121.00 133.00 OK
r-patched-linux-x86_64 2.0-6 3.04 54.78 57.81 OK
r-patched-solaris-sparc 2.0-6 633.20 OK
r-patched-solaris-x86 2.0-6 114.10 OK
r-release-linux-x86_64 2.0-6 2.98 53.48 56.46 OK
r-release-osx-x86_64-mavericks 2.0-6 NOTE
r-release-windows-ix86+x86_64 2.0-6 13.00 120.00 133.00 OK
r-oldrel-windows-ix86+x86_64 2.0-6 12.00 129.00 141.00 OK

Check Details

Version: 2.0-6
Check: dependencies in R code
Result: NOTE
    Invalid MIT-MAGIC-COOKIE-1 key
Flavor: r-release-osx-x86_64-mavericks