CRAN Package Check Results for Package nanop

Last updated on 2016-06-27 10:47:59.

Flavor Version Tinstall Tcheck Ttotal Status Flags
r-devel-linux-x86_64-debian-gcc 2.0-6 2.80 39.93 42.73 OK
r-devel-linux-x86_64-fedora-clang 2.0-6 78.61 OK
r-devel-linux-x86_64-fedora-gcc 2.0-6 71.36 OK
r-devel-osx-x86_64-clang 2.0-6 57.57 OK
r-devel-windows-ix86+x86_64 2.0-6 9.00 91.00 100.00 OK
r-patched-linux-x86_64 2.0-6 2.81 40.90 43.71 OK
r-patched-solaris-sparc 2.0-6 633.20 OK
r-patched-solaris-x86 2.0-6 114.50 OK
r-release-linux-x86_64 2.0-6 2.77 41.25 44.02 OK
r-release-osx-x86_64-mavericks 2.0-6 NOTE
r-release-windows-ix86+x86_64 2.0-6 8.00 108.00 116.00 OK
r-oldrel-windows-ix86+x86_64 2.0-6 13.00 127.00 140.00 OK

Check Details

Version: 2.0-6
Check: dependencies in R code
Result: NOTE
    Invalid MIT-MAGIC-COOKIE-1 key
Flavor: r-release-osx-x86_64-mavericks