CRAN Package Check Results for Package nanop

Last updated on 2016-09-30 12:50:28.

Flavor Version Tinstall Tcheck Ttotal Status Flags
r-devel-linux-x86_64-debian-clang 2.0-6 2.52 50.56 53.08 OK
r-devel-linux-x86_64-debian-gcc 2.0-6 2.91 48.26 51.17 OK
r-devel-linux-x86_64-fedora-clang 2.0-6 90.31 OK
r-devel-linux-x86_64-fedora-gcc 2.0-6 83.24 OK
r-devel-macos-x86_64-clang 2.0-6 56.23 OK
r-devel-windows-ix86+x86_64 2.0-6 16.00 121.00 137.00 OK
r-patched-linux-x86_64 2.0-6 2.71 48.18 50.89 OK
r-patched-solaris-sparc 2.0-6 633.20 OK
r-patched-solaris-x86 2.0-6 112.70 OK
r-release-linux-x86_64 2.0-6 2.72 49.70 52.42 OK
r-release-osx-x86_64-mavericks 2.0-6 NOTE
r-release-windows-ix86+x86_64 2.0-6 9.00 137.00 146.00 OK
r-oldrel-windows-ix86+x86_64 2.0-6 14.00 128.00 142.00 OK

Check Details

Version: 2.0-6
Check: dependencies in R code
Result: NOTE
    Invalid MIT-MAGIC-COOKIE-1 key
Flavor: r-release-osx-x86_64-mavericks