CRAN Package Check Results for Package nanop

Last updated on 2016-12-03 15:47:34.

Flavor Version Tinstall Tcheck Ttotal Status Flags
r-devel-linux-x86_64-debian-clang 2.0-6 2.68 52.45 55.12 OK
r-devel-linux-x86_64-debian-gcc 2.0-6 2.96 49.71 52.68 OK
r-devel-linux-x86_64-fedora-clang 2.0-6 92.58 OK
r-devel-linux-x86_64-fedora-gcc 2.0-6 90.39 OK
r-devel-macos-x86_64-clang 2.0-6 60.97 OK
r-devel-windows-ix86+x86_64 2.0-6 9.00 131.00 140.00 OK
r-patched-linux-x86_64 2.0-6 2.59 48.25 50.84 OK
r-patched-solaris-sparc 2.0-6 633.20 OK
r-patched-solaris-x86 2.0-6 113.20 OK
r-release-linux-x86_64 2.0-6 2.63 48.80 51.42 OK
r-release-osx-x86_64-mavericks 2.0-6 NOTE
r-release-windows-ix86+x86_64 2.0-6 13.00 127.00 140.00 OK
r-oldrel-windows-ix86+x86_64 2.0-6 11.00 115.00 126.00 OK

Check Details

Version: 2.0-6
Check: dependencies in R code
Result: NOTE
    Invalid MIT-MAGIC-COOKIE-1 key
Flavor: r-release-osx-x86_64-mavericks