CRAN Package Check Results for Package nanop

Last updated on 2017-05-27 14:47:10.

Flavor Version Tinstall Tcheck Ttotal Status Flags
r-devel-linux-x86_64-debian-clang 2.0-6 2.81 43.88 46.69 NOTE
r-devel-linux-x86_64-debian-gcc 2.0-6 3.23 42.82 46.05 NOTE
r-devel-linux-x86_64-fedora-clang 2.0-6 91.43 NOTE
r-devel-linux-x86_64-fedora-gcc 2.0-6 87.32 NOTE
r-devel-windows-ix86+x86_64 2.0-6 9.00 105.00 114.00 OK
r-patched-linux-x86_64 2.0-6 4.24 41.41 45.65 NOTE
r-patched-solaris-sparc 2.0-6 631.90 OK
r-patched-solaris-x86 2.0-6 118.10 OK
r-release-linux-x86_64 2.0-6 3.07 41.55 44.61 NOTE
r-release-windows-ix86+x86_64 2.0-6 9.00 101.00 110.00 OK
r-release-osx-x86_64 2.0-6 OK
r-oldrel-windows-ix86+x86_64 2.0-6 15.00 101.00 116.00 OK
r-oldrel-osx-x86_64 2.0-6 NOTE

Check Details

Version: 2.0-6
Check: compiled code
Result: NOTE
    File ‘nanop/libs/nanop.so’:
     Found no calls to: ‘R_registerRoutines’, ‘R_useDynamicSymbols’
    
    It is good practice to register native routines and to disable symbol
    search.
    
    See ‘Writing portable packages’ in the ‘Writing R Extensions’ manual.
Flavors: r-devel-linux-x86_64-debian-clang, r-devel-linux-x86_64-debian-gcc, r-devel-linux-x86_64-fedora-clang, r-devel-linux-x86_64-fedora-gcc, r-patched-linux-x86_64, r-release-linux-x86_64

Version: 2.0-6
Check: dependencies in R code
Result: NOTE
    Invalid MIT-MAGIC-COOKIE-1 key
Flavor: r-oldrel-osx-x86_64