CRAN Package Check Results for Package nanop

Last updated on 2017-02-23 15:48:31.

Flavor Version Tinstall Tcheck Ttotal Status Flags
r-devel-linux-x86_64-debian-clang 2.0-6 2.63 42.02 44.65 NOTE
r-devel-linux-x86_64-debian-gcc 2.0-6 2.86 40.72 43.58 NOTE
r-devel-linux-x86_64-fedora-clang 2.0-6 90.89 NOTE --no-stop-on-test-error
r-devel-linux-x86_64-fedora-gcc 2.0-6 87.00 NOTE --no-stop-on-test-error
r-devel-macos-x86_64-clang 2.0-6 58.48 NOTE --no-stop-on-test-error
r-devel-windows-ix86+x86_64 2.0-6 12.00 167.00 179.00 OK
r-patched-linux-x86_64 2.0-6 2.60 40.75 43.35 OK
r-patched-solaris-sparc 2.0-6 624.80 OK
r-patched-solaris-x86 2.0-6 113.10 OK
r-release-linux-x86_64 2.0-6 2.62 40.99 43.61 OK
r-release-osx-x86_64-mavericks 2.0-6 NOTE
r-release-windows-ix86+x86_64 2.0-6 13.00 127.00 140.00 OK
r-oldrel-windows-ix86+x86_64 2.0-6 9.00 136.00 145.00 OK

Check Details

Version: 2.0-6
Check: compiled code
Result: NOTE
    File ‘nanop/libs/nanop.so’:
     Found no calls to: ‘R_registerRoutines’, ‘R_useDynamicSymbols’
    
    It is good practice to register native routines and to disable symbol
    search.
    
    See ‘Writing portable packages’ in the ‘Writing R Extensions’ manual.
Flavors: r-devel-linux-x86_64-debian-clang, r-devel-linux-x86_64-debian-gcc

Version: 2.0-6
Flags: --no-stop-on-test-error
Check: compiled code
Result: NOTE
    File ‘nanop/libs/nanop.so’:
     Found no calls to: ‘R_registerRoutines’, ‘R_useDynamicSymbols’
    
    It is good practice to register native routines and to disable symbol
    search.
    
    See ‘Writing portable packages’ in the ‘Writing R Extensions’ manual.
Flavors: r-devel-linux-x86_64-fedora-clang, r-devel-linux-x86_64-fedora-gcc, r-devel-macos-x86_64-clang

Version: 2.0-6
Check: dependencies in R code
Result: NOTE
    Invalid MIT-MAGIC-COOKIE-1 key
Flavor: r-release-osx-x86_64-mavericks