CRAN Package Check Results for Package nanop

Last updated on 2017-01-18 22:50:06.

Flavor Version Tinstall Tcheck Ttotal Status Flags
r-devel-linux-x86_64-debian-clang 2.0-6 2.55 50.86 53.41 OK
r-devel-linux-x86_64-debian-gcc 2.0-6 2.84 49.78 52.62 OK
r-devel-linux-x86_64-fedora-clang 2.0-6 91.22 OK --no-stop-on-test-error
r-devel-linux-x86_64-fedora-gcc 2.0-6 89.53 OK --no-stop-on-test-error
r-devel-macos-x86_64-clang 2.0-6 59.25 OK --no-stop-on-test-error
r-devel-windows-ix86+x86_64 2.0-6 14.00 95.00 109.00 OK
r-patched-linux-x86_64 2.0-6 2.64 47.68 50.32 OK
r-patched-solaris-sparc 2.0-6 624.80 OK
r-patched-solaris-x86 2.0-6 115.90 OK
r-release-linux-x86_64 2.0-6 2.69 48.67 51.36 OK
r-release-osx-x86_64-mavericks 2.0-6 NOTE
r-release-windows-ix86+x86_64 2.0-6 9.00 128.00 137.00 OK
r-oldrel-windows-ix86+x86_64 2.0-6 9.00 146.00 155.00 OK

Check Details

Version: 2.0-6
Check: dependencies in R code
Result: NOTE
    Invalid MIT-MAGIC-COOKIE-1 key
Flavor: r-release-osx-x86_64-mavericks