CRAN Package Check Results for Package nanop

Last updated on 2017-09-19 19:46:33.

Flavor Version Tinstall Tcheck Ttotal Status Flags
r-devel-linux-x86_64-debian-clang 2.0-6 2.61 43.11 45.72 NOTE
r-devel-linux-x86_64-debian-gcc 2.0-6 3.00 42.49 45.49 NOTE
r-devel-linux-x86_64-fedora-clang 2.0-6 82.10 NOTE
r-devel-linux-x86_64-fedora-gcc 2.0-6 79.80 NOTE
r-devel-windows-ix86+x86_64 2.0-6 9.00 130.00 139.00 OK
r-patched-linux-x86_64 2.0-6 2.85 41.71 44.56 NOTE
r-patched-solaris-x86 2.0-6 117.30 OK
r-release-linux-x86_64 2.0-6 2.82 41.72 44.54 NOTE
r-release-windows-ix86+x86_64 2.0-6 10.00 108.00 118.00 OK
r-release-osx-x86_64 2.0-6 OK
r-oldrel-windows-ix86+x86_64 2.0-6 9.00 93.00 102.00 OK
r-oldrel-osx-x86_64 2.0-6 NOTE

Check Details

Version: 2.0-6
Check: compiled code
Result: NOTE
    File ‘nanop/libs/nanop.so’:
     Found no calls to: ‘R_registerRoutines’, ‘R_useDynamicSymbols’
    
    It is good practice to register native routines and to disable symbol
    search.
    
    See ‘Writing portable packages’ in the ‘Writing R Extensions’ manual.
Flavors: r-devel-linux-x86_64-debian-clang, r-devel-linux-x86_64-debian-gcc, r-devel-linux-x86_64-fedora-clang, r-devel-linux-x86_64-fedora-gcc, r-patched-linux-x86_64, r-release-linux-x86_64

Version: 2.0-6
Check: dependencies in R code
Result: NOTE
    Invalid MIT-MAGIC-COOKIE-1 key
Flavor: r-oldrel-osx-x86_64