CRAN Package Check Results for Package nat

Last updated on 2014-12-21 07:48:28.

Flavor Version Tinstall Tcheck Ttotal Status Flags
r-devel-linux-x86_64-debian-clang 1.5.12 2.79 55.25 58.04 OK
r-devel-linux-x86_64-debian-gcc 1.5.12 2.69 53.60 56.29 OK
r-devel-linux-x86_64-fedora-clang 1.5.12 120.85 OK
r-devel-linux-x86_64-fedora-gcc 1.5.12 106.66 OK
r-devel-osx-x86_64-clang 1.5.12 100.15 OK
r-devel-windows-ix86+x86_64 1.5.12 9.00 80.00 89.00 OK
r-patched-linux-x86_64 1.5.12 2.78 56.51 59.29 OK
r-patched-solaris-sparc 1.5.12 593.30 OK
r-patched-solaris-x86 1.5.12 144.90 OK
r-release-linux-ix86 1.5.12 3.61 69.16 72.77 OK
r-release-linux-x86_64 1.5.12 2.81 56.19 59.00 OK
r-release-osx-x86_64-mavericks 1.5.12 OK
r-release-osx-x86_64-snowleopard 1.5.12 ERROR
r-release-windows-ix86+x86_64 1.5.12 10.00 88.00 98.00 OK
r-oldrel-windows-ix86+x86_64 1.5.12 8.00 83.00 91.00 OK

Check Details

Version: 1.5.12
Check: examples
Result: ERROR
    Running examples in ‘nat-Ex.R’ failed
    The error most likely occurred in:
    
    > ### Name: mirror
    > ### Title: Mirror 3d object about a given axis, optionally using a warping
    > ### registration
    > ### Aliases: mirror mirror.default mirror.neuronlist
    >
    > ### ** Examples
    >
    > x=Cell07PNs[[1]]
    > plot3d(x,col='red')
    Sat Dec 20 10:40:54 hagal.research.att.com R[67853] <Error>: unknown error code: invalid pixel format
    Sat Dec 20 10:40:54 hagal.research.att.com R[67853] <Error>: kCGErrorFailure: Set a breakpoint @ CGErrorBreakpoint() to catch errors as they are logged.
    X Error of failed request: GLXBadContext
     Major opcode of failed request: 0 ()
     Serial number of failed request: 27
     Current serial number in output stream: 27
Flavor: r-release-osx-x86_64-snowleopard