CRAN Package Check Results for Package nat

Last updated on 2014-11-23 12:46:36.

Flavor Version Tinstall Tcheck Ttotal Status Flags
r-devel-linux-x86_64-debian-clang 1.5.12 3.00 54.86 57.86 OK
r-devel-linux-x86_64-debian-gcc 1.5.12 2.87 54.40 57.27 OK
r-devel-linux-x86_64-fedora-clang 1.5.12 114.66 OK
r-devel-linux-x86_64-fedora-gcc 1.5.12 109.83 OK
r-devel-osx-x86_64-clang 1.5.12 100.13 OK
r-devel-windows-ix86+x86_64 1.5.12 7.00 75.00 82.00 OK
r-patched-linux-x86_64 1.5.12 4.01 57.35 61.36 OK
r-patched-solaris-sparc 1.5.12 593.30 OK
r-patched-solaris-x86 1.5.12 142.20 OK
r-release-linux-ix86 1.5.12 3.75 68.29 72.04 OK
r-release-linux-x86_64 1.5.12 3.12 55.49 58.61 OK
r-release-osx-x86_64-mavericks 1.5.12 OK
r-release-osx-x86_64-snowleopard 1.5.12 ERROR
r-release-windows-ix86+x86_64 1.5.12 8.00 82.00 90.00 OK
r-oldrel-windows-ix86+x86_64 1.5.12 8.00 82.00 90.00 OK

Check Details

Version: 1.5.12
Check: examples
Result: ERROR
    Running examples in ‘nat-Ex.R’ failed
    The error most likely occurred in:
    
    > ### Name: mirror
    > ### Title: Mirror 3d object about a given axis, optionally using a warping
    > ### registration
    > ### Aliases: mirror mirror.default mirror.neuronlist
    >
    > ### ** Examples
    >
    > x=Cell07PNs[[1]]
    > plot3d(x,col='red')
    Sat Nov 22 11:48:41 hagal.research.att.com R[79387] <Error>: unknown error code: invalid pixel format
    Sat Nov 22 11:48:41 hagal.research.att.com R[79387] <Error>: kCGErrorFailure: Set a breakpoint @ CGErrorBreakpoint() to catch errors as they are logged.
    X Error of failed request: GLXBadContext
     Major opcode of failed request: 0 ()
     Serial number of failed request: 27
     Current serial number in output stream: 27
Flavor: r-release-osx-x86_64-snowleopard