CRAN Package Check Results for Package nat

Last updated on 2016-04-29 19:49:53.

Flavor Version Tinstall Tcheck Ttotal Status Flags
r-devel-linux-x86_64-debian-gcc 1.8.1 3.10 65.42 68.52 ERROR
r-devel-linux-x86_64-fedora-clang 1.8.1 124.53 ERROR
r-devel-linux-x86_64-fedora-gcc 1.8.1 116.56 ERROR
r-devel-osx-x86_64-clang 1.8.1 152.71 ERROR
r-devel-windows-ix86+x86_64 1.8.1 10.00 108.00 118.00 ERROR
r-patched-linux-x86_64 1.8.1 3.08 65.24 68.31 ERROR
r-patched-solaris-sparc 1.8.1 747.50 ERROR
r-patched-solaris-x86 1.8.1 164.40 ERROR
r-release-linux-x86_64 1.8.1 3.57 70.89 74.47 ERROR
r-release-osx-x86_64-mavericks 1.8.1 OK
r-release-windows-ix86+x86_64 1.8.1 11.00 105.00 116.00 ERROR
r-oldrel-windows-ix86+x86_64 1.8.1 18.00 149.00 167.00 ERROR

Check Details

Version: 1.8.1
Check: tests
Result: ERROR
    Running the tests in ‘tests/test-all.R’ failed.
    Last 13 lines of output:
     adding: DL3/EBH20L.swc (deflated 54%)
     adding: DL3/EBI22R.swc (deflated 53%)
     1. Failure: write.nrrd.header.for.file (@test-nrrd-io.R#132) -------------------
     error$message does not match "read.im3d".
     Actual value: "Unable to read data saved in format: am"
    
    
     testthat results ================================================================
     OK: 726 SKIPPED: 0 FAILED: 1
     1. Failure: write.nrrd.header.for.file (@test-nrrd-io.R#132)
    
     Error: testthat unit tests failed
     Execution halted
Flavors: r-devel-linux-x86_64-debian-gcc, r-devel-linux-x86_64-fedora-clang, r-devel-linux-x86_64-fedora-gcc, r-devel-osx-x86_64-clang, r-devel-windows-ix86+x86_64, r-patched-linux-x86_64, r-patched-solaris-sparc, r-patched-solaris-x86, r-release-linux-x86_64, r-release-windows-ix86+x86_64, r-oldrel-windows-ix86+x86_64