CRAN Package Check Results for Package nat

Last updated on 2015-04-21 11:53:03.

Flavor Version Tinstall Tcheck Ttotal Status Flags
r-devel-linux-x86_64-debian-clang 1.6.4 3.34 59.26 62.60 OK
r-devel-linux-x86_64-debian-gcc 1.6.4 3.20 59.42 62.63 OK
r-devel-linux-x86_64-fedora-clang 1.6.4 120.72 OK
r-devel-linux-x86_64-fedora-gcc 1.6.4 116.58 OK
r-devel-osx-x86_64-clang 1.6.4 104.07 OK
r-devel-windows-ix86+x86_64 1.6.4 14.00 114.00 128.00 OK
r-patched-linux-x86_64 1.6.4 3.02 58.01 61.04 OK
r-patched-solaris-sparc 1.6.4 734.60 OK
r-patched-solaris-x86 1.6.4 143.50 OK
r-release-linux-x86_64 1.6.4 3.09 59.55 62.64 OK
r-release-osx-x86_64-mavericks 1.6.4 OK
r-release-osx-x86_64-snowleopard 1.6.4 ERROR
r-release-windows-ix86+x86_64 1.6.4 6.00 85.00 91.00 OK
r-oldrel-windows-ix86+x86_64 1.6.4 10.00 88.00 98.00 OK

Check Details

Version: 1.6.4
Check: package dependencies
Result: ERROR
    Package required but not available: ‘igraph’
    
    Package suggested but not available for checking: ‘XML’
    
    See section ‘The DESCRIPTION file’ in the ‘Writing R Extensions’
    manual.
Flavor: r-release-osx-x86_64-snowleopard