CRAN Package Check Results for Package nat

Last updated on 2015-05-30 21:46:46.

Flavor Version Tinstall Tcheck Ttotal Status Flags
r-devel-linux-x86_64-debian-clang 1.6.6 3.41 62.84 66.25 OK
r-devel-linux-x86_64-debian-gcc 1.6.6 3.34 61.68 65.03 OK
r-devel-linux-x86_64-fedora-clang 1.6.6 130.68 OK
r-devel-linux-x86_64-fedora-gcc 1.6.6 129.27 OK
r-devel-osx-x86_64-clang 1.6.6 111.51 OK
r-devel-windows-ix86+x86_64 1.6.6 11.00 99.00 110.00 OK
r-patched-linux-x86_64 1.6.6 3.32 62.08 65.40 OK
r-patched-solaris-sparc 1.6.6 686.20 OK
r-patched-solaris-x86 1.6.6 139.20 OK
r-release-linux-x86_64 1.6.6 3.46 62.82 66.28 OK
r-release-osx-x86_64-mavericks 1.6.6 OK
r-release-osx-x86_64-snowleopard 1.6.4 ERROR
r-release-windows-ix86+x86_64 1.6.6 10.00 94.00 104.00 OK
r-oldrel-windows-ix86+x86_64 1.6.6 8.00 107.00 115.00 OK

Check Details

Version: 1.6.4
Check: package dependencies
Result: ERROR
    Package required but not available: ‘igraph’
    
    Package suggested but not available for checking: ‘XML’
    
    See section ‘The DESCRIPTION file’ in the ‘Writing R Extensions’
    manual.
Flavor: r-release-osx-x86_64-snowleopard