CRAN Package Check Results for Package nat

Last updated on 2014-10-23 00:48:03.

Flavor Version Tinstall Tcheck Ttotal Status Flags
r-devel-linux-x86_64-debian-clang 1.5.12 2.83 54.65 57.48 OK
r-devel-linux-x86_64-debian-gcc 1.5.12 3.04 52.64 55.68 OK
r-devel-linux-x86_64-fedora-clang 1.5.12 115.05 OK
r-devel-linux-x86_64-fedora-gcc 1.5.12 107.72 OK
r-devel-osx-x86_64-clang 1.5.12 102.54 OK
r-devel-windows-ix86+x86_64 1.5.12 8.00 74.00 82.00 OK
r-patched-linux-x86_64 1.5.12 2.90 56.27 59.17 OK
r-patched-solaris-sparc 1.5.12 593.30 OK
r-patched-solaris-x86 1.5.12 148.60 OK
r-release-linux-ix86 1.5.12 4.24 77.30 81.54 OK
r-release-linux-x86_64 1.5.12 2.85 56.81 59.66 OK
r-release-osx-x86_64-mavericks 1.5.12 OK
r-release-osx-x86_64-snowleopard 1.5.12 ERROR
r-release-windows-ix86+x86_64 1.5.12 9.00 85.00 94.00 OK
r-oldrel-windows-ix86+x86_64 1.5.12 8.00 84.00 92.00 OK

Check Details

Version: 1.5.12
Check: examples
Result: ERROR
    Running examples in ‘nat-Ex.R’ failed
    The error most likely occurred in:
    
    > ### Name: mirror
    > ### Title: Mirror 3d object about a given axis, optionally using a warping
    > ### registration
    > ### Aliases: mirror mirror.default mirror.neuronlist
    >
    > ### ** Examples
    >
    > x=Cell07PNs[[1]]
    > plot3d(x,col='red')
    Wed Oct 22 10:34:09 hagal.research.att.com R[119] <Error>: unknown error code: invalid pixel format
    Wed Oct 22 10:34:09 hagal.research.att.com R[119] <Error>: kCGErrorFailure: Set a breakpoint @ CGErrorBreakpoint() to catch errors as they are logged.
    X Error of failed request: GLXBadContext
     Major opcode of failed request: 0 ()
     Serial number of failed request: 27
     Current serial number in output stream: 27
Flavor: r-release-osx-x86_64-snowleopard