CRAN Package Check Results for Package nat

Last updated on 2015-03-06 09:49:38.

Flavor Version Tinstall Tcheck Ttotal Status Flags
r-devel-linux-x86_64-debian-clang 1.6.4 3.26 60.22 63.48 OK
r-devel-linux-x86_64-debian-gcc 1.6.4 3.10 58.15 61.25 OK
r-devel-linux-x86_64-fedora-clang 1.6.4 120.23 OK
r-devel-linux-x86_64-fedora-gcc 1.6.4 115.59 OK
r-devel-osx-x86_64-clang 1.6.4 109.80 OK
r-devel-windows-ix86+x86_64 1.6.4 10.00 90.00 100.00 OK
r-patched-linux-x86_64 1.6.4 4.14 68.48 72.62 OK
r-patched-solaris-sparc 1.6.4 807.90 OK
r-patched-solaris-x86 1.6.4 170.00 OK
r-release-linux-ix86 1.6.4 4.64 83.92 88.56 OK
r-release-linux-x86_64 1.6.4 3.74 68.32 72.06 OK
r-release-osx-x86_64-mavericks 1.6.4 OK
r-release-osx-x86_64-snowleopard 1.6.4 ERROR
r-release-windows-ix86+x86_64 1.6.4 11.00 98.00 109.00 OK
r-oldrel-windows-ix86+x86_64 1.6.4 11.00 102.00 113.00 OK

Check Details

Version: 1.6.4
Check: examples
Result: ERROR
    Running examples in ‘nat-Ex.R’ failed
    The error most likely occurred in:
    
    > ### Name: mirror
    > ### Title: Mirror 3d object about a given axis, optionally using a warping
    > ### registration
    > ### Aliases: mirror mirror.default mirror.neuronlist
    >
    > ### ** Examples
    >
    > x=Cell07PNs[[1]]
    > plot3d(x,col='red')
    Thu Mar 5 12:03:55 hagal.research.att.com R[91410] <Error>: unknown error code: invalid pixel format
    Thu Mar 5 12:03:55 hagal.research.att.com R[91410] <Error>: kCGErrorFailure: Set a breakpoint @ CGErrorBreakpoint() to catch errors as they are logged.
    X Error of failed request: GLXBadContext
     Major opcode of failed request: 0 ()
     Serial number of failed request: 27
     Current serial number in output stream: 27
Flavor: r-release-osx-x86_64-snowleopard