CRAN Package Check Results for Package nat

Last updated on 2015-07-03 21:46:39.

Flavor Version Tinstall Tcheck Ttotal Status Flags
r-devel-linux-x86_64-debian-clang 1.7.0 3.28 66.53 69.81 OK
r-devel-linux-x86_64-debian-gcc 1.7.0 3.25 65.17 68.42 OK
r-devel-linux-x86_64-fedora-clang 1.7.0 138.06 OK
r-devel-linux-x86_64-fedora-gcc 1.7.0 129.48 OK
r-devel-osx-x86_64-clang 1.7.0 95.44 OK
r-devel-windows-ix86+x86_64 1.7.0 14.00 94.00 108.00 OK
r-patched-linux-x86_64 1.7.0 3.16 66.97 70.13 OK
r-patched-solaris-sparc 1.7.0 749.10 OK
r-patched-solaris-x86 1.7.0 147.80 OK
r-release-linux-x86_64 1.7.0 3.39 66.02 69.41 OK
r-release-osx-x86_64-mavericks 1.7.0 ERROR
r-release-windows-ix86+x86_64 1.7.0 15.00 141.00 156.00 OK
r-oldrel-windows-ix86+x86_64 1.7.0 13.00 117.00 130.00 OK

Check Details

Version: 1.7.0
Check: examples
Result: ERROR
    Running examples in ‘nat-Ex.R’ failed
    The error most likely occurred in:
    
    > ### Name: MBL.surf
    > ### Title: Surface object (hxsurf) for the left mushroom body in FCWB
    > ### template space
    > ### Aliases: MBL.surf
    >
    > ### ** Examples
    >
    > plot3d(kcs20)
    Error in rgl.open(useNULL) : rgl.open failed
    Calls: plot3d -> plot3d.neuronlist -> par3d -> open3d -> rgl.open
    Execution halted
Flavor: r-release-osx-x86_64-mavericks

Version: 1.7.0
Check: tests
Result: ERROR
    Running the tests in ‘tests/test-all.R’ failed.
    Last 13 lines of output:
     testthat results ================================================================
     OK: 684 SKIPPED: 0 FAILED: 8
     1. Error: we can read hxsurf object
     2. Error: we can plot neurons in 3D
     3. Error: we can plot dotprops in 3D
     4. Error: plot neuronlist contents
     5. Error: plot3d.neuronlist can work with pre-substituted colour expressions
     6. Error: basic interactive 3d functionality
     7. Error: we can load a previously created on disk neuronlistfh representation
     8. Error: pop last plotted neurons
    
     Error: testthat unit tests failed
     Execution halted
Flavor: r-release-osx-x86_64-mavericks