CRAN Package Check Results for Package nat

Last updated on 2015-01-30 08:51:30.

Flavor Version Tinstall Tcheck Ttotal Status Flags
r-devel-linux-x86_64-debian-clang 1.5.12 2.52 52.94 55.46 NOTE
r-devel-linux-x86_64-debian-gcc 1.5.12 2.58 50.39 52.97 NOTE
r-devel-linux-x86_64-fedora-clang 1.5.12 109.84 NOTE
r-devel-linux-x86_64-fedora-gcc 1.5.12 105.73 NOTE
r-devel-osx-x86_64-clang 1.5.12 99.45 NOTE
r-devel-windows-ix86+x86_64 1.5.12 14.00 72.00 86.00 NOTE
r-patched-linux-x86_64 1.5.12 2.86 56.64 59.50 OK
r-patched-solaris-sparc 1.5.12 651.60 OK
r-patched-solaris-x86 1.5.12 146.60 OK
r-release-linux-ix86 1.5.12 3.76 69.73 73.49 OK
r-release-linux-x86_64 1.5.12 3.27 58.42 61.68 OK
r-release-osx-x86_64-mavericks 1.5.12 OK
r-release-osx-x86_64-snowleopard 1.5.12 ERROR
r-release-windows-ix86+x86_64 1.5.12 9.00 88.00 97.00 OK
r-oldrel-windows-ix86+x86_64 1.5.12 10.00 83.00 93.00 OK

Check Details

Version: 1.5.12
Check: dependencies in R code
Result: NOTE
    'library' or 'require' call to ‘Rvcg’ in package code.
     Please use :: or requireNamespace() instead.
     See section 'Suggested packages' in the 'Writing R Extensions' manual.
Flavors: r-devel-linux-x86_64-debian-clang, r-devel-linux-x86_64-debian-gcc, r-devel-linux-x86_64-fedora-clang, r-devel-linux-x86_64-fedora-gcc, r-devel-osx-x86_64-clang, r-devel-windows-ix86+x86_64

Version: 1.5.12
Check: examples
Result: ERROR
    Running examples in ‘nat-Ex.R’ failed
    The error most likely occurred in:
    
    > ### Name: mirror
    > ### Title: Mirror 3d object about a given axis, optionally using a warping
    > ### registration
    > ### Aliases: mirror mirror.default mirror.neuronlist
    >
    > ### ** Examples
    >
    > x=Cell07PNs[[1]]
    > plot3d(x,col='red')
    Thu Jan 29 11:46:55 hagal.research.att.com R[30227] <Error>: unknown error code: invalid pixel format
    Thu Jan 29 11:46:55 hagal.research.att.com R[30227] <Error>: kCGErrorFailure: Set a breakpoint @ CGErrorBreakpoint() to catch errors as they are logged.
    X Error of failed request: GLXBadContext
     Major opcode of failed request: 0 ()
     Serial number of failed request: 27
     Current serial number in output stream: 27
Flavor: r-release-osx-x86_64-snowleopard