CRAN Package Check Results for Package nat

Last updated on 2014-09-03 08:53:34.

Flavor Version Tinstall Tcheck Ttotal Status Flags
r-devel-linux-x86_64-debian-clang 1.5.12 2.84 52.55 55.39 OK
r-devel-linux-x86_64-debian-gcc 1.5.12 2.82 52.39 55.22 OK
r-devel-linux-x86_64-fedora-clang 1.5.12 115.99 OK
r-devel-linux-x86_64-fedora-gcc 1.5.12 106.87 OK
r-devel-osx-x86_64-clang 1.5.12 92.67 OK
r-devel-windows-ix86+x86_64 1.5.12 8.00 77.00 85.00 OK
r-patched-linux-x86_64 1.5.12 2.83 54.73 57.56 OK
r-patched-solaris-sparc 1.5.12 593.30 OK
r-patched-solaris-x86 1.5.12 141.50 OK
r-release-linux-ix86 1.5.12 3.86 74.69 78.55 OK
r-release-linux-x86_64 1.5.12 3.00 55.96 58.96 OK
r-release-osx-x86_64-mavericks 1.5.12 OK
r-release-osx-x86_64-snowleopard 1.5.12 ERROR
r-release-windows-ix86+x86_64 1.5.12 8.00 80.00 88.00 OK
r-oldrel-windows-ix86+x86_64 1.5.12 8.00 85.00 93.00 OK

Check Details

Version: 1.5.12
Check: examples
Result: ERROR
    Running examples in ‘nat-Ex.R’ failed
    The error most likely occurred in:
    
    > ### Name: mirror
    > ### Title: Mirror 3d object about a given axis, optionally using a warping
    > ### registration
    > ### Aliases: mirror mirror.default mirror.neuronlist
    >
    > ### ** Examples
    >
    > x=Cell07PNs[[1]]
    > plot3d(x,col='red')
    Tue Sep 2 09:08:23 hagal.research.att.com R[24618] <Error>: unknown error code: invalid pixel format
    Tue Sep 2 09:08:23 hagal.research.att.com R[24618] <Error>: kCGErrorFailure: Set a breakpoint @ CGErrorBreakpoint() to catch errors as they are logged.
    X Error of failed request: GLXBadContext
     Major opcode of failed request: 0 ()
     Serial number of failed request: 27
     Current serial number in output stream: 27
Flavor: r-release-osx-x86_64-snowleopard