CRAN Package Check Results for Package nat

Last updated on 2017-07-23 14:47:08.

Flavor Version Tinstall Tcheck Ttotal Status Flags
r-devel-linux-x86_64-debian-clang 1.8.9 4.94 108.24 113.18 OK
r-devel-linux-x86_64-debian-gcc 1.8.9 4.07 109.00 113.06 OK
r-devel-linux-x86_64-fedora-clang 1.8.9 174.98 OK
r-devel-linux-x86_64-fedora-gcc 1.8.9 172.95 OK
r-devel-windows-ix86+x86_64 1.8.9 19.00 199.00 218.00 OK
r-patched-linux-x86_64 1.8.9 4.25 107.89 112.14 OK
r-patched-solaris-x86 1.8.9 157.00 ERROR
r-release-linux-x86_64 1.8.9 4.30 111.90 116.21 OK
r-release-windows-ix86+x86_64 1.8.9 14.00 240.00 254.00 OK
r-release-osx-x86_64 1.8.9 OK
r-oldrel-windows-ix86+x86_64 1.8.9 18.00 168.00 186.00 OK
r-oldrel-osx-x86_64 1.8.9 OK

Check Details

Version: 1.8.9
Check: tests
Result: ERROR
     Running ‘test-all.R’
    Running the tests in ‘tests/test-all.R’ failed.
    Complete output:
     > library(testthat)
     > library(nat)
     Loading required package: rgl
     Some nat functions depend on a CMTK installation. See ?cmtk and README.md for details.
    
     Attaching package: 'nat'
    
     The following objects are masked from 'package:base':
    
     intersect, setdiff, union
    
     > library(httr)
     >
     > # suppress RGL in headless environments (some CRAN build machines fail otherwise)
     > if(!interactive())
     + Sys.setenv(RGL_USE_NULL=TRUE)
     >
     > # Is internet accessible?
     > internet.ok = identical(
     + status_code(HEAD("http://flybrain.mrc-lmb.cam.ac.uk/", timeout(2))),
     + 200L
     + )
     Error in curl::curl_fetch_memory(url, handle = handle) :
     Timeout was reached: Resolving timed out after 2000 milliseconds
     Calls: identical ... request_fetch -> request_fetch.write_memory -> <Anonymous> -> .Call
     Execution halted
Flavor: r-patched-solaris-x86