CRAN Package Check Results for Package navigation

Last updated on 2023-12-06 03:50:06 CET.

Flavor Version Tinstall Tcheck Ttotal Status Flags
r-devel-linux-x86_64-debian-clang 0.0.1 99.78 198.42 298.20 NOTE
r-devel-linux-x86_64-debian-gcc 0.0.1 65.64 150.55 216.19 NOTE
r-devel-linux-x86_64-fedora-clang 0.0.1 384.17 NOTE
r-devel-linux-x86_64-fedora-gcc 0.0.1 391.22 NOTE
r-devel-windows-x86_64 0.0.1 77.00 183.00 260.00 NOTE
r-patched-linux-x86_64 0.0.1 63.59 194.84 258.43 NOTE
r-release-linux-x86_64 0.0.1 62.28 190.79 253.07 NOTE
r-release-macos-arm64 0.0.1 98.00 NOTE
r-release-macos-x86_64 0.0.1 204.00 NOTE
r-release-windows-x86_64 0.0.1 97.00 221.00 318.00 NOTE
r-oldrel-macos-arm64 0.0.1 94.00 NOTE
r-oldrel-macos-x86_64 0.0.1 129.00 NOTE
r-oldrel-windows-x86_64 0.0.1 93.00 223.00 316.00 NOTE

Check Details

Version: 0.0.1
Check: for GNU extensions in Makefiles
Result: NOTE GNU make is a SystemRequirements. Flavors: r-devel-linux-x86_64-debian-clang, r-devel-linux-x86_64-debian-gcc, r-devel-linux-x86_64-fedora-clang, r-devel-linux-x86_64-fedora-gcc, r-devel-windows-x86_64, r-patched-linux-x86_64, r-release-linux-x86_64, r-release-macos-arm64, r-release-macos-x86_64, r-release-windows-x86_64, r-oldrel-macos-arm64, r-oldrel-macos-x86_64, r-oldrel-windows-x86_64

Version: 0.0.1
Check: installed package size
Result: NOTE installed size is 9.0Mb sub-directories of 1Mb or more: data 1.5Mb doc 6.5Mb Flavors: r-devel-linux-x86_64-fedora-clang, r-devel-windows-x86_64, r-release-macos-arm64, r-release-macos-x86_64, r-release-windows-x86_64, r-oldrel-macos-arm64, r-oldrel-macos-x86_64, r-oldrel-windows-x86_64