CRAN Package Check Results for Package nbpMatching

Last updated on 2014-08-21 19:48:51.

Flavor Version Tinstall Tcheck Ttotal Status Flags
r-devel-linux-x86_64-debian-clang 1.4.0 2.69 26.15 28.84 OK
r-devel-linux-x86_64-debian-gcc 1.4.0 2.57 26.01 28.58 OK
r-devel-linux-x86_64-fedora-clang 1.4.0 59.81 NOTE
r-devel-linux-x86_64-fedora-gcc 1.4.0 56.42 NOTE
r-devel-osx-x86_64-clang 1.4.0 51.61 OK
r-devel-windows-ix86+x86_64 1.4.0 10.00 53.00 63.00 OK
r-patched-linux-x86_64 1.4.0 2.97 26.69 29.66 OK
r-patched-solaris-sparc 1.4.0 361.30 OK
r-patched-solaris-x86 1.4.0 76.70 OK
r-release-linux-ix86 1.4.0 3.69 36.97 40.66 OK
r-release-linux-x86_64 1.4.0 2.74 26.98 29.71 OK
r-release-osx-x86_64-mavericks 1.4.0 OK
r-release-osx-x86_64-snowleopard 1.4.0 OK
r-release-windows-ix86+x86_64 1.4.0 10.00 55.00 65.00 OK
r-oldrel-windows-ix86+x86_64 1.4.0 10.00 53.00 63.00 OK

Check Details

Version: 1.4.0
Check: Rd line widths
Result: NOTE
    Rd file 'gendistance.Rd':
     \usage lines wider than 90 characters:
     gendistance(covariate, idcol=NULL, weights=NULL, prevent=NULL, force=NULL, rankcols=NULL, missing.weight=0.1, ndiscard=0, singular.meth ... [TRUNCATED]
    
    Rd file 'qom.Rd':
     \usage lines wider than 90 characters:
     qom(covariate, matches, iterations=10000, probs=NA, use.se=FALSE, all.vals=FALSE, seed=101, ...)
    
    These lines will be truncated in the PDF manual.
Flavors: r-devel-linux-x86_64-fedora-clang, r-devel-linux-x86_64-fedora-gcc