CRAN Package Check Results for Package nbpMatching

Last updated on 2017-12-17 18:46:30 CET.

Flavor Version Tinstall Tcheck Ttotal Status Flags
r-devel-linux-x86_64-debian-clang 1.5.1 5.66 70.63 76.29 NOTE
r-devel-linux-x86_64-debian-gcc 1.5.1 5.07 56.51 61.58 NOTE
r-devel-linux-x86_64-fedora-clang 1.5.1 101.43 NOTE
r-devel-linux-x86_64-fedora-gcc 1.5.1 102.62 NOTE
r-devel-windows-ix86+x86_64 1.5.1 20.00 109.00 129.00 OK
r-patched-linux-x86_64 1.5.1 6.52 79.44 85.96 NOTE
r-patched-solaris-x86 1.5.1 156.40 OK
r-release-linux-x86_64 1.5.1 6.53 79.94 86.47 NOTE
r-release-windows-ix86+x86_64 1.5.1 17.00 106.00 123.00 OK
r-release-osx-x86_64 1.5.1 OK
r-oldrel-windows-ix86+x86_64 1.5.1 17.00 147.00 164.00 OK
r-oldrel-osx-x86_64 1.5.1 OK

Check Details

Version: 1.5.1
Check: compiled code
Result: NOTE
    File ‘nbpMatching/libs/nbpMatching.so’:
     Found no calls to: ‘R_registerRoutines’, ‘R_useDynamicSymbols’
    
    It is good practice to register native routines and to disable symbol
    search.
    
    See ‘Writing portable packages’ in the ‘Writing R Extensions’ manual.
Flavors: r-devel-linux-x86_64-debian-clang, r-devel-linux-x86_64-debian-gcc, r-devel-linux-x86_64-fedora-clang, r-devel-linux-x86_64-fedora-gcc, r-patched-linux-x86_64, r-release-linux-x86_64