CRAN Package Check Results for Package nbpMatching

Last updated on 2015-04-19 19:51:55.

Flavor Version Tinstall Tcheck Ttotal Status Flags
r-devel-linux-x86_64-debian-clang 1.4.4 3.20 26.08 29.27 OK
r-devel-linux-x86_64-debian-gcc 1.4.4 2.66 26.23 28.89 OK
r-devel-linux-x86_64-fedora-clang 1.4.4 57.17 OK
r-devel-linux-x86_64-fedora-gcc 1.4.4 54.66 OK
r-devel-osx-x86_64-clang 1.4.4 55.11 OK
r-devel-windows-ix86+x86_64 1.4.4 15.00 67.00 82.00 OK
r-patched-linux-x86_64 1.4.4 2.66 26.26 28.93 OK
r-patched-solaris-sparc 1.4.4 422.00 OK
r-patched-solaris-x86 1.4.4 75.10 ERROR
r-release-linux-x86_64 1.4.4 2.73 26.65 29.38 OK
r-release-osx-x86_64-mavericks 1.4.4 OK
r-release-osx-x86_64-snowleopard 1.4.4 ERROR
r-release-windows-ix86+x86_64 1.4.4 8.00 50.00 58.00 OK
r-oldrel-windows-ix86+x86_64 1.4.4 14.00 90.00 104.00 OK

Check Details

Version: 1.4.4
Check: tests
Result: ERROR
    Running the tests in ‘tests/testthat.R’ failed.
    Last 13 lines of output:
     Mean relative difference: 0.5925926
    
     Error: Test failures
     In addition: Warning messages:
     1: In gendistance(cov[11, ]) :
     consider converting factor variables [id] before calling gendistance
     2: In gendistance(cov[11:12, ]) :
     consider converting factor variables [id] before calling gendistance
     3: In gendistance(cov[, 1:5]) :
     consider converting factor variables [id] before calling gendistance
     4: In gendistance(cov[, 1:5], ndiscard = 2) :
     consider converting factor variables [id] before calling gendistance
     Execution halted
Flavor: r-patched-solaris-x86

Version: 1.4.4
Check: package dependencies
Result: ERROR
    Package required but not available: ‘Hmisc’
    
    See section ‘The DESCRIPTION file’ in the ‘Writing R Extensions’
    manual.
Flavor: r-release-osx-x86_64-snowleopard