CRAN Package Check Results for Package nbpMatching

Last updated on 2015-07-01 19:47:53.

Flavor Version Tinstall Tcheck Ttotal Status Flags
r-devel-linux-x86_64-debian-clang 1.4.5 3.34 26.34 29.68 NOTE
r-devel-linux-x86_64-debian-gcc 1.4.5 3.07 25.69 28.76 NOTE
r-devel-linux-x86_64-fedora-clang 1.4.5 60.42 NOTE
r-devel-linux-x86_64-fedora-gcc 1.4.5 61.16 NOTE
r-devel-osx-x86_64-clang 1.4.5 55.87 OK
r-devel-windows-ix86+x86_64 1.4.5 11.00 58.00 69.00 NOTE
r-patched-linux-x86_64 1.4.5 2.70 26.28 28.98 OK
r-patched-solaris-sparc 1.4.5 367.00 OK
r-patched-solaris-x86 1.4.5 85.00 OK
r-release-linux-x86_64 1.4.5 2.69 26.25 28.94 OK
r-release-osx-x86_64-mavericks 1.4.5 OK
r-release-windows-ix86+x86_64 1.4.5 12.00 64.00 76.00 OK
r-oldrel-windows-ix86+x86_64 1.4.5 18.00 109.00 127.00 OK

Check Details

Version: 1.4.5
Check: R code for possible problems
Result: NOTE
    distancematrix,character: no visible global function definition for
     ‘read.csv’
    fill.missing,data.frame: no visible global function definition for
     ‘as.formula’
    gendistance,data.frame: no visible global function definition for
     ‘na.omit’
    gendistance,data.frame: no visible global function definition for
     ‘cov.wt’
    qom,data.frame: no visible binding for global variable ‘sd’
Flavors: r-devel-linux-x86_64-debian-clang, r-devel-linux-x86_64-debian-gcc, r-devel-linux-x86_64-fedora-clang, r-devel-linux-x86_64-fedora-gcc, r-devel-windows-ix86+x86_64