CRAN Package Check Results for Package nbpMatching

Last updated on 2017-06-28 18:46:56.

Flavor Version Tinstall Tcheck Ttotal Status Flags
r-devel-linux-x86_64-debian-clang 1.5.1 4.97 48.29 53.26 NOTE
r-devel-linux-x86_64-debian-gcc 1.5.1 5.10 46.28 51.38 NOTE
r-devel-linux-x86_64-fedora-clang 1.5.1 113.40 NOTE
r-devel-linux-x86_64-fedora-gcc 1.5.1 111.35 NOTE
r-devel-windows-ix86+x86_64 1.5.1 20.00 113.00 133.00 OK
r-patched-linux-x86_64 1.5.1 5.00 48.75 53.75 NOTE
r-patched-solaris-sparc 1.5.1 650.90 OK
r-patched-solaris-x86 1.5.1 167.10 OK
r-release-linux-x86_64 1.5.1 4.90 48.28 53.18 NOTE
r-release-windows-ix86+x86_64 1.5.1 16.00 159.00 175.00 OK
r-release-osx-x86_64 1.5.1 OK
r-oldrel-windows-ix86+x86_64 1.5.1 25.00 143.00 168.00 OK
r-oldrel-osx-x86_64 1.5.1 OK

Check Details

Version: 1.5.1
Check: compiled code
Result: NOTE
    File ‘nbpMatching/libs/nbpMatching.so’:
     Found no calls to: ‘R_registerRoutines’, ‘R_useDynamicSymbols’
    
    It is good practice to register native routines and to disable symbol
    search.
    
    See ‘Writing portable packages’ in the ‘Writing R Extensions’ manual.
Flavors: r-devel-linux-x86_64-debian-clang, r-devel-linux-x86_64-debian-gcc, r-devel-linux-x86_64-fedora-clang, r-devel-linux-x86_64-fedora-gcc, r-patched-linux-x86_64, r-release-linux-x86_64