CRAN Package Check Results for Package nbpMatching

Last updated on 2015-08-05 08:48:37.

Flavor Version Tinstall Tcheck Ttotal Status Flags
r-devel-linux-x86_64-debian-clang 1.4.5 2.83 27.11 29.94 NOTE
r-devel-linux-x86_64-debian-gcc 1.4.5 2.90 25.74 28.63 NOTE
r-devel-linux-x86_64-fedora-clang 1.4.5 61.18 NOTE
r-devel-linux-x86_64-fedora-gcc 1.4.5 60.58 NOTE
r-devel-osx-x86_64-clang 1.4.5 52.46 OK
r-devel-windows-ix86+x86_64 1.4.5 19.00 60.00 79.00 NOTE
r-patched-linux-x86_64 1.4.5 2.86 26.36 29.22 OK
r-patched-solaris-sparc 1.4.5 378.30 OK
r-patched-solaris-x86 1.4.5 86.60 OK
r-release-linux-x86_64 1.4.5 2.66 26.77 29.43 OK
r-release-osx-x86_64-mavericks 1.4.5 OK
r-release-windows-ix86+x86_64 1.4.5 17.00 64.00 81.00 OK
r-oldrel-windows-ix86+x86_64 1.4.5 25.00 108.00 133.00 OK

Check Details

Version: 1.4.5
Check: R code for possible problems
Result: NOTE
    distancematrix,character: no visible global function definition for
     ‘read.csv’
    fill.missing,data.frame: no visible global function definition for
     ‘as.formula’
    gendistance,data.frame: no visible global function definition for
     ‘na.omit’
    gendistance,data.frame: no visible global function definition for
     ‘cov.wt’
    qom,data.frame: no visible binding for global variable ‘sd’
    Undefined global functions or variables:
     as.formula cov.wt na.omit read.csv sd
    Consider adding
     importFrom("stats", "as.formula", "cov.wt", "na.omit", "sd")
     importFrom("utils", "read.csv")
    to your NAMESPACE.
Flavors: r-devel-linux-x86_64-debian-clang, r-devel-linux-x86_64-debian-gcc, r-devel-linux-x86_64-fedora-clang, r-devel-linux-x86_64-fedora-gcc, r-devel-windows-ix86+x86_64