CRAN Package Check Results for Package nbpMatching

Last updated on 2015-01-26 11:48:56.

Flavor Version Tinstall Tcheck Ttotal Status Flags
r-devel-linux-x86_64-debian-clang 1.4.4 2.54 25.06 27.60 OK
r-devel-linux-x86_64-debian-gcc 1.4.4 2.47 25.09 27.56 OK
r-devel-linux-x86_64-fedora-clang 1.4.4 69.42 OK
r-devel-linux-x86_64-fedora-gcc 1.4.4 65.45 OK
r-devel-osx-x86_64-clang 1.4.4 63.55 OK
r-devel-windows-ix86+x86_64 1.4.4 15.00 89.00 104.00 OK
r-patched-linux-x86_64 1.4.4 2.79 31.05 33.84 OK
r-patched-solaris-sparc 1.4.4 361.50 OK
r-patched-solaris-x86 1.4.4 83.60 ERROR
r-release-linux-ix86 1.4.4 3.60 38.67 42.27 OK
r-release-linux-x86_64 1.4.4 3.16 31.63 34.80 OK
r-release-osx-x86_64-mavericks 1.4.4 OK
r-release-osx-x86_64-snowleopard 1.4.4 OK
r-release-windows-ix86+x86_64 1.4.4 13.00 73.00 86.00 OK
r-oldrel-windows-ix86+x86_64 1.4.4 17.00 96.00 113.00 OK

Check Details

Version: 1.4.4
Check: tests
Result: ERROR
    Running the tests in ‘tests/testthat.R’ failed.
    Last 13 lines of output:
     Mean relative difference: 0.5925926
    
     Error: Test failures
     In addition: Warning messages:
     1: In gendistance(cov[11, ]) :
     consider converting factor variables [id] before calling gendistance
     2: In gendistance(cov[11:12, ]) :
     consider converting factor variables [id] before calling gendistance
     3: In gendistance(cov[, 1:5]) :
     consider converting factor variables [id] before calling gendistance
     4: In gendistance(cov[, 1:5], ndiscard = 2) :
     consider converting factor variables [id] before calling gendistance
     Execution halted
Flavor: r-patched-solaris-x86