CRAN Package Check Results for Package nbpMatching

Last updated on 2014-09-18 14:46:58.

Flavor Version Tinstall Tcheck Ttotal Status Flags
r-devel-linux-x86_64-debian-clang 1.4.0 2.50 27.86 30.36 NOTE
r-devel-linux-x86_64-debian-gcc 1.4.0 2.44 27.66 30.11 NOTE
r-devel-linux-x86_64-fedora-clang 1.4.0 59.62 NOTE
r-devel-linux-x86_64-fedora-gcc 1.4.0 57.30 NOTE
r-devel-osx-x86_64-clang 1.4.0 51.17 OK
r-devel-windows-ix86+x86_64 1.4.0 11.00 61.00 72.00 OK
r-patched-linux-x86_64 1.4.0 2.60 29.69 32.30 NOTE
r-patched-solaris-sparc 1.4.0 361.30 OK
r-patched-solaris-x86 1.4.0 79.90 OK
r-release-linux-ix86 1.4.0 3.68 37.74 41.42 OK
r-release-linux-x86_64 1.4.0 2.70 29.56 32.26 NOTE
r-release-osx-x86_64-mavericks 1.4.0 OK
r-release-osx-x86_64-snowleopard 1.4.0 OK
r-release-windows-ix86+x86_64 1.4.0 12.00 59.00 71.00 OK
r-oldrel-windows-ix86+x86_64 1.4.0 13.00 60.00 73.00 OK

Check Details

Version: 1.4.0
Check: Rd line widths
Result: NOTE
    Rd file 'gendistance.Rd':
     \usage lines wider than 90 characters:
     gendistance(covariate, idcol=NULL, weights=NULL, prevent=NULL, force=NULL, rankcols=NULL, missing.weight=0.1, ndiscard=0, singular.meth ... [TRUNCATED]
    
    Rd file 'qom.Rd':
     \usage lines wider than 90 characters:
     qom(covariate, matches, iterations=10000, probs=NA, use.se=FALSE, all.vals=FALSE, seed=101, ...)
    
    These lines will be truncated in the PDF manual.
Flavors: r-devel-linux-x86_64-debian-clang, r-devel-linux-x86_64-debian-gcc, r-devel-linux-x86_64-fedora-clang, r-devel-linux-x86_64-fedora-gcc, r-patched-linux-x86_64, r-release-linux-x86_64