CRAN Package Check Results for Package nbpMatching

Last updated on 2018-05-21 04:49:17 CEST.

Flavor Version Tinstall Tcheck Ttotal Status Flags
r-devel-linux-x86_64-debian-clang 1.5.1 10.54 78.19 88.73 NOTE
r-devel-linux-x86_64-debian-gcc 1.5.1 10.42 68.64 79.06 NOTE
r-devel-linux-x86_64-fedora-clang 1.5.1 121.59 NOTE
r-devel-linux-x86_64-fedora-gcc 1.5.1 114.80 NOTE
r-devel-windows-ix86+x86_64 1.5.1 23.00 136.00 159.00 OK
r-patched-linux-x86_64 1.5.1 8.72 71.53 80.25 NOTE
r-patched-solaris-x86 1.5.1 160.10 OK
r-release-linux-x86_64 1.5.1 10.02 70.64 80.66 NOTE
r-release-windows-ix86+x86_64 1.5.1 22.00 101.00 123.00 OK
r-release-osx-x86_64 1.5.1 OK
r-oldrel-windows-ix86+x86_64 1.5.1 16.00 127.00 143.00 OK
r-oldrel-osx-x86_64 1.5.1 OK

Check Details

Version: 1.5.1
Check: compiled code
Result: NOTE
    File ‘nbpMatching/libs/nbpMatching.so’:
     Found no calls to: ‘R_registerRoutines’, ‘R_useDynamicSymbols’
    
    It is good practice to register native routines and to disable symbol
    search.
    
    See ‘Writing portable packages’ in the ‘Writing R Extensions’ manual.
Flavors: r-devel-linux-x86_64-debian-clang, r-devel-linux-x86_64-debian-gcc, r-devel-linux-x86_64-fedora-clang, r-devel-linux-x86_64-fedora-gcc, r-patched-linux-x86_64, r-release-linux-x86_64