CRAN Package Check Results for Package nbpMatching

Last updated on 2017-03-25 03:48:00.

Flavor Version Tinstall Tcheck Ttotal Status Flags
r-devel-linux-x86_64-debian-clang 1.5.1 4.79 46.97 51.76 NOTE
r-devel-linux-x86_64-debian-gcc 1.5.1 4.77 44.70 49.47 NOTE
r-devel-linux-x86_64-fedora-clang 1.5.1 110.80 NOTE --no-stop-on-test-error
r-devel-linux-x86_64-fedora-gcc 1.5.1 107.89 NOTE --no-stop-on-test-error
r-devel-macos-x86_64-clang 1.5.1 85.07 NOTE --no-stop-on-test-error
r-devel-windows-ix86+x86_64 1.5.1 18.00 121.00 139.00 OK
r-patched-linux-x86_64 1.5.1 4.66 42.84 47.49 OK
r-patched-solaris-sparc 1.5.1 650.90 OK
r-patched-solaris-x86 1.5.1 156.20 OK
r-release-linux-x86_64 1.5.1 4.61 42.45 47.06 OK
r-release-osx-x86_64-mavericks 1.5.1 OK
r-release-windows-ix86+x86_64 1.5.1 23.00 108.00 131.00 OK
r-oldrel-windows-ix86+x86_64 1.5.1 16.00 113.00 129.00 OK

Check Details

Version: 1.5.1
Check: compiled code
Result: NOTE
    File ‘nbpMatching/libs/nbpMatching.so’:
     Found no calls to: ‘R_registerRoutines’, ‘R_useDynamicSymbols’
    
    It is good practice to register native routines and to disable symbol
    search.
    
    See ‘Writing portable packages’ in the ‘Writing R Extensions’ manual.
Flavors: r-devel-linux-x86_64-debian-clang, r-devel-linux-x86_64-debian-gcc

Version: 1.5.1
Flags: --no-stop-on-test-error
Check: compiled code
Result: NOTE
    File ‘nbpMatching/libs/nbpMatching.so’:
     Found no calls to: ‘R_registerRoutines’, ‘R_useDynamicSymbols’
    
    It is good practice to register native routines and to disable symbol
    search.
    
    See ‘Writing portable packages’ in the ‘Writing R Extensions’ manual.
Flavors: r-devel-linux-x86_64-fedora-clang, r-devel-linux-x86_64-fedora-gcc, r-devel-macos-x86_64-clang