CRAN Package Check Results for Package nbpMatching

Last updated on 2017-10-17 01:48:06.

Flavor Version Tinstall Tcheck Ttotal Status Flags
r-devel-linux-x86_64-debian-clang 1.5.1 4.29 45.28 49.57 NOTE
r-devel-linux-x86_64-debian-gcc 1.5.1 5.32 50.48 55.80 NOTE
r-devel-linux-x86_64-fedora-clang 1.5.1 114.22 NOTE
r-devel-linux-x86_64-fedora-gcc 1.5.1 112.25 NOTE
r-devel-windows-ix86+x86_64 1.5.1 14.00 122.00 136.00 OK
r-patched-linux-x86_64 1.5.1 4.49 45.84 50.33 NOTE
r-patched-solaris-x86 1.5.1 151.90 OK
r-release-linux-x86_64 1.5.1 4.47 46.50 50.97 NOTE
r-release-windows-ix86+x86_64 1.5.1 19.00 143.00 162.00 OK
r-release-osx-x86_64 1.5.1 OK
r-oldrel-windows-ix86+x86_64 1.5.1 20.00 139.00 159.00 OK
r-oldrel-osx-x86_64 1.5.1 OK

Check Details

Version: 1.5.1
Check: compiled code
Result: NOTE
    File ‘nbpMatching/libs/nbpMatching.so’:
     Found no calls to: ‘R_registerRoutines’, ‘R_useDynamicSymbols’
    
    It is good practice to register native routines and to disable symbol
    search.
    
    See ‘Writing portable packages’ in the ‘Writing R Extensions’ manual.
Flavors: r-devel-linux-x86_64-debian-clang, r-devel-linux-x86_64-debian-gcc, r-devel-linux-x86_64-fedora-clang, r-devel-linux-x86_64-fedora-gcc, r-patched-linux-x86_64, r-release-linux-x86_64