CRAN Package Check Results for Package nbpMatching

Last updated on 2014-12-22 01:47:41.

Flavor Version Tinstall Tcheck Ttotal Status Flags
r-devel-linux-x86_64-debian-clang 1.4.0 2.73 28.68 31.41 NOTE
r-devel-linux-x86_64-debian-gcc 1.4.0 2.55 27.50 30.05 NOTE
r-devel-linux-x86_64-fedora-clang 1.4.0 67.39 NOTE
r-devel-linux-x86_64-fedora-gcc 1.4.0 59.98 NOTE
r-devel-osx-x86_64-clang 1.4.0 58.99 OK
r-devel-windows-ix86+x86_64 1.4.0 12.00 61.00 73.00 OK
r-patched-linux-x86_64 1.4.0 2.77 28.98 31.75 NOTE
r-patched-solaris-sparc 1.4.0 361.30 OK
r-patched-solaris-x86 1.4.0 81.80 OK
r-release-linux-ix86 1.4.0 3.54 36.06 39.60 OK
r-release-linux-x86_64 1.4.0 2.96 28.50 31.46 NOTE
r-release-osx-x86_64-mavericks 1.4.0 OK
r-release-osx-x86_64-snowleopard 1.4.0 OK
r-release-windows-ix86+x86_64 1.4.0 12.00 67.00 79.00 OK
r-oldrel-windows-ix86+x86_64 1.4.0 13.00 66.00 79.00 OK

Check Details

Version: 1.4.0
Check: Rd line widths
Result: NOTE
    Rd file 'gendistance.Rd':
     \usage lines wider than 90 characters:
     gendistance(covariate, idcol=NULL, weights=NULL, prevent=NULL, force=NULL, rankcols=NULL, missing.weight=0.1, ndiscard=0, singular.meth ... [TRUNCATED]
    
    Rd file 'qom.Rd':
     \usage lines wider than 90 characters:
     qom(covariate, matches, iterations=10000, probs=NA, use.se=FALSE, all.vals=FALSE, seed=101, ...)
    
    These lines will be truncated in the PDF manual.
Flavors: r-devel-linux-x86_64-debian-clang, r-devel-linux-x86_64-debian-gcc, r-devel-linux-x86_64-fedora-clang, r-devel-linux-x86_64-fedora-gcc, r-patched-linux-x86_64, r-release-linux-x86_64