CRAN Package Check Results for Package nbpMatching

Last updated on 2015-09-03 03:48:34.

Flavor Version Tinstall Tcheck Ttotal Status Flags
r-devel-linux-x86_64-debian-clang 1.4.5 2.61 25.12 27.74 NOTE
r-devel-linux-x86_64-debian-gcc 1.4.5 2.68 25.59 28.27 NOTE
r-devel-linux-x86_64-fedora-clang 1.4.5 57.89 NOTE
r-devel-linux-x86_64-fedora-gcc 1.4.5 53.44 NOTE
r-devel-osx-x86_64-clang 1.4.5 49.60 OK
r-devel-windows-ix86+x86_64 1.4.5 20.00 61.00 81.00 NOTE
r-patched-linux-x86_64 1.4.5 3.40 27.10 30.50 OK
r-patched-solaris-sparc 1.4.5 378.30 OK
r-patched-solaris-x86 1.4.5 87.60 OK
r-release-linux-x86_64 1.4.5 3.08 26.59 29.67 OK
r-release-osx-x86_64-mavericks 1.4.5 OK
r-release-windows-ix86+x86_64 1.4.5 16.00 60.00 76.00 OK
r-oldrel-windows-ix86+x86_64 1.4.5 26.00 161.00 187.00 OK

Check Details

Version: 1.4.5
Check: R code for possible problems
Result: NOTE
    distancematrix,character: no visible global function definition for
     ‘read.csv’
    fill.missing,data.frame: no visible global function definition for
     ‘as.formula’
    gendistance,data.frame: no visible global function definition for
     ‘na.omit’
    gendistance,data.frame: no visible global function definition for
     ‘cov.wt’
    qom,data.frame: no visible binding for global variable ‘sd’
    Undefined global functions or variables:
     as.formula cov.wt na.omit read.csv sd
    Consider adding
     importFrom("stats", "as.formula", "cov.wt", "na.omit", "sd")
     importFrom("utils", "read.csv")
    to your NAMESPACE.
Flavors: r-devel-linux-x86_64-debian-clang, r-devel-linux-x86_64-debian-gcc, r-devel-linux-x86_64-fedora-clang, r-devel-linux-x86_64-fedora-gcc, r-devel-windows-ix86+x86_64