CRAN Package Check Results for Package nbpMatching

Last updated on 2017-04-30 23:51:41.

Flavor Version Tinstall Tcheck Ttotal Status Flags
r-devel-linux-x86_64-debian-clang 1.5.1 4.99 46.07 51.06 NOTE
r-devel-linux-x86_64-debian-gcc 1.5.1 5.06 45.79 50.84 NOTE
r-devel-linux-x86_64-fedora-clang 1.5.1 114.18 NOTE --no-stop-on-test-error
r-devel-linux-x86_64-fedora-gcc 1.5.1 109.26 NOTE --no-stop-on-test-error
r-devel-windows-ix86+x86_64 1.5.1 17.00 147.00 164.00 OK
r-patched-linux-x86_64 1.5.1 4.76 45.83 50.59 NOTE
r-patched-solaris-sparc 1.5.1 650.90 OK
r-patched-solaris-x86 1.5.1 164.00 OK
r-release-linux-x86_64 1.5.1 5.08 44.97 50.04 NOTE
r-release-windows-ix86+x86_64 1.5.1 25.00 148.00 173.00 OK
r-release-osx-x86_64 1.5.1 OK
r-oldrel-windows-ix86+x86_64 1.5.1 25.00 134.00 159.00 OK
r-oldrel-osx-x86_64 1.5.1 OK

Check Details

Version: 1.5.1
Check: compiled code
Result: NOTE
    File ‘nbpMatching/libs/nbpMatching.so’:
     Found no calls to: ‘R_registerRoutines’, ‘R_useDynamicSymbols’
    
    It is good practice to register native routines and to disable symbol
    search.
    
    See ‘Writing portable packages’ in the ‘Writing R Extensions’ manual.
Flavors: r-devel-linux-x86_64-debian-clang, r-devel-linux-x86_64-debian-gcc, r-patched-linux-x86_64, r-release-linux-x86_64

Version: 1.5.1
Flags: --no-stop-on-test-error
Check: compiled code
Result: NOTE
    File ‘nbpMatching/libs/nbpMatching.so’:
     Found no calls to: ‘R_registerRoutines’, ‘R_useDynamicSymbols’
    
    It is good practice to register native routines and to disable symbol
    search.
    
    See ‘Writing portable packages’ in the ‘Writing R Extensions’ manual.
Flavors: r-devel-linux-x86_64-fedora-clang, r-devel-linux-x86_64-fedora-gcc