CRAN Package Check Results for Package nbpMatching

Last updated on 2015-03-02 16:50:11.

Flavor Version Tinstall Tcheck Ttotal Status Flags
r-devel-linux-x86_64-debian-clang 1.4.4 2.74 26.26 28.99 OK
r-devel-linux-x86_64-debian-gcc 1.4.4 2.91 25.42 28.33 OK
r-devel-linux-x86_64-fedora-clang 1.4.4 57.28 OK
r-devel-linux-x86_64-fedora-gcc 1.4.4 55.18 OK
r-devel-osx-x86_64-clang 1.4.4 56.68 OK
r-devel-windows-ix86+x86_64 1.4.4 19.00 73.00 92.00 OK
r-patched-linux-x86_64 1.4.4 5.81 41.67 47.48 OK
r-patched-solaris-sparc 1.4.4 361.50 OK
r-patched-solaris-x86 1.4.4 109.00 ERROR
r-release-linux-ix86 1.4.4 4.44 49.42 53.87 OK
r-release-linux-x86_64 1.4.4 5.01 42.35 47.36 OK
r-release-osx-x86_64-mavericks 1.4.4 OK
r-release-osx-x86_64-snowleopard 1.4.4 OK
r-release-windows-ix86+x86_64 1.4.4 27.00 131.00 158.00 OK
r-oldrel-windows-ix86+x86_64 1.4.4 15.00 94.00 109.00 OK

Check Details

Version: 1.4.4
Check: tests
Result: ERROR
    Running the tests in ‘tests/testthat.R’ failed.
    Last 13 lines of output:
     Mean relative difference: 0.5925926
    
     Error: Test failures
     In addition: Warning messages:
     1: In gendistance(cov[11, ]) :
     consider converting factor variables [id] before calling gendistance
     2: In gendistance(cov[11:12, ]) :
     consider converting factor variables [id] before calling gendistance
     3: In gendistance(cov[, 1:5]) :
     consider converting factor variables [id] before calling gendistance
     4: In gendistance(cov[, 1:5], ndiscard = 2) :
     consider converting factor variables [id] before calling gendistance
     Execution halted
Flavor: r-patched-solaris-x86