CRAN Package Check Results for Package nbpMatching

Last updated on 2017-02-25 17:47:35.

Flavor Version Tinstall Tcheck Ttotal Status Flags
r-devel-linux-x86_64-debian-clang 1.5.1 4.95 45.81 50.76 NOTE
r-devel-linux-x86_64-debian-gcc 1.5.1 4.83 45.38 50.20 NOTE
r-devel-linux-x86_64-fedora-clang 1.5.1 118.76 NOTE --no-stop-on-test-error
r-devel-linux-x86_64-fedora-gcc 1.5.1 107.66 NOTE --no-stop-on-test-error
r-devel-macos-x86_64-clang 1.5.1 84.23 NOTE --no-stop-on-test-error
r-devel-windows-ix86+x86_64 1.5.1 28.00 174.00 202.00 OK
r-patched-linux-x86_64 1.5.1 4.84 43.04 47.88 OK
r-patched-solaris-sparc 1.5.1 594.20 OK
r-patched-solaris-x86 1.5.1 152.40 OK
r-release-linux-x86_64 1.5.1 4.92 43.02 47.95 OK
r-release-osx-x86_64-mavericks 1.5.1 OK
r-release-windows-ix86+x86_64 1.5.1 22.00 148.00 170.00 OK
r-oldrel-windows-ix86+x86_64 1.5.1 26.00 141.00 167.00 OK

Check Details

Version: 1.5.1
Check: compiled code
Result: NOTE
    File ‘nbpMatching/libs/nbpMatching.so’:
     Found no calls to: ‘R_registerRoutines’, ‘R_useDynamicSymbols’
    
    It is good practice to register native routines and to disable symbol
    search.
    
    See ‘Writing portable packages’ in the ‘Writing R Extensions’ manual.
Flavors: r-devel-linux-x86_64-debian-clang, r-devel-linux-x86_64-debian-gcc

Version: 1.5.1
Flags: --no-stop-on-test-error
Check: compiled code
Result: NOTE
    File ‘nbpMatching/libs/nbpMatching.so’:
     Found no calls to: ‘R_registerRoutines’, ‘R_useDynamicSymbols’
    
    It is good practice to register native routines and to disable symbol
    search.
    
    See ‘Writing portable packages’ in the ‘Writing R Extensions’ manual.
Flavors: r-devel-linux-x86_64-fedora-clang, r-devel-linux-x86_64-fedora-gcc, r-devel-macos-x86_64-clang