CRAN Package Check Results for Package nbpMatching

Last updated on 2014-04-23 20:47:16.

Flavor Version Tinstall Tcheck Ttotal Status Flags
r-devel-linux-x86_64-debian-clang 1.4.0 3.00 28.53 31.52 OK
r-devel-linux-x86_64-debian-gcc 1.4.0 2.72 28.54 31.27 OK
r-devel-linux-x86_64-fedora-clang 1.4.0 62.30 NOTE
r-devel-linux-x86_64-fedora-gcc 1.4.0 58.09 NOTE
r-devel-osx-x86_64-clang 1.4.0 56.97 OK
r-devel-osx-x86_64-gcc 1.4.0 ERROR
r-devel-windows-ix86+x86_64 1.4.0 10.00 58.00 68.00 OK
r-patched-linux-x86_64 1.4.0 2.80 28.61 31.42 OK
r-patched-solaris-sparc 1.4.0 379.40 OK
r-patched-solaris-x86 1.4.0 78.30 OK
r-release-linux-ix86 1.4.0 4.00 50.00 54.00 OK
r-release-linux-x86_64 1.4.0 2.93 28.16 31.09 OK
r-release-osx-x86_64-mavericks 1.4.0 WARN
r-release-osx-x86_64-snowleopard 1.4.0 OK
r-release-windows-ix86+x86_64 1.4.0 10.00 55.00 65.00 OK
r-oldrel-windows-ix86+x86_64 1.4.0 11.00 56.00 67.00 OK

Check Details

Version: 1.4.0
Check: Rd line widths
Result: NOTE
    Rd file 'gendistance.Rd':
     \usage lines wider than 90 characters:
     gendistance(covariate, idcol=NULL, weights=NULL, prevent=NULL, force=NULL, rankcols=NULL, missing.weight=0.1, ndiscard=0, singular.meth ... [TRUNCATED]
    
    Rd file 'qom.Rd':
     \usage lines wider than 90 characters:
     qom(covariate, matches, iterations=10000, probs=NA, use.se=FALSE, all.vals=FALSE, seed=101, ...)
    
    These lines will be truncated in the PDF manual.
Flavors: r-devel-linux-x86_64-fedora-clang, r-devel-linux-x86_64-fedora-gcc

Version: 1.4.0
Check: package dependencies
Result: ERROR
    Package required but not available: ‘Hmisc’
    
    See the information on DESCRIPTION files in the chapter ‘Creating R
    packages’ of the ‘Writing R Extensions’ manual.
Flavor: r-devel-osx-x86_64-gcc

Version: 1.4.0
Check: PDF version of manual
Result: WARNING
    LaTeX errors when creating PDF version.
    This typically indicates Rd problems.
    LaTeX errors found:
    ! LaTeX Error: File `upquote.sty' not found.
    
    Type X to quit or <RETURN> to proceed,
    or enter new name. (Default extension: sty)
    
    392804c/Rd2.tex:8: ==> Fatal error occurred, no output PDF file produced!
Flavor: r-release-osx-x86_64-mavericks