CRAN Package Check Results for Package nbpMatching

Last updated on 2014-07-31 03:48:36.

Flavor Version Tinstall Tcheck Ttotal Status Flags
r-devel-linux-x86_64-debian-clang 1.4.0 2.56 27.06 29.62 OK
r-devel-linux-x86_64-debian-gcc 1.4.0 2.84 26.55 29.40 OK
r-devel-linux-x86_64-fedora-clang 1.4.0 63.92 NOTE
r-devel-linux-x86_64-fedora-gcc 1.4.0 56.34 NOTE
r-devel-osx-x86_64-clang 1.4.0 53.42 OK
r-devel-windows-ix86+x86_64 1.4.0 12.00 52.00 64.00 OK
r-patched-linux-x86_64 1.4.0 2.63 26.45 29.08 OK
r-patched-solaris-sparc 1.4.0 361.30 OK
r-patched-solaris-x86 1.4.0 76.80 OK
r-release-linux-ix86 1.4.0 3.65 35.20 38.85 OK
r-release-linux-x86_64 1.4.0 2.76 27.10 29.86 OK
r-release-osx-x86_64-mavericks 1.4.0 OK
r-release-osx-x86_64-snowleopard 1.4.0 OK
r-release-windows-ix86+x86_64 1.4.0 15.00 78.00 93.00 OK
r-oldrel-windows-ix86+x86_64 1.4.0 15.00 80.00 95.00 OK

Check Details

Version: 1.4.0
Check: Rd line widths
Result: NOTE
    Rd file 'gendistance.Rd':
     \usage lines wider than 90 characters:
     gendistance(covariate, idcol=NULL, weights=NULL, prevent=NULL, force=NULL, rankcols=NULL, missing.weight=0.1, ndiscard=0, singular.meth ... [TRUNCATED]
    
    Rd file 'qom.Rd':
     \usage lines wider than 90 characters:
     qom(covariate, matches, iterations=10000, probs=NA, use.se=FALSE, all.vals=FALSE, seed=101, ...)
    
    These lines will be truncated in the PDF manual.
Flavors: r-devel-linux-x86_64-fedora-clang, r-devel-linux-x86_64-fedora-gcc