CRAN Package Check Results for Package ncdf

Last updated on 2015-04-18 11:25:37.

Flavor Version Tinstall Tcheck Ttotal Status Flags
r-devel-linux-x86_64-debian-clang 1.6.8 1.54 13.77 15.30 OK
r-devel-linux-x86_64-debian-gcc 1.6.8 1.63 13.63 15.26 OK
r-devel-linux-x86_64-fedora-clang 1.6.8 28.52 OK
r-devel-linux-x86_64-fedora-gcc 1.6.8 27.17 OK
r-devel-osx-x86_64-clang 1.6.8 33.93 OK
r-patched-linux-x86_64 1.6.8 1.80 13.60 15.40 OK
r-patched-solaris-sparc 1.6.8 178.00 OK
r-patched-solaris-x86 1.6.8 39.30 OK
r-release-linux-x86_64 1.6.8 1.83 13.73 15.56 OK
r-release-osx-x86_64-mavericks 1.6.8 NOTE
r-release-osx-x86_64-snowleopard 1.6.8 NOTE
r-release-windows-ix86+x86_64 1.6.8 13.00 33.00 46.00 OK
r-oldrel-windows-ix86+x86_64 1.6.8 8.00 35.00 43.00 OK

Memtest notes: valgrind

Check Details

Version: 1.6.8
Check: installed package size
Result: NOTE
     installed size is 6.1Mb
     sub-directories of 1Mb or more:
     libs 6.0Mb
Flavors: r-release-osx-x86_64-mavericks, r-release-osx-x86_64-snowleopard