CRAN Package Check Results for Package ncdf

Last updated on 2014-07-29 22:46:59.

Flavor Version Tinstall Tcheck Ttotal Status Flags
r-devel-linux-x86_64-debian-clang 1.6.7 1.43 14.40 15.83 NOTE
r-devel-linux-x86_64-debian-gcc 1.6.7 1.59 13.46 15.05 NOTE
r-devel-linux-x86_64-fedora-clang 1.6.7 29.99 NOTE
r-devel-linux-x86_64-fedora-gcc 1.6.7 27.69 NOTE
r-devel-osx-x86_64-clang 1.6.7 33.15 NOTE
r-devel-windows-ix86+x86_64 1.6.7 8.00 29.00 37.00 NOTE
r-patched-linux-x86_64 1.6.7 1.59 13.42 15.01 NOTE
r-patched-solaris-sparc 1.6.7 171.50 NOTE
r-patched-solaris-x86 1.6.7 40.80 NOTE
r-release-linux-ix86 1.6.7 2.49 20.25 22.74 NOTE
r-release-linux-x86_64 1.6.7 1.70 13.70 15.40 NOTE
r-release-osx-x86_64-mavericks 1.6.7 NOTE
r-release-osx-x86_64-snowleopard 1.6.7 NOTE
r-release-windows-ix86+x86_64 1.6.7 11.00 27.00 38.00 NOTE
r-oldrel-windows-ix86+x86_64 1.6.7 7.00 30.00 37.00 OK

Check Details

Version: 1.6.7
Check: foreign function calls
Result: NOTE
    Calls with DUP = FALSE:
     .C("R_nc_get_vara_int", as.integer(nc$id), as.integer(varid -
     1), as.integer(c.start), as.integer(c.count), as.integer(byte_style),
     data = as.integer(rv$data), error = as.integer(rv$error),
     PACKAGE = "ncdf", DUP = FALSE)
     .C("R_nc_get_vara_double", as.integer(nc$id), as.integer(varid -
     1), as.integer(c.start), as.integer(c.count), data = as.double(rv$data),
     error = as.integer(rv$error), PACKAGE = "ncdf", DUP = FALSE)
    DUP = FALSE is deprecated and may be disabled in future versions of R.
Flavors: r-devel-linux-x86_64-debian-clang, r-devel-linux-x86_64-debian-gcc, r-devel-linux-x86_64-fedora-clang, r-devel-linux-x86_64-fedora-gcc, r-devel-osx-x86_64-clang, r-devel-windows-ix86+x86_64, r-patched-linux-x86_64, r-patched-solaris-sparc, r-patched-solaris-x86, r-release-linux-ix86, r-release-linux-x86_64, r-release-osx-x86_64-mavericks, r-release-osx-x86_64-snowleopard, r-release-windows-ix86+x86_64

Version: 1.6.7
Check: installed package size
Result: NOTE
     installed size is 6.1Mb
     sub-directories of 1Mb or more:
     libs 6.0Mb
Flavors: r-release-osx-x86_64-mavericks, r-release-osx-x86_64-snowleopard