CRAN Package Check Results for Package ncdf

Last updated on 2015-07-07 03:47:47.

Flavor Version Tinstall Tcheck Ttotal Status Flags
r-devel-linux-x86_64-debian-clang 1.6.8 1.56 12.69 14.24 OK
r-devel-linux-x86_64-debian-gcc 1.6.8 1.62 12.82 14.44 OK
r-devel-linux-x86_64-fedora-clang 1.6.8 26.91 OK
r-devel-linux-x86_64-fedora-gcc 1.6.8 25.70 OK
r-devel-osx-x86_64-clang 1.6.8 27.74 OK
r-devel-windows-ix86+x86_64 1.6.8 12.00 41.00 53.00 OK
r-patched-linux-x86_64 1.6.8 1.64 13.16 14.81 OK
r-patched-solaris-sparc 1.6.8 197.20 OK
r-patched-solaris-x86 1.6.8 43.40 OK
r-release-linux-x86_64 1.6.8 1.66 13.46 15.13 OK
r-release-osx-x86_64-mavericks 1.6.8 NOTE
r-release-windows-ix86+x86_64 1.6.8 9.00 31.00 40.00 OK
r-oldrel-windows-ix86+x86_64 1.6.8 13.00 33.00 46.00 OK

Memtest notes: valgrind

Check Details

Version: 1.6.8
Check: installed package size
Result: NOTE
     installed size is 6.1Mb
     sub-directories of 1Mb or more:
     libs 6.0Mb
Flavor: r-release-osx-x86_64-mavericks