CRAN Package Check Results for Package ncdf

Last updated on 2015-01-28 12:48:05.

Flavor Version Tinstall Tcheck Ttotal Status Flags
r-devel-linux-x86_64-debian-clang 1.6.8 1.73 13.96 15.69 NOTE
r-devel-linux-x86_64-debian-gcc 1.6.8 1.67 14.09 15.76 NOTE
r-devel-linux-x86_64-fedora-clang 1.6.8 30.84 NOTE
r-devel-linux-x86_64-fedora-gcc 1.6.8 29.05 NOTE
r-devel-osx-x86_64-clang 1.6.8 35.14 NOTE
r-devel-windows-ix86+x86_64 1.6.8 9.00 31.00 40.00 OK
r-patched-linux-x86_64 1.6.8 1.80 14.12 15.92 OK
r-patched-solaris-sparc 1.6.8 199.20 OK
r-patched-solaris-x86 1.6.8 45.60 OK
r-release-linux-ix86 1.6.8 2.51 20.26 22.77 OK
r-release-linux-x86_64 1.6.8 1.88 14.00 15.88 OK
r-release-osx-x86_64-mavericks 1.6.8 NOTE
r-release-osx-x86_64-snowleopard 1.6.8 NOTE
r-release-windows-ix86+x86_64 1.6.8 8.00 29.00 37.00 OK
r-oldrel-windows-ix86+x86_64 1.6.8 8.00 35.00 43.00 OK

Memtest notes: valgrind

Check Details

Version: 1.6.8
Check: S3 generic/method consistency
Result: NOTE
    Found the following apparent S3 methods exported but not registered:
     print.ncdf
    See section ‘Registering S3 methods’ in the ‘Writing R Extensions’
    manual.
Flavors: r-devel-linux-x86_64-debian-clang, r-devel-linux-x86_64-debian-gcc, r-devel-linux-x86_64-fedora-clang, r-devel-linux-x86_64-fedora-gcc, r-devel-osx-x86_64-clang

Version: 1.6.8
Check: installed package size
Result: NOTE
     installed size is 6.1Mb
     sub-directories of 1Mb or more:
     libs 6.0Mb
Flavors: r-release-osx-x86_64-mavericks, r-release-osx-x86_64-snowleopard