CRAN Package Check Results for Package ncdf

Last updated on 2015-03-03 05:46:59.

Flavor Version Tinstall Tcheck Ttotal Status Flags
r-devel-linux-x86_64-debian-clang 1.6.8 1.54 13.52 15.06 OK
r-devel-linux-x86_64-debian-gcc 1.6.8 1.66 13.40 15.06 OK
r-devel-linux-x86_64-fedora-clang 1.6.8 28.13 OK
r-devel-linux-x86_64-fedora-gcc 1.6.8 26.59 OK
r-devel-osx-x86_64-clang 1.6.8 33.16 OK
r-devel-windows-ix86+x86_64 1.6.8 15.00 29.00 44.00 OK
r-patched-linux-x86_64 1.6.8 1.85 14.30 16.16 OK
r-patched-solaris-sparc 1.6.8 165.20 OK
r-patched-solaris-x86 1.6.8 44.20 OK
r-release-linux-ix86 1.6.8 2.70 20.62 23.32 OK
r-release-linux-x86_64 1.6.8 1.66 14.92 16.58 OK
r-release-osx-x86_64-mavericks 1.6.8 NOTE
r-release-osx-x86_64-snowleopard 1.6.8 NOTE
r-release-windows-ix86+x86_64 1.6.8 8.00 29.00 37.00 OK
r-oldrel-windows-ix86+x86_64 1.6.8 8.00 35.00 43.00 OK

Memtest notes: valgrind

Check Details

Version: 1.6.8
Check: installed package size
Result: NOTE
     installed size is 6.1Mb
     sub-directories of 1Mb or more:
     libs 6.0Mb
Flavors: r-release-osx-x86_64-mavericks, r-release-osx-x86_64-snowleopard