CRAN Package Check Results for Package ncdf

Last updated on 2014-04-24 09:49:05.

Flavor Version Tinstall Tcheck Ttotal Status Flags
r-devel-linux-x86_64-debian-clang 1.6.6 1.46 14.54 16.00 NOTE
r-devel-linux-x86_64-debian-gcc 1.6.6 1.66 14.26 15.92 NOTE
r-devel-linux-x86_64-fedora-clang 1.6.6 29.16 NOTE
r-devel-linux-x86_64-fedora-gcc 1.6.6 28.31 NOTE
r-devel-osx-x86_64-clang 1.6.6 32.85 NOTE
r-devel-osx-x86_64-gcc 1.6.6 NOTE
r-devel-windows-ix86+x86_64 1.6.6 8.00 26.00 34.00 NOTE
r-patched-linux-x86_64 1.6.6 1.66 14.67 16.34 NOTE
r-patched-solaris-sparc 1.6.6 170.40 NOTE
r-patched-solaris-x86 1.6.6 40.40 NOTE
r-release-linux-ix86 1.6.6 4.00 29.00 33.00 NOTE
r-release-linux-x86_64 1.6.6 1.64 13.86 15.50 NOTE
r-release-osx-x86_64-mavericks 1.6.6 ERROR
r-release-windows-ix86+x86_64 1.6.6 16.00 36.00 52.00 NOTE
r-oldrel-windows-ix86+x86_64 1.6.6 8.00 28.00 36.00 OK

Check Details

Version: 1.6.6
Check: foreign function calls
Result: NOTE
    Calls with DUP = FALSE:
     .C("R_nc_get_vara_int", as.integer(nc$id), as.integer(varid -
     1), as.integer(c.start), as.integer(c.count), as.integer(byte_style),
     data = as.integer(rv$data), error = as.integer(rv$error),
     PACKAGE = "ncdf", DUP = FALSE)
     .C("R_nc_get_vara_double", as.integer(nc$id), as.integer(varid -
     1), as.integer(c.start), as.integer(c.count), data = as.double(rv$data),
     error = as.integer(rv$error), PACKAGE = "ncdf", DUP = FALSE)
    DUP = FALSE is deprecated and may be disabled in future versions of R.
Flavors: r-devel-linux-x86_64-debian-clang, r-devel-linux-x86_64-debian-gcc, r-devel-linux-x86_64-fedora-clang, r-devel-linux-x86_64-fedora-gcc, r-devel-osx-x86_64-clang, r-devel-osx-x86_64-gcc, r-devel-windows-ix86+x86_64, r-patched-linux-x86_64, r-patched-solaris-sparc, r-patched-solaris-x86, r-release-linux-ix86, r-release-linux-x86_64, r-release-windows-ix86+x86_64

Version: 1.6.6
Check: installed package size
Result: NOTE
     installed size is 6.0Mb
     sub-directories of 1Mb or more:
     libs 5.9Mb
Flavor: r-devel-osx-x86_64-gcc

Version: 1.6.6
Check: whether package can be installed
Result: ERROR
    Installation failed.
    See ‘/Builds/CRAN-QA-Simon/packages/mavericks-x86_64/results/3.1/ncdf.Rcheck/00install.out’ for details.
Flavor: r-release-osx-x86_64-mavericks