CRAN Package Check Results for Package ncdf

Last updated on 2014-08-27 11:50:56.

Flavor Version Tinstall Tcheck Ttotal Status Flags
r-devel-linux-x86_64-debian-clang 1.6.8 1.38 14.16 15.54 OK
r-devel-linux-x86_64-debian-gcc 1.6.8 1.65 13.60 15.24 OK
r-devel-linux-x86_64-fedora-clang 1.6.8 16.27 OK
r-devel-linux-x86_64-fedora-gcc 1.6.8 28.48 OK
r-devel-osx-x86_64-clang 1.6.8 29.06 OK
r-devel-windows-ix86+x86_64 1.6.8 8.00 28.00 36.00 OK
r-patched-linux-x86_64 1.6.8 1.61 13.26 14.87 OK
r-patched-solaris-sparc 1.6.8 169.10 OK
r-patched-solaris-x86 1.6.8 36.90 OK
r-release-linux-ix86 1.6.7 2.50 22.30 24.81 NOTE
r-release-linux-x86_64 1.6.8 1.66 13.76 15.43 OK
r-release-osx-x86_64-mavericks 1.6.8 NOTE
r-release-osx-x86_64-snowleopard 1.6.7 NOTE
r-release-windows-ix86+x86_64 1.6.8 8.00 32.00 40.00 OK
r-oldrel-windows-ix86+x86_64 1.6.8 8.00 35.00 43.00 OK

Check Details

Version: 1.6.7
Check: foreign function calls
Result: NOTE
    Calls with DUP = FALSE:
     .C("R_nc_get_vara_int", as.integer(nc$id), as.integer(varid -
     1), as.integer(c.start), as.integer(c.count), as.integer(byte_style),
     data = as.integer(rv$data), error = as.integer(rv$error),
     PACKAGE = "ncdf", DUP = FALSE)
     .C("R_nc_get_vara_double", as.integer(nc$id), as.integer(varid -
     1), as.integer(c.start), as.integer(c.count), data = as.double(rv$data),
     error = as.integer(rv$error), PACKAGE = "ncdf", DUP = FALSE)
    DUP = FALSE is deprecated and may be disabled in future versions of R.
Flavors: r-release-linux-ix86, r-release-osx-x86_64-snowleopard

Version: 1.6.8
Check: installed package size
Result: NOTE
     installed size is 6.1Mb
     sub-directories of 1Mb or more:
     libs 6.0Mb
Flavor: r-release-osx-x86_64-mavericks

Version: 1.6.7
Check: installed package size
Result: NOTE
     installed size is 6.0Mb
     sub-directories of 1Mb or more:
     libs 5.9Mb
Flavor: r-release-osx-x86_64-snowleopard