CRAN Package Check Results for Package ncdf

Last updated on 2014-10-26 05:47:20.

Flavor Version Tinstall Tcheck Ttotal Status Flags
r-devel-linux-x86_64-debian-clang 1.6.8 1.66 14.31 15.97 OK
r-devel-linux-x86_64-debian-gcc 1.6.8 1.71 14.34 16.06 OK
r-devel-linux-x86_64-fedora-clang 1.6.8 29.76 OK
r-devel-linux-x86_64-fedora-gcc 1.6.8 28.51 OK
r-devel-osx-x86_64-clang 1.6.8 34.33 OK
r-devel-windows-ix86+x86_64 1.6.8 8.00 28.00 36.00 OK
r-patched-linux-x86_64 1.6.8 1.73 14.91 16.64 OK
r-patched-solaris-sparc 1.6.8 169.10 OK
r-patched-solaris-x86 1.6.8 43.50 OK
r-release-linux-ix86 1.6.8 2.51 21.45 23.96 OK
r-release-linux-x86_64 1.6.8 1.65 14.04 15.69 OK
r-release-osx-x86_64-mavericks 1.6.8 NOTE
r-release-osx-x86_64-snowleopard 1.6.8 NOTE
r-release-windows-ix86+x86_64 1.6.8 8.00 32.00 40.00 OK
r-oldrel-windows-ix86+x86_64 1.6.8 8.00 35.00 43.00 OK

Check Details

Version: 1.6.8
Check: installed package size
Result: NOTE
     installed size is 6.1Mb
     sub-directories of 1Mb or more:
     libs 6.0Mb
Flavors: r-release-osx-x86_64-mavericks, r-release-osx-x86_64-snowleopard