CRAN Package Check Results for Package ncdf

Last updated on 2015-05-24 08:48:36.

Flavor Version Tinstall Tcheck Ttotal Status Flags
r-devel-linux-x86_64-debian-clang 1.6.8 1.57 13.63 15.20 OK
r-devel-linux-x86_64-debian-gcc 1.6.8 1.66 13.40 15.06 OK
r-devel-linux-x86_64-fedora-clang 1.6.8 28.69 OK
r-devel-linux-x86_64-fedora-gcc 1.6.8 27.45 OK
r-devel-osx-x86_64-clang 1.6.8 32.85 OK
r-devel-windows-ix86+x86_64 1.6.8 9.00 30.00 39.00 OK
r-patched-linux-x86_64 1.6.8 1.72 13.18 14.89 OK
r-patched-solaris-sparc 1.6.8 197.20 OK
r-patched-solaris-x86 1.6.8 42.20 OK
r-release-linux-x86_64 1.6.8 1.63 13.35 14.98 OK
r-release-osx-x86_64-mavericks 1.6.8 NOTE
r-release-osx-x86_64-snowleopard 1.6.8 NOTE
r-release-windows-ix86+x86_64 1.6.8 6.00 34.00 40.00 OK
r-oldrel-windows-ix86+x86_64 1.6.8 13.00 33.00 46.00 OK

Memtest notes: valgrind

Check Details

Version: 1.6.8
Check: installed package size
Result: NOTE
     installed size is 6.1Mb
     sub-directories of 1Mb or more:
     libs 6.0Mb
Flavors: r-release-osx-x86_64-mavericks, r-release-osx-x86_64-snowleopard