CRAN Package Check Results for Package ncdf

Last updated on 2015-08-28 12:48:01.

Flavor Version Tinstall Tcheck Ttotal Status Flags
r-devel-linux-x86_64-debian-clang 1.6.8 1.48 13.53 15.01 OK
r-devel-linux-x86_64-debian-gcc 1.6.8 1.56 13.51 15.06 OK
r-devel-linux-x86_64-fedora-clang 1.6.8 27.49 OK
r-devel-linux-x86_64-fedora-gcc 1.6.8 27.63 OK
r-devel-osx-x86_64-clang 1.6.8 27.37 OK
r-devel-windows-ix86+x86_64 1.6.8 14.00 29.00 43.00 OK
r-patched-linux-x86_64 1.6.8 1.66 14.16 15.82 OK
r-patched-solaris-sparc 1.6.8 185.90 OK
r-patched-solaris-x86 1.6.8 46.00 OK
r-release-linux-x86_64 1.6.8 1.63 14.37 16.00 OK
r-release-osx-x86_64-mavericks 1.6.8 NOTE
r-release-windows-ix86+x86_64 1.6.8 10.00 29.00 39.00 OK
r-oldrel-windows-ix86+x86_64 1.6.8 13.00 33.00 46.00 OK

Memtest notes: valgrind

Check Details

Version: 1.6.8
Check: installed package size
Result: NOTE
     installed size is 6.1Mb
     sub-directories of 1Mb or more:
     libs 6.0Mb
Flavor: r-release-osx-x86_64-mavericks