CRAN Package Check Results for Package ncdf.tools

Last updated on 2019-04-19 22:52:37 CEST.

Flavor Version Tinstall Tcheck Ttotal Status Flags
r-devel-linux-x86_64-debian-clang 0.7.1.295 9.14 69.26 78.40 NOTE
r-devel-linux-x86_64-debian-gcc 0.7.1.295 7.65 55.08 62.73 NOTE
r-devel-linux-x86_64-fedora-clang 0.7.1.295 92.61 NOTE
r-devel-linux-x86_64-fedora-gcc 0.7.1.295 90.86 NOTE
r-devel-windows-ix86+x86_64 0.7.1.295 24.00 112.00 136.00 NOTE
r-patched-linux-x86_64 0.7.1.295 8.82 69.80 78.62 NOTE
r-patched-solaris-x86 0.7.1.295 136.20 NOTE
r-release-linux-x86_64 0.7.1.295 7.14 66.51 73.65 NOTE
r-release-windows-ix86+x86_64 0.7.1.295 12.00 109.00 121.00 NOTE
r-release-osx-x86_64 0.7.1.295 NOTE
r-oldrel-windows-ix86+x86_64 0.7.1.295 14.00 117.00 131.00 NOTE
r-oldrel-osx-x86_64 0.7.1.295 NOTE

Check Details

Version: 0.7.1.295
Check: R code for possible problems
Result: NOTE
    infoNcdfVars: no visible global function definition for 'na.omit'
    modifyNcdfDefAtts: no visible global function definition for 'na.omit'
    plotDatacube: no visible global function definition for 'runif'
    plotDatacube: no visible global function definition for
     'colorRampPalette'
    plotDatacube: no visible global function definition for 'dev.cur'
    plotDatacube: no visible global function definition for 'dev.new'
    plotDatacube: no visible global function definition for 'layout'
    plotDatacube: no visible global function definition for 'par'
    plotDatacube: no visible global function definition for 'points'
    plotDatacube: no visible global function definition for 'text'
    plotDatacube: no visible global function definition for 'plot.new'
    plotDatacube: no visible global function definition for 'mtext'
    plotDatacube: no visible global function definition for 'rgb'
    plotDatacube: no visible global function definition for 'legend'
    transNcdfRotate: no visible global function definition for 'na.omit'
    Undefined global functions or variables:
     colorRampPalette dev.cur dev.new layout legend mtext na.omit par
     plot.new points rgb runif text
    Consider adding
     importFrom("grDevices", "colorRampPalette", "dev.cur", "dev.new",
     "rgb")
     importFrom("graphics", "layout", "legend", "mtext", "par", "plot.new",
     "points", "text")
     importFrom("stats", "na.omit", "runif")
    to your NAMESPACE file.
Flavors: r-devel-linux-x86_64-debian-clang, r-devel-linux-x86_64-debian-gcc, r-devel-linux-x86_64-fedora-clang, r-devel-linux-x86_64-fedora-gcc, r-devel-windows-ix86+x86_64, r-patched-linux-x86_64, r-patched-solaris-x86, r-release-linux-x86_64, r-release-windows-ix86+x86_64, r-release-osx-x86_64, r-oldrel-windows-ix86+x86_64, r-oldrel-osx-x86_64