CRAN Package Check Results for Package ncdf4

Last updated on 2017-08-21 11:47:52.

Flavor Version Tinstall Tcheck Ttotal Status Flags
r-devel-linux-x86_64-debian-clang 1.16 2.76 21.85 24.61 OK
r-devel-linux-x86_64-debian-gcc 1.16 3.26 20.78 24.04 OK
r-devel-linux-x86_64-fedora-clang 1.16 39.75 OK
r-devel-linux-x86_64-fedora-gcc 1.16 37.39 OK
r-devel-windows-ix86+x86_64 1.16 13.00 72.00 85.00 NOTE
r-patched-linux-x86_64 1.16 2.68 21.32 24.00 OK
r-patched-solaris-x86 1.16 46.70 OK
r-release-linux-x86_64 1.16 2.39 21.56 23.95 OK
r-release-windows-ix86+x86_64 1.16 12.00 71.00 83.00 NOTE
r-release-osx-x86_64 1.16 NOTE
r-oldrel-windows-ix86+x86_64 1.16 19.00 92.00 111.00 NOTE
r-oldrel-osx-x86_64 1.16 NOTE

Check Details

Version: 1.16
Check: installed package size
Result: NOTE
     installed size is 9.2Mb
     sub-directories of 1Mb or more:
     libs 9.0Mb
Flavors: r-devel-windows-ix86+x86_64, r-release-windows-ix86+x86_64, r-release-osx-x86_64, r-oldrel-windows-ix86+x86_64, r-oldrel-osx-x86_64