CRAN Package Check Results for Package ncdf4

Last updated on 2015-08-29 06:47:46.

Flavor Version Tinstall Tcheck Ttotal Status Flags
r-devel-linux-x86_64-debian-clang 1.13 1.79 18.28 20.08 OK
r-devel-linux-x86_64-debian-gcc 1.13 1.90 16.72 18.62 OK
r-devel-linux-x86_64-fedora-clang 1.13 34.34 OK
r-devel-linux-x86_64-fedora-gcc 1.13 34.64 OK
r-devel-osx-x86_64-clang 1.13 33.94 OK
r-patched-linux-x86_64 1.13 2.06 18.42 20.48 OK
r-patched-solaris-sparc 1.13 222.30 OK
r-patched-solaris-x86 1.13 55.00 OK
r-release-linux-x86_64 1.13 1.98 18.14 20.12 OK
r-release-osx-x86_64-mavericks 1.13 NOTE

Check Details

Version: 1.13
Check: installed package size
Result: NOTE
     installed size is 6.2Mb
     sub-directories of 1Mb or more:
     libs 6.0Mb
Flavor: r-release-osx-x86_64-mavericks