CRAN Package Check Results for Package ncdf4

Last updated on 2017-05-23 18:48:33.

Flavor Version Tinstall Tcheck Ttotal Status Flags
r-devel-linux-x86_64-debian-clang 1.16 2.74 21.08 23.82 OK
r-devel-linux-x86_64-debian-gcc 1.16 2.31 20.61 22.92 OK
r-devel-linux-x86_64-fedora-clang 1.16 39.35 OK --no-stop-on-test-error
r-devel-linux-x86_64-fedora-gcc 1.16 36.16 OK --no-stop-on-test-error
r-devel-windows-ix86+x86_64 1.16 19.00 72.00 91.00 NOTE
r-patched-linux-x86_64 1.16 2.52 20.37 22.89 OK
r-patched-solaris-sparc 1.16 223.90 OK
r-patched-solaris-x86 1.16 46.10 OK
r-release-linux-x86_64 1.16 4.79 20.54 25.32 OK
r-release-windows-ix86+x86_64 1.16 14.00 75.00 89.00 NOTE
r-release-osx-x86_64 1.16 NOTE
r-oldrel-windows-ix86+x86_64 1.16 19.00 92.00 111.00 NOTE
r-oldrel-osx-x86_64 1.16 NOTE

Check Details

Version: 1.16
Check: installed package size
Result: NOTE
     installed size is 9.2Mb
     sub-directories of 1Mb or more:
     libs 9.0Mb
Flavors: r-devel-windows-ix86+x86_64, r-release-windows-ix86+x86_64, r-release-osx-x86_64, r-oldrel-windows-ix86+x86_64, r-oldrel-osx-x86_64