CRAN Package Check Results for Package ncdf4

Last updated on 2017-04-26 09:47:47.

Flavor Version Tinstall Tcheck Ttotal Status Flags
r-devel-linux-x86_64-debian-clang 1.16 2.64 20.99 23.62 OK
r-devel-linux-x86_64-debian-gcc 1.16 2.30 20.37 22.66 OK
r-devel-linux-x86_64-fedora-clang 1.16 40.29 OK --no-stop-on-test-error
r-devel-linux-x86_64-fedora-gcc 1.16 36.40 OK --no-stop-on-test-error
r-devel-windows-ix86+x86_64 1.16 20.00 76.00 96.00 NOTE
r-patched-linux-x86_64 1.16 2.24 20.61 22.84 OK
r-patched-solaris-sparc 1.16 223.90 OK
r-patched-solaris-x86 1.16 54.50 OK
r-release-linux-x86_64 1.16 2.20 20.52 22.72 OK
r-release-windows-ix86+x86_64 1.16 14.00 75.00 89.00 NOTE
r-release-osx-x86_64 1.16 NOTE
r-oldrel-windows-ix86+x86_64 1.16 19.00 92.00 111.00 NOTE
r-oldrel-osx-x86_64 1.16 NOTE

Check Details

Version: 1.16
Check: installed package size
Result: NOTE
     installed size is 9.2Mb
     sub-directories of 1Mb or more:
     libs 9.0Mb
Flavors: r-devel-windows-ix86+x86_64, r-release-windows-ix86+x86_64, r-release-osx-x86_64, r-oldrel-windows-ix86+x86_64, r-oldrel-osx-x86_64