CRAN Package Check Results for Package ncdf4

Last updated on 2015-02-28 02:48:50.

Flavor Version Tinstall Tcheck Ttotal Status Flags
r-devel-linux-x86_64-debian-clang 1.13 1.71 17.73 19.44 OK
r-devel-linux-x86_64-debian-gcc 1.13 1.92 16.95 18.87 OK
r-devel-linux-x86_64-fedora-clang 1.13 35.25 OK
r-devel-linux-x86_64-fedora-gcc 1.13 34.29 OK
r-devel-osx-x86_64-clang 1.13 39.56 OK
r-patched-linux-x86_64 1.13 2.04 18.75 20.78 OK
r-patched-solaris-sparc 1.13 227.70 OK
r-release-linux-ix86 1.13 3.05 24.87 27.92 OK
r-release-linux-x86_64 1.13 2.02 18.61 20.63 OK
r-release-osx-x86_64-mavericks 1.13 NOTE
r-release-osx-x86_64-snowleopard 1.13 NOTE

Check Details

Version: 1.13
Check: installed package size
Result: NOTE
     installed size is 6.2Mb
     sub-directories of 1Mb or more:
     libs 6.0Mb
Flavors: r-release-osx-x86_64-mavericks, r-release-osx-x86_64-snowleopard