CRAN Package Check Results for Package ncdf4

Last updated on 2014-08-27 11:50:56.

Flavor Version Tinstall Tcheck Ttotal Status Flags
r-devel-linux-x86_64-debian-clang 1.12 1.67 16.98 18.65 OK
r-devel-linux-x86_64-debian-gcc 1.12 1.98 17.12 19.10 OK
r-devel-linux-x86_64-fedora-clang 1.12 35.84 OK
r-devel-linux-x86_64-fedora-gcc 1.12 35.11 OK
r-devel-osx-x86_64-clang 1.12 37.61 OK
r-patched-linux-x86_64 1.12 2.06 17.28 19.34 OK
r-patched-solaris-sparc 1.12 221.90 OK
r-patched-solaris-x86 1.12 48.70 OK
r-release-linux-ix86 1.12 3.10 25.14 28.24 OK
r-release-linux-x86_64 1.12 2.02 17.48 19.50 OK
r-release-osx-x86_64-mavericks 1.12 NOTE
r-release-osx-x86_64-snowleopard 1.12 WARN

Check Details

Version: 1.12
Check: installed package size
Result: NOTE
     installed size is 6.2Mb
     sub-directories of 1Mb or more:
     libs 6.0Mb
Flavors: r-release-osx-x86_64-mavericks, r-release-osx-x86_64-snowleopard

Version: 1.12
Check: whether package can be installed
Result: WARN
    Found the following significant warnings:
     WARNING: I *think* that different compilers are being used for R and the netcdf library!
Flavor: r-release-osx-x86_64-snowleopard