CRAN Package Check Results for Package ncdf4

Last updated on 2016-09-29 20:47:22.

Flavor Version Tinstall Tcheck Ttotal Status Flags
r-devel-linux-x86_64-debian-clang 1.15 2.84 18.02 20.86 OK
r-devel-linux-x86_64-debian-gcc 1.15 2.38 19.31 21.69 OK
r-devel-linux-x86_64-fedora-clang 1.15 35.34 OK
r-devel-linux-x86_64-fedora-gcc 1.15 31.55 OK
r-devel-macos-x86_64-clang 1.15 29.54 OK
r-devel-windows-ix86+x86_64 1.15 24.00 55.00 79.00 NOTE
r-patched-linux-x86_64 1.15 2.28 17.68 19.97 OK
r-patched-solaris-sparc 1.15 202.70 OK
r-patched-solaris-x86 1.15 45.20 OK
r-release-linux-x86_64 1.15 2.48 18.23 20.71 OK
r-release-osx-x86_64-mavericks 1.15 NOTE
r-release-windows-ix86+x86_64 1.15 14.00 41.00 55.00 NOTE
r-oldrel-windows-ix86+x86_64 1.15 15.00 68.00 83.00 NOTE

Check Details

Version: 1.15
Check: installed package size
Result: NOTE
     installed size is 9.1Mb
     sub-directories of 1Mb or more:
     libs 9.0Mb
Flavors: r-devel-windows-ix86+x86_64, r-release-osx-x86_64-mavericks, r-release-windows-ix86+x86_64, r-oldrel-windows-ix86+x86_64