CRAN Package Check Results for Package ncdf4

Last updated on 2015-01-26 22:47:37.

Flavor Version Tinstall Tcheck Ttotal Status Flags
r-devel-linux-x86_64-debian-clang 1.13 1.78 18.23 20.01 OK
r-devel-linux-x86_64-debian-gcc 1.13 2.08 16.91 18.99 OK
r-devel-linux-x86_64-fedora-clang 1.13 39.44 OK
r-devel-linux-x86_64-fedora-gcc 1.13 35.86 OK
r-devel-osx-x86_64-clang 1.13 41.48 OK
r-patched-linux-x86_64 1.13 2.04 18.10 20.14 OK
r-patched-solaris-sparc 1.13 227.70 OK
r-patched-solaris-x86 1.13 52.40 OK
r-release-linux-ix86 1.13 3.02 24.42 27.44 OK
r-release-linux-x86_64 1.13 2.05 18.31 20.36 OK
r-release-osx-x86_64-mavericks 1.13 NOTE
r-release-osx-x86_64-snowleopard 1.13 NOTE

Check Details

Version: 1.13
Check: installed package size
Result: NOTE
     installed size is 6.2Mb
     sub-directories of 1Mb or more:
     libs 6.0Mb
Flavors: r-release-osx-x86_64-mavericks, r-release-osx-x86_64-snowleopard