CRAN Package Check Results for Package ncdf4

Last updated on 2015-07-01 03:47:38.

Flavor Version Tinstall Tcheck Ttotal Status Flags
r-devel-linux-x86_64-debian-clang 1.13 1.76 16.44 18.20 OK
r-devel-linux-x86_64-debian-gcc 1.13 1.96 16.26 18.22 OK
r-devel-linux-x86_64-fedora-clang 1.13 35.23 OK
r-devel-linux-x86_64-fedora-gcc 1.13 35.53 OK
r-devel-osx-x86_64-clang 1.13 37.11 OK
r-patched-linux-x86_64 1.13 2.00 17.00 19.00 OK
r-patched-solaris-sparc 1.13 218.30 OK
r-patched-solaris-x86 1.13 48.60 OK
r-release-linux-x86_64 1.13 2.04 17.25 19.29 OK
r-release-osx-x86_64-mavericks 1.13 NOTE

Check Details

Version: 1.13
Check: installed package size
Result: NOTE
     installed size is 6.2Mb
     sub-directories of 1Mb or more:
     libs 6.0Mb
Flavor: r-release-osx-x86_64-mavericks