CRAN Package Check Results for Package ncdf4

Last updated on 2017-01-20 19:47:11.

Flavor Version Tinstall Tcheck Ttotal Status Flags
r-devel-linux-x86_64-debian-clang 1.15 2.91 20.91 23.82 OK
r-devel-linux-x86_64-debian-gcc 1.15 2.45 20.39 22.83 OK
r-devel-linux-x86_64-fedora-clang 1.15 39.51 OK --no-stop-on-test-error
r-devel-linux-x86_64-fedora-gcc 1.15 36.95 OK --no-stop-on-test-error
r-devel-macos-x86_64-clang 1.15 33.52 OK --no-stop-on-test-error
r-devel-windows-ix86+x86_64 1.15 43.00 45.00 88.00 NOTE
r-patched-linux-x86_64 1.15 2.34 17.29 19.64 OK
r-patched-solaris-sparc 1.15 206.50 OK
r-patched-solaris-x86 1.15 45.80 OK
r-release-linux-x86_64 1.15 2.36 17.53 19.88 OK
r-release-osx-x86_64-mavericks 1.15 NOTE
r-release-windows-ix86+x86_64 1.15 14.00 42.00 56.00 NOTE
r-oldrel-windows-ix86+x86_64 1.15 16.00 70.00 86.00 NOTE

Check Details

Version: 1.15
Check: installed package size
Result: NOTE
     installed size is 9.1Mb
     sub-directories of 1Mb or more:
     libs 9.0Mb
Flavors: r-devel-windows-ix86+x86_64, r-release-osx-x86_64-mavericks, r-release-windows-ix86+x86_64, r-oldrel-windows-ix86+x86_64