CRAN Package Check Results for Package ncdf4

Last updated on 2016-02-13 09:47:05.

Flavor Version Tinstall Tcheck Ttotal Status Flags
r-devel-linux-x86_64-debian-gcc 1.15 2.32 16.17 18.49 OK
r-devel-linux-x86_64-fedora-clang 1.15 32.48 OK
r-devel-linux-x86_64-fedora-gcc 1.15 29.68 OK
r-devel-osx-x86_64-clang 1.15 40.04 OK
r-devel-windows-ix86+x86_64 1.15 23.00 63.00 86.00 NOTE
r-patched-linux-x86_64 1.15 2.36 17.17 19.53 OK
r-patched-solaris-sparc 1.15 205.70 OK
r-patched-solaris-x86 1.15 45.00 OK
r-release-linux-x86_64 1.15 2.34 16.97 19.31 OK
r-release-osx-x86_64-mavericks 1.15 NOTE
r-release-windows-ix86+x86_64 1.15 15.00 68.00 83.00 NOTE
r-oldrel-windows-ix86+x86_64 1.15 19.00 82.00 101.00 NOTE

Check Details

Version: 1.15
Check: installed package size
Result: NOTE
     installed size is 8.9Mb
     sub-directories of 1Mb or more:
     libs 8.7Mb
Flavors: r-devel-windows-ix86+x86_64, r-release-osx-x86_64-mavericks, r-release-windows-ix86+x86_64, r-oldrel-windows-ix86+x86_64