CRAN Package Check Results for Package ncdf4

Last updated on 2014-07-24 16:48:02.

Flavor Version Tinstall Tcheck Ttotal Status Flags
r-devel-linux-x86_64-debian-clang 1.12 1.68 17.63 19.31 OK
r-devel-linux-x86_64-debian-gcc 1.12 2.02 17.17 19.19 OK
r-devel-linux-x86_64-fedora-clang 1.12 37.78 OK
r-devel-linux-x86_64-fedora-gcc 1.12 35.74 OK
r-devel-osx-x86_64-clang 1.12 43.78 OK
r-patched-linux-x86_64 1.12 2.00 17.40 19.40 OK
r-patched-solaris-sparc 1.12 205.20 OK
r-patched-solaris-x86 1.12 47.60 OK
r-release-linux-ix86 1.12 3.13 24.47 27.60 OK
r-release-linux-x86_64 1.12 1.99 17.68 19.67 OK
r-release-osx-x86_64-mavericks 1.12 NOTE
r-release-osx-x86_64-snowleopard 1.12 WARN

Check Details

Version: 1.12
Check: installed package size
Result: NOTE
     installed size is 6.2Mb
     sub-directories of 1Mb or more:
     libs 6.0Mb
Flavors: r-release-osx-x86_64-mavericks, r-release-osx-x86_64-snowleopard

Version: 1.12
Check: whether package can be installed
Result: WARNING
    Found the following significant warnings:
     WARNING: I *think* that different compilers are being used for R and the netcdf library!
    See ‘/Volumes/XT3/Builds/R-dev-web/QA/Simon/packages/snowleopard-x86_64/results/3.1/ncdf4.Rcheck/00install.out’ for details.
Flavor: r-release-osx-x86_64-snowleopard