CRAN Package Check Results for Package ncdf4

Last updated on 2018-05-27 00:46:44 CEST.

Flavor Version Tinstall Tcheck Ttotal Status Flags
r-devel-linux-x86_64-debian-clang 1.16 7.44 28.68 36.12 OK
r-devel-linux-x86_64-debian-gcc 1.16 5.97 22.58 28.55 OK
r-devel-linux-x86_64-fedora-clang 1.16 44.21 OK
r-devel-linux-x86_64-fedora-gcc 1.16 40.49 OK
r-devel-windows-ix86+x86_64 1.16 23.00 72.00 95.00 NOTE
r-patched-linux-x86_64 1.16 5.93 28.05 33.98 OK
r-patched-solaris-x86 1.16 55.00 OK
r-release-linux-x86_64 1.16 6.44 27.45 33.89 OK
r-release-windows-ix86+x86_64 1.16 24.00 70.00 94.00 NOTE
r-release-osx-x86_64 1.16 NOTE
r-oldrel-windows-ix86+x86_64 1.16 12.00 71.00 83.00 NOTE
r-oldrel-osx-x86_64 1.16 NOTE

Check Details

Version: 1.16
Check: installed package size
Result: NOTE
     installed size is 9.3Mb
     sub-directories of 1Mb or more:
     libs 9.0Mb
Flavors: r-devel-windows-ix86+x86_64, r-release-windows-ix86+x86_64, r-release-osx-x86_64, r-oldrel-windows-ix86+x86_64, r-oldrel-osx-x86_64