CRAN Package Check Results for Package ncdf4

Last updated on 2016-12-04 16:47:19.

Flavor Version Tinstall Tcheck Ttotal Status Flags
r-devel-linux-x86_64-debian-clang 1.15 2.92 21.14 24.06 OK
r-devel-linux-x86_64-debian-gcc 1.15 2.52 20.73 23.25 OK
r-devel-linux-x86_64-fedora-clang 1.15 41.29 OK --no-stop-on-test-error
r-devel-linux-x86_64-fedora-gcc 1.15 40.81 OK
r-devel-macos-x86_64-clang 1.15 34.59 OK
r-devel-windows-ix86+x86_64 1.15 28.00 42.00 70.00 NOTE
r-patched-linux-x86_64 1.15 2.34 17.77 20.11 OK
r-patched-solaris-sparc 1.15 202.70 OK
r-patched-solaris-x86 1.15 45.40 OK
r-release-linux-x86_64 1.15 2.31 17.50 19.81 OK
r-release-osx-x86_64-mavericks 1.15 NOTE
r-release-windows-ix86+x86_64 1.15 14.00 42.00 56.00 NOTE
r-oldrel-windows-ix86+x86_64 1.15 16.00 70.00 86.00 NOTE

Check Details

Version: 1.15
Check: installed package size
Result: NOTE
     installed size is 9.1Mb
     sub-directories of 1Mb or more:
     libs 9.0Mb
Flavors: r-devel-windows-ix86+x86_64, r-release-osx-x86_64-mavericks, r-release-windows-ix86+x86_64, r-oldrel-windows-ix86+x86_64