CRAN Package Check Results for Package ncdf4

Last updated on 2014-10-25 03:49:32.

Flavor Version Tinstall Tcheck Ttotal Status Flags
r-devel-linux-x86_64-debian-clang 1.13 1.84 17.73 19.57 OK
r-devel-linux-x86_64-debian-gcc 1.13 2.08 18.52 20.60 OK
r-devel-linux-x86_64-fedora-clang 1.13 36.59 OK
r-devel-linux-x86_64-fedora-gcc 1.13 34.02 OK
r-devel-osx-x86_64-clang 1.13 40.17 OK
r-patched-linux-x86_64 1.13 2.10 18.10 20.20 OK
r-patched-solaris-sparc 1.13 198.40 OK
r-patched-solaris-x86 1.13 51.60 OK
r-release-linux-ix86 1.13 3.04 24.87 27.91 OK
r-release-linux-x86_64 1.13 2.08 17.87 19.95 OK
r-release-osx-x86_64-mavericks 1.13 NOTE
r-release-osx-x86_64-snowleopard 1.13 NOTE

Check Details

Version: 1.13
Check: installed package size
Result: NOTE
     installed size is 6.2Mb
     sub-directories of 1Mb or more:
     libs 6.0Mb
Flavors: r-release-osx-x86_64-mavericks, r-release-osx-x86_64-snowleopard