CRAN Package Check Results for Package ncdf4

Last updated on 2014-04-18 11:47:21.

Flavor Version Tinstall Tcheck Ttotal Status Flags
r-devel-linux-x86_64-debian-clang 1.10 1.94 17.21 19.15 NOTE
r-devel-linux-x86_64-debian-gcc NOTE
r-devel-linux-x86_64-fedora-clang 1.10 37.22 NOTE
r-devel-linux-x86_64-fedora-gcc 1.10 34.74 NOTE
r-devel-macosx-x86_64-clang 1.10 38.03 NOTE
r-devel-macosx-x86_64-gcc 1.10 NOTE
r-patched-linux-x86_64 1.10 2.03 18.85 20.88 NOTE
r-patched-solaris-sparc 1.10 208.90 NOTE
r-patched-solaris-x86 1.10 47.50 NOTE
r-release-linux-ix86 1.10 6.00 33.00 39.00 NOTE
r-release-linux-x86_64 1.10 2.04 18.88 20.92 NOTE

Check Details

Version: 1.10
Check: foreign function calls
Result: NOTE
    Calls with DUP = FALSE:
     .C("R_nc4_get_vara_int", as.integer(ncid), as.integer(varid),
     as.integer(c.start), as.integer(c.count), as.integer(byte_style),
     data = as.integer(rv$data), error = as.integer(rv$error),
     PACKAGE = "ncdf4", DUP = FALSE)
     .C("R_nc4_get_vara_double_fixmiss", as.integer(ncid), as.integer(varid),
     as.integer(c.start), as.integer(c.count), as.integer(imvstate),
     as.double(passed_missval), data = as.double(rv$data), error = as.integer(rv$error),
     PACKAGE = "ncdf4", DUP = FALSE)
     .C("R_nc4_get_vara_double", as.integer(ncid), as.integer(varid),
     as.integer(c.start), as.integer(c.count), data = as.double(rv$data),
     error = as.integer(rv$error), PACKAGE = "ncdf4", DUP = FALSE)
    DUP = FALSE is deprecated and may be disabled in future versions of R.
Flavors: r-devel-linux-x86_64-debian-clang, r-devel-linux-x86_64-debian-gcc, r-devel-linux-x86_64-fedora-clang, r-devel-linux-x86_64-fedora-gcc, r-devel-macosx-x86_64-clang, r-devel-macosx-x86_64-gcc, r-patched-linux-x86_64, r-patched-solaris-sparc, r-patched-solaris-x86, r-release-linux-ix86, r-release-linux-x86_64

Version: 1.10
Check: top-level files
Result: NOTE
    Non-standard files/directories found at top level:
     ‘aclocal.m4’ ‘m4macros’ ‘regenerate’
Flavors: r-devel-linux-x86_64-fedora-clang, r-devel-linux-x86_64-fedora-gcc

Version: 1.10
Check: installed package size
Result: NOTE
     installed size is 6.1Mb
     sub-directories of 1Mb or more:
     libs 5.9Mb
Flavor: r-devel-macosx-x86_64-gcc