CRAN Package Check Results for Package ncdf4

Last updated on 2014-12-18 23:47:54.

Flavor Version Tinstall Tcheck Ttotal Status Flags
r-devel-linux-x86_64-debian-clang 1.13 1.78 18.05 19.83 OK
r-devel-linux-x86_64-debian-gcc 1.13 2.08 19.15 21.23 OK
r-devel-linux-x86_64-fedora-clang 1.13 40.40 OK
r-devel-linux-x86_64-fedora-gcc 1.13 35.59 OK
r-devel-osx-x86_64-clang 1.13 40.90 OK
r-patched-linux-x86_64 1.13 2.26 18.31 20.57 OK
r-patched-solaris-sparc 1.13 198.40 OK
r-patched-solaris-x86 1.13 51.70 OK
r-release-linux-ix86 1.13 2.99 23.70 26.69 OK
r-release-linux-x86_64 1.13 2.21 18.74 20.95 OK
r-release-osx-x86_64-mavericks 1.13 NOTE
r-release-osx-x86_64-snowleopard 1.13 NOTE

Check Details

Version: 1.13
Check: installed package size
Result: NOTE
     installed size is 6.2Mb
     sub-directories of 1Mb or more:
     libs 6.0Mb
Flavors: r-release-osx-x86_64-mavericks, r-release-osx-x86_64-snowleopard