CRAN Package Check Results for Package ncdf4

Last updated on 2015-04-28 06:46:40.

Flavor Version Tinstall Tcheck Ttotal Status Flags
r-devel-linux-x86_64-debian-clang 1.13 1.83 17.15 18.98 OK
r-devel-linux-x86_64-debian-gcc 1.13 2.14 17.30 19.43 OK
r-devel-linux-x86_64-fedora-clang 1.13 36.01 OK
r-devel-linux-x86_64-fedora-gcc 1.13 33.05 OK
r-devel-osx-x86_64-clang 1.13 38.89 OK
r-patched-linux-x86_64 1.13 1.98 17.07 19.05 OK
r-patched-solaris-sparc 1.13 236.60 OK
r-patched-solaris-x86 1.13 39.10 OK
r-release-linux-x86_64 1.13 1.98 17.41 19.40 OK
r-release-osx-x86_64-mavericks 1.13 NOTE
r-release-osx-x86_64-snowleopard 1.13 NOTE

Check Details

Version: 1.13
Check: installed package size
Result: NOTE
     installed size is 6.2Mb
     sub-directories of 1Mb or more:
     libs 6.0Mb
Flavors: r-release-osx-x86_64-mavericks, r-release-osx-x86_64-snowleopard