CRAN Package Check Results for Package ncdf4

Last updated on 2017-02-27 23:03:41.

Flavor Version Tinstall Tcheck Ttotal Status Flags
r-devel-linux-x86_64-debian-clang 1.15 2.76 20.86 23.62 NOTE
r-devel-linux-x86_64-debian-gcc 1.15 2.42 20.77 23.20 NOTE
r-devel-linux-x86_64-fedora-clang 1.15 43.32 NOTE --no-stop-on-test-error
r-devel-linux-x86_64-fedora-gcc 1.15 36.97 NOTE --no-stop-on-test-error
r-devel-macos-x86_64-clang 1.15 34.50 NOTE --no-stop-on-test-error
r-devel-windows-ix86+x86_64 1.15 16.00 136.00 152.00 NOTE
r-patched-linux-x86_64 1.15 2.16 33.28 35.44 OK
r-patched-solaris-sparc 1.15 206.50 OK
r-patched-solaris-x86 1.15 45.30 OK
r-release-linux-x86_64 1.15 2.76 17.58 20.34 OK
r-release-osx-x86_64-mavericks 1.15 NOTE
r-release-windows-ix86+x86_64 1.15 14.00 42.00 56.00 NOTE
r-oldrel-windows-ix86+x86_64 1.15 16.00 70.00 86.00 NOTE

Check Details

Version: 1.15
Check: compiled code
Result: NOTE
    File ‘ncdf4/libs/ncdf4.so’:
     Found no calls to: ‘R_registerRoutines’, ‘R_useDynamicSymbols’
    
    It is good practice to register native routines and to disable symbol
    search.
    
    See ‘Writing portable packages’ in the ‘Writing R Extensions’ manual.
Flavors: r-devel-linux-x86_64-debian-clang, r-devel-linux-x86_64-debian-gcc

Version: 1.15
Flags: --no-stop-on-test-error
Check: compiled code
Result: NOTE
    File ‘ncdf4/libs/ncdf4.so’:
     Found no calls to: ‘R_registerRoutines’, ‘R_useDynamicSymbols’
    
    It is good practice to register native routines and to disable symbol
    search.
    
    See ‘Writing portable packages’ in the ‘Writing R Extensions’ manual.
Flavors: r-devel-linux-x86_64-fedora-clang, r-devel-linux-x86_64-fedora-gcc, r-devel-macos-x86_64-clang

Version: 1.15
Check: installed package size
Result: NOTE
     installed size is 9.1Mb
     sub-directories of 1Mb or more:
     libs 9.0Mb
Flavors: r-devel-windows-ix86+x86_64, r-release-osx-x86_64-mavericks, r-release-windows-ix86+x86_64, r-oldrel-windows-ix86+x86_64