CRAN Package Check Results for Package ncdf4

Last updated on 2019-05-25 13:47:03 CEST.

Flavor Version Tinstall Tcheck Ttotal Status Flags
r-devel-linux-x86_64-debian-clang 1.16.1 7.46 31.19 38.65 OK
r-devel-linux-x86_64-debian-gcc 1.16.1 5.67 24.74 30.41 OK
r-devel-linux-x86_64-fedora-clang 1.16.1 47.75 OK
r-devel-linux-x86_64-fedora-gcc 1.16.1 43.15 OK
r-devel-windows-ix86+x86_64 1.16.1 24.00 74.00 98.00 NOTE
r-patched-linux-x86_64 1.16.1 OK
r-patched-solaris-x86 1.16.1 60.60 OK
r-release-linux-x86_64 1.16.1 7.41 31.73 39.14 OK
r-release-windows-ix86+x86_64 1.16.1 26.00 69.00 95.00 NOTE
r-release-osx-x86_64 1.16.1 NOTE
r-oldrel-windows-ix86+x86_64 1.16.1 21.00 104.00 125.00 NOTE
r-oldrel-osx-x86_64 1.16.1 NOTE

Check Details

Version: 1.16.1
Check: installed package size
Result: NOTE
     installed size is 9.3Mb
     sub-directories of 1Mb or more:
     libs 9.0Mb
Flavors: r-devel-windows-ix86+x86_64, r-release-windows-ix86+x86_64, r-release-osx-x86_64, r-oldrel-windows-ix86+x86_64, r-oldrel-osx-x86_64