CRAN Package Check Results for Package ncdf4

Last updated on 2016-06-30 19:46:46.

Flavor Version Tinstall Tcheck Ttotal Status Flags
r-devel-linux-x86_64-debian-gcc 1.15 3.11 19.43 22.53 OK
r-devel-linux-x86_64-fedora-clang 1.15 33.12 OK
r-devel-linux-x86_64-fedora-gcc 1.15 29.90 OK
r-devel-osx-x86_64-clang 1.15 30.18 OK
r-devel-windows-ix86+x86_64 1.15 23.00 40.00 63.00 NOTE
r-patched-linux-x86_64 1.15 2.90 20.69 23.58 OK
r-patched-solaris-sparc 1.15 210.50 OK
r-patched-solaris-x86 1.15 46.90 OK
r-release-linux-x86_64 1.15 2.75 18.80 21.55 OK
r-release-osx-x86_64-mavericks 1.15 NOTE
r-release-windows-ix86+x86_64 1.15 18.00 49.00 67.00 NOTE
r-oldrel-windows-ix86+x86_64 1.15 15.00 68.00 83.00 NOTE

Check Details

Version: 1.15
Check: installed package size
Result: NOTE
     installed size is 9.1Mb
     sub-directories of 1Mb or more:
     libs 9.0Mb
Flavors: r-devel-windows-ix86+x86_64, r-release-osx-x86_64-mavericks, r-release-windows-ix86+x86_64, r-oldrel-windows-ix86+x86_64