CRAN Package Check Results for Package ncdf4

Last updated on 2017-10-21 22:46:48.

Flavor Version Tinstall Tcheck Ttotal Status Flags
r-devel-linux-x86_64-debian-clang 1.16 2.43 20.40 22.83 OK
r-devel-linux-x86_64-debian-gcc 1.16 3.84 22.37 26.21 OK
r-devel-linux-x86_64-fedora-clang 1.16 40.48 OK
r-devel-linux-x86_64-fedora-gcc 1.16 38.39 OK
r-devel-windows-ix86+x86_64 1.16 18.00 83.00 101.00 NOTE
r-patched-linux-x86_64 1.16 2.34 20.23 22.57 OK
r-patched-solaris-x86 1.16 47.10 OK
r-release-linux-x86_64 1.16 2.26 21.14 23.39 OK
r-release-windows-ix86+x86_64 1.16 12.00 71.00 83.00 NOTE
r-release-osx-x86_64 1.16 NOTE
r-oldrel-windows-ix86+x86_64 1.16 19.00 92.00 111.00 NOTE
r-oldrel-osx-x86_64 1.16 NOTE

Check Details

Version: 1.16
Check: installed package size
Result: NOTE
     installed size is 9.2Mb
     sub-directories of 1Mb or more:
     libs 9.0Mb
Flavors: r-devel-windows-ix86+x86_64, r-release-windows-ix86+x86_64, r-release-osx-x86_64, r-oldrel-windows-ix86+x86_64, r-oldrel-osx-x86_64