CRAN Package Check Results for Package ncdf4

Last updated on 2016-07-26 22:47:42.

Flavor Version Tinstall Tcheck Ttotal Status Flags
r-devel-linux-x86_64-debian-clang 1.15 3.38 21.53 24.91 OK
r-devel-linux-x86_64-debian-gcc 1.15 3.11 20.17 23.28 OK
r-devel-linux-x86_64-fedora-clang 1.15 32.92 OK
r-devel-linux-x86_64-fedora-gcc 1.15 29.99 OK
r-devel-osx-x86_64-clang 1.15 29.99 OK
r-devel-windows-ix86+x86_64 1.15 14.00 40.00 54.00 NOTE
r-patched-linux-x86_64 1.15 2.92 20.71 23.62 OK
r-patched-solaris-sparc 1.15 202.70 OK
r-patched-solaris-x86 1.15 46.30 OK
r-release-linux-x86_64 1.15 2.89 20.38 23.26 OK
r-release-osx-x86_64-mavericks 1.15 NOTE
r-release-windows-ix86+x86_64 1.15 18.00 49.00 67.00 NOTE
r-oldrel-windows-ix86+x86_64 1.15 15.00 68.00 83.00 NOTE

Check Details

Version: 1.15
Check: installed package size
Result: NOTE
     installed size is 9.1Mb
     sub-directories of 1Mb or more:
     libs 9.0Mb
Flavors: r-devel-windows-ix86+x86_64, r-release-osx-x86_64-mavericks, r-release-windows-ix86+x86_64, r-oldrel-windows-ix86+x86_64