CRAN Package Check Results for Package ncdf4

Last updated on 2014-09-18 10:52:12.

Flavor Version Tinstall Tcheck Ttotal Status Flags
r-devel-linux-x86_64-debian-clang 1.13 1.87 17.45 19.32 OK
r-devel-linux-x86_64-debian-gcc 1.13 2.01 16.88 18.88 OK
r-devel-linux-x86_64-fedora-clang 1.13 23.28 OK
r-devel-linux-x86_64-fedora-gcc 1.13 23.83 OK
r-devel-osx-x86_64-clang 1.13 21.83 OK
r-patched-linux-x86_64 1.12 2.00 17.36 19.36 OK
r-patched-solaris-sparc 1.13 198.40 OK
r-patched-solaris-x86 1.13 40.60 OK
r-release-linux-ix86 1.12 3.07 24.46 27.53 OK
r-release-linux-x86_64 1.13 2.30 18.12 20.42 OK
r-release-osx-x86_64-mavericks 1.13 NOTE
r-release-osx-x86_64-snowleopard 1.12 WARN

Check Details

Version: 1.13
Check: installed package size
Result: NOTE
     installed size is 6.2Mb
     sub-directories of 1Mb or more:
     libs 6.0Mb
Flavor: r-release-osx-x86_64-mavericks

Version: 1.12
Check: whether package can be installed
Result: WARN
    Found the following significant warnings:
     WARNING: I *think* that different compilers are being used for R and the netcdf library!
Flavor: r-release-osx-x86_64-snowleopard

Version: 1.12
Check: installed package size
Result: NOTE
     installed size is 6.1Mb
     sub-directories of 1Mb or more:
     libs 5.9Mb
Flavor: r-release-osx-x86_64-snowleopard