CRAN Package Check Results for Package ncdf4

Last updated on 2015-05-27 03:48:16.

Flavor Version Tinstall Tcheck Ttotal Status Flags
r-devel-linux-x86_64-debian-clang 1.13 1.80 17.90 19.71 OK
r-devel-linux-x86_64-debian-gcc 1.13 2.00 16.73 18.72 OK
r-devel-linux-x86_64-fedora-clang 1.13 35.82 OK
r-devel-linux-x86_64-fedora-gcc 1.13 34.25 OK
r-devel-osx-x86_64-clang 1.13 39.03 OK
r-patched-linux-x86_64 1.13 1.98 16.79 18.78 OK
r-patched-solaris-sparc 1.13 218.30 OK
r-patched-solaris-x86 1.13 48.00 OK
r-release-linux-x86_64 1.13 1.98 17.24 19.22 OK
r-release-osx-x86_64-mavericks 1.13 NOTE
r-release-osx-x86_64-snowleopard 1.13 NOTE

Check Details

Version: 1.13
Check: installed package size
Result: NOTE
     installed size is 6.2Mb
     sub-directories of 1Mb or more:
     libs 6.0Mb
Flavors: r-release-osx-x86_64-mavericks, r-release-osx-x86_64-snowleopard