CRAN Package Check Results for Package ncdf4

Last updated on 2017-12-18 22:49:50 CET.

Flavor Version Tinstall Tcheck Ttotal Status Flags
r-devel-linux-x86_64-debian-clang 1.16 2.74 29.34 32.08 OK
r-devel-linux-x86_64-debian-gcc 1.16 2.65 25.66 28.31 OK
r-devel-linux-x86_64-fedora-clang 1.16 41.80 OK
r-devel-linux-x86_64-fedora-gcc 1.16 38.40 OK
r-devel-windows-ix86+x86_64 1.16 13.00 70.00 83.00 NOTE
r-patched-linux-x86_64 1.16 2.59 31.22 33.81 OK
r-patched-solaris-x86 1.16 47.00 OK
r-release-linux-x86_64 1.16 2.68 30.83 33.51 OK
r-release-windows-ix86+x86_64 1.16 12.00 71.00 83.00 NOTE
r-release-osx-x86_64 1.16 NOTE
r-oldrel-windows-ix86+x86_64 1.16 19.00 92.00 111.00 NOTE
r-oldrel-osx-x86_64 1.16 NOTE

Check Details

Version: 1.16
Check: installed package size
Result: NOTE
     installed size is 9.2Mb
     sub-directories of 1Mb or more:
     libs 9.0Mb
Flavors: r-devel-windows-ix86+x86_64, r-release-windows-ix86+x86_64, r-release-osx-x86_64, r-oldrel-windows-ix86+x86_64, r-oldrel-osx-x86_64