CRAN Package Check Results for Package ncdf4

Last updated on 2017-06-29 17:50:15.

Flavor Version Tinstall Tcheck Ttotal Status Flags
r-devel-linux-x86_64-debian-clang 1.16 2.65 22.10 24.75 OK
r-devel-linux-x86_64-debian-gcc 1.16 2.43 20.04 22.47 OK
r-devel-linux-x86_64-fedora-clang 1.16 39.62 OK
r-devel-linux-x86_64-fedora-gcc 1.16 36.86 OK
r-devel-windows-ix86+x86_64 1.16 18.00 78.00 96.00 NOTE
r-patched-linux-x86_64 1.16 2.51 21.28 23.79 OK
r-patched-solaris-sparc 1.16 223.90 OK
r-patched-solaris-x86 1.16 51.20 OK
r-release-linux-x86_64 1.16 2.32 21.26 23.58 OK
r-release-windows-ix86+x86_64 1.16 14.00 75.00 89.00 NOTE
r-release-osx-x86_64 1.16 NOTE
r-oldrel-windows-ix86+x86_64 1.16 19.00 92.00 111.00 NOTE
r-oldrel-osx-x86_64 1.16 NOTE

Check Details

Version: 1.16
Check: installed package size
Result: NOTE
     installed size is 9.2Mb
     sub-directories of 1Mb or more:
     libs 9.0Mb
Flavors: r-devel-windows-ix86+x86_64, r-release-windows-ix86+x86_64, r-release-osx-x86_64, r-oldrel-windows-ix86+x86_64, r-oldrel-osx-x86_64