CRAN Package Check Results for Package ncdf4

Last updated on 2016-08-27 19:47:28.

Flavor Version Tinstall Tcheck Ttotal Status Flags
r-devel-linux-x86_64-debian-clang 1.15 2.66 18.34 20.99 OK
r-devel-linux-x86_64-debian-gcc 1.15 3.70 22.90 26.59 OK
r-devel-linux-x86_64-fedora-clang 1.15 33.82 OK
r-devel-linux-x86_64-fedora-gcc 1.15 31.04 OK
r-devel-osx-x86_64-clang 1.15 30.17 OK
r-devel-windows-ix86+x86_64 1.15 23.00 50.00 73.00 NOTE
r-patched-linux-x86_64 1.15 2.24 17.68 19.93 OK
r-patched-solaris-sparc 1.15 202.70 OK
r-patched-solaris-x86 1.15 46.10 OK
r-release-linux-x86_64 1.15 2.69 17.59 20.28 OK
r-release-osx-x86_64-mavericks 1.15 NOTE
r-release-windows-ix86+x86_64 1.15 18.00 49.00 67.00 NOTE
r-oldrel-windows-ix86+x86_64 1.15 15.00 68.00 83.00 NOTE

Check Details

Version: 1.15
Check: installed package size
Result: NOTE
     installed size is 9.1Mb
     sub-directories of 1Mb or more:
     libs 9.0Mb
Flavors: r-devel-windows-ix86+x86_64, r-release-osx-x86_64-mavericks, r-release-windows-ix86+x86_64, r-oldrel-windows-ix86+x86_64