CRAN Package Check Results for Package ncdump

Last updated on 2024-06-13 17:49:19 CEST.

Flavor Version Tinstall Tcheck Ttotal Status Flags
r-devel-linux-x86_64-debian-clang 0.0.3 4.59 42.38 46.97 NOTE
r-devel-linux-x86_64-debian-gcc 0.0.3 0.37 1.53 1.90 ERROR
r-devel-linux-x86_64-fedora-clang 0.0.3 60.76 NOTE
r-devel-linux-x86_64-fedora-gcc 0.0.3 56.29 NOTE
r-devel-windows-x86_64 0.0.3 4.00 51.00 55.00 NOTE
r-patched-linux-x86_64 0.0.3 5.37 40.62 45.99 NOTE
r-release-linux-x86_64 0.0.3 4.99 41.49 46.48 NOTE
r-release-macos-arm64 0.0.3 26.00 NOTE
r-release-macos-x86_64 0.0.3 32.00 NOTE
r-release-windows-x86_64 0.0.3 5.00 52.00 57.00 NOTE
r-oldrel-macos-arm64 0.0.3 23.00 NOTE
r-oldrel-macos-x86_64 0.0.3 33.00 NOTE
r-oldrel-windows-x86_64 0.0.3 6.00 57.00 63.00 NOTE

Check Details

Version: 0.0.3
Check: LazyData
Result: NOTE 'LazyData' is specified without a 'data' directory Flavors: r-devel-linux-x86_64-debian-clang, r-devel-linux-x86_64-fedora-clang, r-devel-linux-x86_64-fedora-gcc, r-devel-windows-x86_64, r-patched-linux-x86_64, r-release-linux-x86_64, r-release-macos-arm64, r-release-macos-x86_64, r-release-windows-x86_64, r-oldrel-macos-arm64, r-oldrel-macos-x86_64, r-oldrel-windows-x86_64

Version: 0.0.3
Check: package dependencies
Result: ERROR Package required but not available: ‘dplyr’ Package suggested but not available for checking: ‘testthat’ See section ‘The DESCRIPTION file’ in the ‘Writing R Extensions’ manual. Flavor: r-devel-linux-x86_64-debian-gcc