CRAN Package Check Results for Package ncf

Last updated on 2018-02-23 18:47:43 CET.

Flavor Version Tinstall Tcheck Ttotal Status Flags
r-devel-linux-x86_64-debian-clang 1.1-7 3.63 43.88 47.51 WARN
r-devel-linux-x86_64-debian-gcc 1.1-7 3.84 32.98 36.82 WARN
r-devel-linux-x86_64-fedora-clang 1.1-7 57.53 WARN
r-devel-linux-x86_64-fedora-gcc 1.1-7 55.43 WARN
r-devel-windows-ix86+x86_64 1.1-7 10.00 44.00 54.00 OK
r-patched-linux-x86_64 1.1-7 1.18 48.75 49.93 OK
r-patched-solaris-x86 1.1-7 70.00 OK
r-release-linux-x86_64 1.1-7 0.91 46.30 47.21 OK
r-release-windows-ix86+x86_64 1.1-7 3.00 52.00 55.00 OK
r-release-osx-x86_64 1.1-7 OK
r-oldrel-windows-ix86+x86_64 1.1-7 4.00 54.00 58.00 OK
r-oldrel-osx-x86_64 1.1-7 OK

Check Details

Version: 1.1-7
Check: whether package can be installed
Result: WARN
    Found the following significant warnings:
     Note: break may be used in wrong context: no loop is visible
Flavors: r-devel-linux-x86_64-debian-clang, r-devel-linux-x86_64-debian-gcc, r-devel-linux-x86_64-fedora-clang, r-devel-linux-x86_64-fedora-gcc