CRAN Package Check Results for Package ncf

Last updated on 2015-07-01 03:47:38.

Flavor Version Tinstall Tcheck Ttotal Status Flags
r-devel-linux-x86_64-debian-clang 1.1-5 0.77 18.80 19.57 NOTE
r-devel-linux-x86_64-debian-gcc 1.1-5 0.73 18.46 19.19 NOTE
r-devel-linux-x86_64-fedora-clang 1.1-5 38.69 NOTE
r-devel-linux-x86_64-fedora-gcc 1.1-5 37.98 NOTE
r-devel-osx-x86_64-clang 1.1-5 37.78 OK
r-devel-windows-ix86+x86_64 1.1-5 4.00 40.00 44.00 OK
r-patched-linux-x86_64 1.1-5 0.76 19.90 20.65 OK
r-patched-solaris-sparc 1.1-5 246.80 OK
r-patched-solaris-x86 1.1-5 52.40 OK
r-release-linux-x86_64 1.1-5 0.76 19.90 20.66 OK
r-release-osx-x86_64-mavericks 1.1-5 OK
r-release-windows-ix86+x86_64 1.1-5 3.00 36.00 39.00 OK
r-oldrel-windows-ix86+x86_64 1.1-5 4.00 34.00 38.00 OK

Check Details

Version: 1.1-5
Check: R code for possible problems
Result: NOTE
    Sncf: no visible global function definition for ‘na.omit’
    Sncf: no visible global function definition for ‘smooth.spline’
    Sncf: no visible global function definition for ‘predict’
    Sncf: no visible binding for global variable ‘quantile’
    Sncf.srf: no visible global function definition for ‘var’
    Sncf.srf: no visible global function definition for ‘smooth.spline’
    Sncf.srf: no visible global function definition for ‘predict’
    Sncf.srf: no visible binding for global variable ‘quantile’
    Sncf2D: no visible global function definition for ‘smooth.spline’
    Sncf2D: no visible global function definition for ‘predict’
    Sncf2D: no visible binding for global variable ‘quantile’
    cc.offset: no visible global function definition for ‘na.omit’
    correlog: no visible global function definition for ‘lm’
    correlog.nc: no visible global function definition for ‘lm’
    ff.filter: no visible global function definition for ‘fft’
    partial.mantel.test: no visible global function definition for ‘cor’
    plot.Sncf: no visible global function definition for ‘quantile’
    plot.Sncf: no visible global function definition for ‘plot’
    plot.Sncf: no visible global function definition for ‘lines’
    plot.Sncf.cov: no visible global function definition for ‘quantile’
    plot.Sncf.cov: no visible global function definition for ‘plot’
    plot.Sncf.cov: no visible global function definition for ‘lines’
    plot.Sncf2D: no visible global function definition for ‘plot’
    plot.Sncf2D: no visible global function definition for ‘lines’
    plot.Sncf2D: no visible global function definition for ‘quantile’
    plot.Sncf2D: no visible global function definition for ‘par’
    plot.cc.offset: no visible global function definition for ‘symbols’
    plot.cc.offset: no visible global function definition for ‘lines’
    plot.correlog: no visible global function definition for ‘plot’
    plot.correlog: no visible global function definition for ‘lines’
    plot.correlog: no visible global function definition for ‘points’
    plot.correlog: no visible global function definition for ‘title’
    plot.lisa: no visible global function definition for ‘plot’
    plot.lisa: no visible global function definition for ‘symbols’
    plot.spline.correlog: no visible global function definition for
     ‘quantile’
    plot.spline.correlog: no visible global function definition for ‘plot’
    plot.spline.correlog: no visible global function definition for ‘lines’
    print.mSynch: no visible global function definition for ‘quantile’
    rmvn.spa : ch.fn: no visible global function definition for ‘rnorm’
    spline.correlog: no visible global function definition for ‘na.omit’
    spline.correlog: no visible global function definition for
     ‘smooth.spline’
    spline.correlog: no visible global function definition for ‘predict’
    spline.correlog: no visible binding for global variable ‘quantile’
    spline.correlog.2D: no visible global function definition for
     ‘smooth.spline’
    spline.correlog.2D: no visible global function definition for ‘predict’
    spline.correlog.2D: no visible binding for global variable ‘quantile’
    summary.Sncf: no visible binding for global variable ‘quantile’
    summary.Sncf: no visible global function definition for ‘quantile’
    summary.Sncf2D: no visible binding for global variable ‘quantile’
    summary.Sncf2D: no visible global function definition for ‘quantile’
    summary.spline.correlog: no visible binding for global variable
     ‘quantile’
Flavors: r-devel-linux-x86_64-debian-clang, r-devel-linux-x86_64-debian-gcc, r-devel-linux-x86_64-fedora-clang, r-devel-linux-x86_64-fedora-gcc