CRAN Package Check Results for Package ncf

Last updated on 2023-12-08 23:55:37 CET.

Flavor Version Tinstall Tcheck Ttotal Status Flags
r-devel-linux-x86_64-debian-clang 1.3-2 4.67 50.10 54.77 NOTE
r-devel-linux-x86_64-debian-gcc 1.3-2 4.15 37.60 41.75 NOTE
r-devel-linux-x86_64-fedora-clang 1.3-2 69.31 NOTE
r-devel-linux-x86_64-fedora-gcc 1.3-2 67.05 NOTE
r-devel-windows-x86_64 1.3-2 6.00 63.00 69.00 NOTE
r-patched-linux-x86_64 1.3-2 5.67 48.66 54.33 NOTE
r-release-linux-x86_64 1.3-2 5.48 47.64 53.12 NOTE
r-release-macos-arm64 1.3-2 23.00 NOTE
r-release-macos-x86_64 1.3-2 36.00 NOTE
r-release-windows-x86_64 1.3-2 6.00 67.00 73.00 NOTE
r-oldrel-macos-arm64 1.3-2 24.00 OK
r-oldrel-macos-x86_64 1.3-2 37.00 OK
r-oldrel-windows-x86_64 1.3-2 24.00 70.00 94.00 OK

Check Details

Version: 1.3-2
Check: package subdirectories
Result: NOTE Problems with news in ‘NEWS.md’: No news entries found. Flavors: r-devel-linux-x86_64-debian-clang, r-devel-linux-x86_64-debian-gcc, r-devel-linux-x86_64-fedora-clang, r-devel-linux-x86_64-fedora-gcc, r-devel-windows-x86_64, r-patched-linux-x86_64, r-release-linux-x86_64, r-release-macos-arm64, r-release-macos-x86_64, r-release-windows-x86_64