CRAN Package Check Results for Package ncmeta

Last updated on 2020-01-20 00:48:15 CET.

Flavor Version Tinstall Tcheck Ttotal Status Flags
r-devel-linux-x86_64-debian-clang 0.2.0 5.55 46.49 52.04 OK
r-devel-linux-x86_64-debian-gcc 0.2.0 4.57 34.98 39.55 OK
r-devel-linux-x86_64-fedora-clang 0.2.0 63.51 OK
r-devel-linux-x86_64-fedora-gcc 0.2.0 59.44 OK
r-devel-windows-ix86+x86_64 0.2.0 19.00 79.00 98.00 OK
r-devel-windows-ix86+x86_64-gcc8 0.2.0 14.00 94.00 108.00 OK
r-patched-linux-x86_64 0.2.0 4.83 40.68 45.51 OK
r-patched-solaris-x86 0.2.0 74.80 ERROR
r-release-linux-x86_64 0.2.0 5.29 40.14 45.43 OK
r-release-windows-ix86+x86_64 0.2.0 17.00 79.00 96.00 OK
r-release-osx-x86_64 0.2.0 OK
r-oldrel-windows-ix86+x86_64 0.2.0 6.00 53.00 59.00 OK
r-oldrel-osx-x86_64 0.2.0 OK

Check Details

Version: 0.2.0
Check: tests
Result: ERROR
     Running ‘testthat.R’
    Running the tests in ‘tests/testthat.R’ failed.
    Complete output:
     > library(testthat)
     > library(ncmeta)
     > skip_on_os("solaris")
     Error: Reason: On Solaris
     Execution halted
Flavor: r-patched-solaris-x86