CRAN Package Check Results for Package ncvreg

Last updated on 2017-02-22 07:48:28.

Flavor Version Tinstall Tcheck Ttotal Status Flags
r-devel-linux-x86_64-debian-clang 3.8-0 3.48 25.88 29.36 NOTE
r-devel-linux-x86_64-debian-gcc 3.8-0 2.94 25.82 28.76 NOTE
r-devel-linux-x86_64-fedora-clang 3.8-0 54.84 NOTE --no-stop-on-test-error
r-devel-linux-x86_64-fedora-gcc 3.8-0 52.81 NOTE --no-stop-on-test-error
r-devel-macos-x86_64-clang 3.8-0 44.68 NOTE --no-stop-on-test-error
r-devel-windows-ix86+x86_64 3.8-0 16.00 119.00 135.00 OK
r-patched-linux-x86_64 3.8-0 2.63 22.04 24.66 OK
r-patched-solaris-sparc 3.8-0 279.00 OK
r-patched-solaris-x86 3.8-0 70.10 OK
r-release-linux-x86_64 3.8-0 2.82 21.76 24.58 OK
r-release-osx-x86_64-mavericks 3.8-0 OK
r-release-windows-ix86+x86_64 3.8-0 40.00 82.00 122.00 OK
r-oldrel-windows-ix86+x86_64 3.8-0 37.00 76.00 113.00 OK

Check Details

Version: 3.8-0
Check: compiled code
Result: NOTE
    File ‘ncvreg/libs/ncvreg.so’:
     Found no call to: ‘R_useDynamicSymbols’
    
    It is good practice to register native routines and to disable symbol
    search.
    
    See ‘Writing portable packages’ in the ‘Writing R Extensions’ manual.
Flavors: r-devel-linux-x86_64-debian-clang, r-devel-linux-x86_64-debian-gcc

Version: 3.8-0
Flags: --no-stop-on-test-error
Check: compiled code
Result: NOTE
    File ‘ncvreg/libs/ncvreg.so’:
     Found no call to: ‘R_useDynamicSymbols’
    
    It is good practice to register native routines and to disable symbol
    search.
    
    See ‘Writing portable packages’ in the ‘Writing R Extensions’ manual.
Flavors: r-devel-linux-x86_64-fedora-clang, r-devel-linux-x86_64-fedora-gcc, r-devel-macos-x86_64-clang