CRAN Package Check Results for Package ncvreg

Last updated on 2017-10-21 22:46:48.

Flavor Version Tinstall Tcheck Ttotal Status Flags
r-devel-linux-x86_64-debian-clang 3.9-1 3.00 25.48 28.47 OK
r-devel-linux-x86_64-debian-gcc 3.9-1 3.42 28.66 32.08 OK
r-devel-linux-x86_64-fedora-clang 3.9-1 54.01 OK
r-devel-linux-x86_64-fedora-gcc 3.9-1 52.85 OK
r-devel-windows-ix86+x86_64 3.9-1 23.00 105.00 128.00 OK
r-patched-linux-x86_64 3.9-1 3.57 25.64 29.21 OK
r-patched-solaris-x86 3.9-1 71.30 OK
r-release-linux-x86_64 3.9-1 3.08 26.36 29.44 OK
r-release-windows-ix86+x86_64 3.9-1 25.00 91.00 116.00 OK
r-release-osx-x86_64 3.9-1 WARN
r-oldrel-windows-ix86+x86_64 3.9-1 17.00 78.00 95.00 OK
r-oldrel-osx-x86_64 3.9-1 OK

Check Details

Version: 3.9-1
Check: re-building of vignette outputs
Result: WARN
    Error in re-building vignettes:
     ...
    Warning: running command 'kpsewhich framed.sty' had status 1
    Warning in test_latex_pkg("framed", system.file("misc", "framed.sty", package = "knitr")) :
     unable to find LaTeX package 'framed'; will use a copy from knitr
    Error in texi2dvi(file = file, pdf = TRUE, clean = clean, quiet = quiet, :
     Running 'texi2dvi' on 'quick-start.tex' failed.
    LaTeX errors:
    ! LaTeX Error: File `fullpage.sty' not found.
    
    Type X to quit or <RETURN> to proceed,
    or enter new name. (Default extension: sty)
    
    ! Emergency stop.
    <read *>
    
    l.59 \usepackage
     [colorlinks=true, urlcolor=blue, pdfborder={0 0 0}]{hyperref...
    ! ==> Fatal error occurred, no output PDF file produced!
    Calls: buildVignettes -> texi2pdf -> texi2dvi
    Execution halted
Flavor: r-release-osx-x86_64