CRAN Package Check Results for Package ncvreg

Last updated on 2017-12-18 11:52:52 CET.

Flavor Version Tinstall Tcheck Ttotal Status Flags
r-devel-linux-x86_64-debian-clang 3.9-1 3.80 36.95 40.75 OK
r-devel-linux-x86_64-debian-gcc 3.9-1 3.41 32.62 36.03 OK
r-devel-linux-x86_64-fedora-clang 3.9-1 52.18 OK
r-devel-linux-x86_64-fedora-gcc 3.9-1 50.64 OK
r-devel-windows-ix86+x86_64 3.9-1 15.00 68.00 83.00 OK
r-patched-linux-x86_64 3.9-1 4.09 38.38 42.47 OK
r-patched-solaris-x86 3.9-1 71.00 OK
r-release-linux-x86_64 3.9-1 4.06 39.02 43.08 OK
r-release-windows-ix86+x86_64 3.9-1 17.00 66.00 83.00 OK
r-release-osx-x86_64 3.9-1 WARN
r-oldrel-windows-ix86+x86_64 3.9-1 28.00 82.00 110.00 OK
r-oldrel-osx-x86_64 3.9-1 OK

Check Details

Version: 3.9-1
Check: re-building of vignette outputs
Result: WARN
    Error in re-building vignettes:
     ...
    Warning: running command 'kpsewhich framed.sty' had status 1
    Warning in test_latex_pkg("framed", system.file("misc", "framed.sty", package = "knitr")) :
     unable to find LaTeX package 'framed'; will use a copy from knitr
    Error in texi2dvi(file = file, pdf = TRUE, clean = clean, quiet = quiet, :
     Running 'texi2dvi' on 'quick-start.tex' failed.
    LaTeX errors:
    ! LaTeX Error: File `fullpage.sty' not found.
    
    Type X to quit or <RETURN> to proceed,
    or enter new name. (Default extension: sty)
    
    ! Emergency stop.
    <read *>
    
    l.59 \usepackage
     [colorlinks=true, urlcolor=blue, pdfborder={0 0 0}]{hyperref...
    ! ==> Fatal error occurred, no output PDF file produced!
    Calls: buildVignettes -> texi2pdf -> texi2dvi
    Execution halted
Flavor: r-release-osx-x86_64