CRAN Package Check Results for Package ncvreg

Last updated on 2015-07-28 23:47:41.

Flavor Version Tinstall Tcheck Ttotal Status Flags
r-devel-linux-x86_64-debian-clang 3.4-0 2.21 20.12 22.33 NOTE
r-devel-linux-x86_64-debian-gcc 3.4-0 2.43 19.63 22.06 NOTE
r-devel-linux-x86_64-fedora-clang 3.4-0 43.62 NOTE
r-devel-linux-x86_64-fedora-gcc 3.4-0 41.86 NOTE
r-devel-osx-x86_64-clang 3.4-0 35.15 OK
r-devel-windows-ix86+x86_64 3.4-0 16.00 61.00 77.00 NOTE
r-patched-linux-x86_64 3.4-0 2.57 20.24 22.81 OK
r-patched-solaris-sparc 3.4-0 286.80 OK
r-patched-solaris-x86 3.4-0 66.80 OK
r-release-linux-x86_64 3.4-0 2.53 21.02 23.55 OK
r-release-osx-x86_64-mavericks 3.4-0 OK
r-release-windows-ix86+x86_64 3.4-0 13.00 52.00 65.00 OK
r-oldrel-windows-ix86+x86_64 3.4-0 14.00 50.00 64.00 OK

Check Details

Version: 3.4-0
Check: R code for possible problems
Result: NOTE
    coef.ncvreg: no visible global function definition for ‘approx’
    cv.ncvreg: no visible global function definition for ‘model.matrix’
    cv.ncvreg: no visible binding for global variable ‘sd’
    cv.ncvsurv: no visible binding for global variable ‘sd’
    fir: no visible global function definition for ‘pnorm’
    ncvreg: no visible global function definition for ‘model.matrix’
    plot.cv.ncvreg : <anonymous>: no visible global function definition for
     ‘binom.test’
    plot.cv.ncvreg: no visible global function definition for ‘abline’
    plot.cv.ncvreg: no visible global function definition for ‘arrows’
    plot.cv.ncvreg: no visible global function definition for ‘points’
    plot.cv.ncvreg: no visible global function definition for ‘axis’
    plot.cv.ncvreg: no visible global function definition for ‘mtext’
    plot.fir: no visible global function definition for ‘par’
    plot.ncvreg: no visible global function definition for ‘mtext’
    plot.ncvreg: no visible global function definition for ‘par’
    plot.ncvreg: no visible global function definition for ‘polygon’
    plot.ncvreg: no visible global function definition for ‘hcl’
    plot.ncvreg: no visible global function definition for ‘abline’
    plot.ncvsurv.func: no visible global function definition for ‘hcl’
    predict.ncvsurv: no visible global function definition for ‘approx’
    predict.ncvsurv: no visible global function definition for ‘approxfun’
    setupLambda: no visible global function definition for ‘glm’
    setupLambda: no visible global function definition for ‘residuals’
    Undefined global functions or variables:
     abline approx approxfun arrows axis binom.test glm hcl model.matrix
     mtext par pnorm points polygon residuals sd
    Consider adding
     importFrom("grDevices", "hcl")
     importFrom("graphics", "abline", "arrows", "axis", "mtext", "par",
     "points", "polygon")
     importFrom("stats", "approx", "approxfun", "binom.test", "glm",
     "model.matrix", "pnorm", "residuals", "sd")
    to your NAMESPACE.
Flavors: r-devel-linux-x86_64-debian-clang, r-devel-linux-x86_64-debian-gcc, r-devel-linux-x86_64-fedora-clang, r-devel-linux-x86_64-fedora-gcc, r-devel-windows-ix86+x86_64