CRAN Package Check Results for Package ndl

Last updated on 2014-08-23 20:46:58.

Flavor Version Tinstall Tcheck Ttotal Status Flags
r-devel-linux-x86_64-debian-clang 0.2.16 8.41 41.72 50.13 NOTE
r-devel-linux-x86_64-debian-gcc 0.2.16 9.87 41.22 51.09 NOTE
r-devel-linux-x86_64-fedora-clang 0.2.16 107.34 NOTE
r-devel-linux-x86_64-fedora-gcc 0.2.16 103.03 NOTE
r-devel-osx-x86_64-clang 0.2.16 87.60 NOTE
r-devel-windows-ix86+x86_64 0.2.16 35.00 137.00 172.00 NOTE
r-patched-linux-x86_64 0.2.16 9.98 43.27 53.26 NOTE
r-patched-solaris-sparc 0.2.16 692.00 NOTE
r-patched-solaris-x86 0.2.16 140.10 NOTE
r-release-linux-ix86 0.2.16 12.90 57.18 70.08 NOTE
r-release-linux-x86_64 0.2.16 10.22 43.70 53.93 NOTE
r-release-osx-x86_64-mavericks 0.2.16 NOTE
r-release-osx-x86_64-snowleopard 0.2.16 NOTE
r-release-windows-ix86+x86_64 0.2.16 34.00 139.00 173.00 NOTE
r-oldrel-windows-ix86+x86_64 0.2.16 37.00 144.00 181.00 NOTE

Check Details

Version: 0.2.16
Check: R code for possible problems
Result: NOTE
    modelStatistics: no visible global function definition for ‘somers2’
Flavors: r-devel-linux-x86_64-debian-clang, r-devel-linux-x86_64-debian-gcc, r-devel-linux-x86_64-fedora-clang, r-devel-linux-x86_64-fedora-gcc, r-devel-osx-x86_64-clang

Version: 0.2.16
Check: data for non-ASCII characters
Result: NOTE
     Note: found 7332 marked UTF-8 strings
Flavors: r-devel-linux-x86_64-debian-clang, r-devel-linux-x86_64-debian-gcc, r-devel-linux-x86_64-fedora-clang, r-devel-linux-x86_64-fedora-gcc, r-devel-osx-x86_64-clang, r-devel-windows-ix86+x86_64, r-patched-linux-x86_64, r-patched-solaris-sparc, r-patched-solaris-x86, r-release-linux-ix86, r-release-linux-x86_64, r-release-osx-x86_64-mavericks, r-release-osx-x86_64-snowleopard, r-release-windows-ix86+x86_64, r-oldrel-windows-ix86+x86_64