CRAN Package Check Results for Package ndl

Last updated on 2016-08-27 04:51:02.

Flavor Version Tinstall Tcheck Ttotal Status Flags
r-devel-linux-x86_64-debian-clang 0.2.17 10.26 33.80 44.06 OK
r-devel-linux-x86_64-debian-gcc 0.2.17 14.04 45.63 59.67 OK
r-devel-linux-x86_64-fedora-clang 0.2.17 86.15 NOTE
r-devel-linux-x86_64-fedora-gcc 0.2.17 81.59 NOTE
r-devel-osx-x86_64-clang 0.2.17 68.98 NOTE
r-devel-windows-ix86+x86_64 0.2.17 45.00 87.00 132.00 OK
r-patched-linux-x86_64 0.2.17 9.79 33.38 43.17 OK
r-patched-solaris-sparc 0.2.17 533.10 NOTE
r-patched-solaris-x86 0.2.17 107.50 NOTE
r-release-linux-x86_64 0.2.17 11.14 33.51 44.65 OK
r-release-osx-x86_64-mavericks 0.2.17 NOTE
r-release-windows-ix86+x86_64 0.2.17 49.00 92.00 141.00 OK
r-oldrel-windows-ix86+x86_64 0.2.17 34.00 143.00 177.00 NOTE

Check Details

Version: 0.2.17
Check: data for non-ASCII characters
Result: NOTE
     Note: found 7332 marked UTF-8 strings
Flavors: r-devel-linux-x86_64-fedora-clang, r-devel-linux-x86_64-fedora-gcc, r-devel-osx-x86_64-clang, r-patched-solaris-sparc, r-patched-solaris-x86, r-release-osx-x86_64-mavericks, r-oldrel-windows-ix86+x86_64