CRAN Package Check Results for Package ndl

Last updated on 2015-05-24 10:47:03.

Flavor Version Tinstall Tcheck Ttotal Status Flags
r-devel-linux-x86_64-debian-clang 0.2.16 8.83 41.38 50.21 NOTE
r-devel-linux-x86_64-debian-gcc 0.2.16 10.04 39.62 49.66 NOTE
r-devel-linux-x86_64-fedora-clang 0.2.16 104.51 NOTE
r-devel-linux-x86_64-fedora-gcc 0.2.16 97.38 NOTE
r-devel-osx-x86_64-clang 0.2.16 87.92 NOTE
r-devel-windows-ix86+x86_64 0.2.16 38.00 156.00 194.00 NOTE
r-patched-linux-x86_64 0.2.16 9.88 39.33 49.21 NOTE
r-patched-solaris-sparc 0.2.16 670.00 NOTE
r-patched-solaris-x86 0.2.16 138.50 NOTE
r-release-linux-x86_64 0.2.16 10.00 40.01 50.01 NOTE
r-release-osx-x86_64-mavericks 0.2.16 NOTE
r-release-osx-x86_64-snowleopard 0.2.16 NOTE
r-release-windows-ix86+x86_64 0.2.16 34.00 143.00 177.00 NOTE
r-oldrel-windows-ix86+x86_64 0.2.16 36.00 146.00 182.00 NOTE

Check Details

Version: 0.2.16
Check: dependencies in R code
Result: NOTE
    'library' or 'require' call to ‘Hmisc’ in package code.
     Please use :: or requireNamespace() instead.
     See section 'Suggested packages' in the 'Writing R Extensions' manual.
Flavors: r-devel-linux-x86_64-debian-clang, r-devel-linux-x86_64-debian-gcc, r-devel-linux-x86_64-fedora-clang, r-devel-linux-x86_64-fedora-gcc, r-devel-osx-x86_64-clang, r-devel-windows-ix86+x86_64, r-patched-linux-x86_64, r-patched-solaris-sparc, r-patched-solaris-x86, r-release-linux-x86_64, r-release-osx-x86_64-mavericks, r-release-osx-x86_64-snowleopard, r-release-windows-ix86+x86_64, r-oldrel-windows-ix86+x86_64

Version: 0.2.16
Check: S3 generic/method consistency
Result: NOTE
    Found the following apparent S3 methods exported but not registered:
     anova.ndlClassify plot.RescorlaWagner plot.ndlClassify
     predict.ndlClassify summary.ndlClassify summary.ndlCrossvalidate
    See section ‘Registering S3 methods’ in the ‘Writing R Extensions’
    manual.
Flavors: r-devel-linux-x86_64-debian-clang, r-devel-linux-x86_64-debian-gcc, r-devel-linux-x86_64-fedora-clang, r-devel-linux-x86_64-fedora-gcc, r-devel-osx-x86_64-clang, r-patched-linux-x86_64, r-patched-solaris-sparc, r-patched-solaris-x86, r-release-linux-x86_64

Version: 0.2.16
Check: R code for possible problems
Result: NOTE
    modelStatistics: no visible global function definition for ‘somers2’
Flavors: r-devel-linux-x86_64-debian-clang, r-devel-linux-x86_64-debian-gcc, r-devel-linux-x86_64-fedora-clang, r-devel-linux-x86_64-fedora-gcc, r-devel-osx-x86_64-clang, r-devel-windows-ix86+x86_64, r-patched-linux-x86_64, r-patched-solaris-sparc, r-patched-solaris-x86, r-release-linux-x86_64, r-release-osx-x86_64-mavericks, r-release-osx-x86_64-snowleopard, r-release-windows-ix86+x86_64, r-oldrel-windows-ix86+x86_64

Version: 0.2.16
Check: data for non-ASCII characters
Result: NOTE
     Note: found 7332 marked UTF-8 strings
Flavors: r-devel-linux-x86_64-debian-clang, r-devel-linux-x86_64-debian-gcc, r-devel-linux-x86_64-fedora-clang, r-devel-linux-x86_64-fedora-gcc, r-devel-osx-x86_64-clang, r-devel-windows-ix86+x86_64, r-patched-linux-x86_64, r-patched-solaris-sparc, r-patched-solaris-x86, r-release-linux-x86_64, r-release-osx-x86_64-mavericks, r-release-osx-x86_64-snowleopard, r-release-windows-ix86+x86_64, r-oldrel-windows-ix86+x86_64

Version: 0.2.16
Check: package dependencies
Result: NOTE
    Package suggested but not available for checking: ‘Hmisc’
Flavor: r-release-osx-x86_64-snowleopard