CRAN Package Check Results for Package ndl

Last updated on 2024-03-02 09:50:22 CET.

Flavor Version Tinstall Tcheck Ttotal Status Flags
r-devel-linux-x86_64-debian-clang 0.2.18 33.84 68.20 102.04 OK
r-devel-linux-x86_64-debian-gcc 0.2.18 23.78 52.17 75.95 OK
r-devel-linux-x86_64-fedora-clang 0.2.18 133.39 NOTE
r-devel-linux-x86_64-fedora-gcc 0.2.18 126.48 NOTE
r-devel-windows-x86_64 0.2.18 26.00 105.00 131.00 OK
r-patched-linux-x86_64 0.2.18 21.34 67.82 89.16 OK
r-release-linux-x86_64 0.2.18 20.69 68.17 88.86 OK
r-release-macos-arm64 0.2.18 46.00 OK
r-release-macos-x86_64 0.2.18 60.00 OK
r-release-windows-x86_64 0.2.18 35.00 120.00 155.00 OK
r-oldrel-macos-arm64 0.2.18 41.00 NOTE
r-oldrel-windows-x86_64 0.2.18 32.00 117.00 149.00 OK

Check Details

Version: 0.2.18
Check: data for non-ASCII characters
Result: NOTE Note: found 7332 marked UTF-8 strings Flavors: r-devel-linux-x86_64-fedora-clang, r-devel-linux-x86_64-fedora-gcc, r-oldrel-macos-arm64