CRAN Package Check Results for Package ndl

Last updated on 2015-04-26 03:47:35.

Flavor Version Tinstall Tcheck Ttotal Status Flags
r-devel-linux-x86_64-debian-clang 0.2.16 9.03 39.99 49.02 NOTE
r-devel-linux-x86_64-debian-gcc 0.2.16 9.66 40.27 49.93 NOTE
r-devel-linux-x86_64-fedora-clang 0.2.16 104.74 NOTE
r-devel-linux-x86_64-fedora-gcc 0.2.16 96.24 NOTE
r-devel-osx-x86_64-clang 0.2.16 89.15 NOTE
r-devel-windows-ix86+x86_64 0.2.16 37.00 157.00 194.00 NOTE
r-patched-linux-x86_64 0.2.16 9.76 39.09 48.85 NOTE
r-patched-solaris-sparc 0.2.16 696.50 NOTE
r-patched-solaris-x86 0.2.16 128.40 NOTE
r-release-linux-x86_64 0.2.16 9.80 39.15 48.96 NOTE
r-release-osx-x86_64-mavericks 0.2.16 NOTE
r-release-osx-x86_64-snowleopard 0.2.16 NOTE
r-release-windows-ix86+x86_64 0.2.16 35.00 129.00 164.00 NOTE
r-oldrel-windows-ix86+x86_64 0.2.16 28.00 146.00 174.00 NOTE

Check Details

Version: 0.2.16
Check: dependencies in R code
Result: NOTE
    'library' or 'require' call to 'Hmisc' in package code.
     Please use :: or requireNamespace() instead.
     See section 'Suggested packages' in the 'Writing R Extensions' manual.
Flavors: r-devel-windows-ix86+x86_64, r-release-windows-ix86+x86_64, r-oldrel-windows-ix86+x86_64

Version: 0.2.16
Check: R code for possible problems
Result: NOTE
    modelStatistics: no visible global function definition for 'somers2'
Flavors: r-devel-windows-ix86+x86_64, r-release-windows-ix86+x86_64, r-oldrel-windows-ix86+x86_64

Version: 0.2.16
Check: data for non-ASCII characters
Result: NOTE
     Note: found 7332 marked UTF-8 strings
Flavors: r-devel-windows-ix86+x86_64, r-release-windows-ix86+x86_64, r-oldrel-windows-ix86+x86_64