CRAN Package Check Results for Package ndl

Last updated on 2015-02-01 03:49:26.

Flavor Version Tinstall Tcheck Ttotal Status Flags
r-devel-linux-x86_64-debian-clang 0.2.16 8.61 40.79 49.40 NOTE
r-devel-linux-x86_64-debian-gcc 0.2.16 9.74 38.36 48.09 NOTE
r-devel-linux-x86_64-fedora-clang 0.2.16 109.96 NOTE
r-devel-linux-x86_64-fedora-gcc 0.2.16 97.19 NOTE
r-devel-osx-x86_64-clang 0.2.16 91.82 NOTE
r-devel-windows-ix86+x86_64 0.2.16 46.00 135.00 181.00 NOTE
r-patched-linux-x86_64 0.2.16 10.82 45.84 56.66 NOTE
r-patched-solaris-sparc 0.2.16 690.80 NOTE
r-patched-solaris-x86 0.2.16 145.60 NOTE
r-release-linux-ix86 0.2.16 12.69 56.20 68.89 NOTE
r-release-linux-x86_64 0.2.16 10.04 44.24 54.28 NOTE
r-release-osx-x86_64-mavericks 0.2.16 NOTE
r-release-osx-x86_64-snowleopard 0.2.16 NOTE
r-release-windows-ix86+x86_64 0.2.16 37.00 157.00 194.00 NOTE
r-oldrel-windows-ix86+x86_64 0.2.16 34.00 148.00 182.00 NOTE

Check Details

Version: 0.2.16
Check: dependencies in R code
Result: NOTE
    'library' or 'require' call to ‘Hmisc’ in package code.
     Please use :: or requireNamespace() instead.
     See section 'Suggested packages' in the 'Writing R Extensions' manual.
Flavors: r-devel-linux-x86_64-debian-clang, r-devel-linux-x86_64-debian-gcc, r-devel-linux-x86_64-fedora-clang, r-devel-linux-x86_64-fedora-gcc, r-devel-osx-x86_64-clang, r-devel-windows-ix86+x86_64

Version: 0.2.16
Check: S3 generic/method consistency
Result: NOTE
    Found the following apparent S3 methods exported but not registered:
     summary.ndlClassify summary.ndlCrossvalidate plot.RescorlaWagner
     plot.ndlClassify anova.ndlClassify predict.ndlClassify
    See section ‘Registering S3 methods’ in the ‘Writing R Extensions’
    manual.
Flavors: r-devel-linux-x86_64-debian-clang, r-devel-linux-x86_64-debian-gcc, r-devel-linux-x86_64-fedora-clang, r-devel-linux-x86_64-fedora-gcc, r-devel-osx-x86_64-clang

Version: 0.2.16
Check: R code for possible problems
Result: NOTE
    modelStatistics: no visible global function definition for ‘somers2’
Flavors: r-devel-linux-x86_64-debian-clang, r-devel-linux-x86_64-debian-gcc, r-devel-linux-x86_64-fedora-clang, r-devel-linux-x86_64-fedora-gcc, r-devel-osx-x86_64-clang, r-devel-windows-ix86+x86_64, r-patched-linux-x86_64, r-patched-solaris-sparc, r-patched-solaris-x86, r-release-linux-ix86, r-release-linux-x86_64, r-release-osx-x86_64-mavericks, r-release-windows-ix86+x86_64

Version: 0.2.16
Check: data for non-ASCII characters
Result: NOTE
     Note: found 7332 marked UTF-8 strings
Flavors: r-devel-linux-x86_64-debian-clang, r-devel-linux-x86_64-debian-gcc, r-devel-linux-x86_64-fedora-clang, r-devel-linux-x86_64-fedora-gcc, r-devel-osx-x86_64-clang, r-devel-windows-ix86+x86_64, r-patched-linux-x86_64, r-patched-solaris-sparc, r-patched-solaris-x86, r-release-linux-ix86, r-release-linux-x86_64, r-release-osx-x86_64-mavericks, r-release-osx-x86_64-snowleopard, r-release-windows-ix86+x86_64, r-oldrel-windows-ix86+x86_64