CRAN Package Check Results for Package ndl

Last updated on 2018-06-22 18:46:48 CEST.

Flavor Version Tinstall Tcheck Ttotal Status Flags
r-devel-linux-x86_64-debian-clang 0.2.17 20.08 58.38 78.46 NOTE
r-devel-linux-x86_64-debian-gcc 0.2.17 18.10 44.05 62.15 NOTE
r-devel-linux-x86_64-fedora-clang 0.2.17 98.13 NOTE
r-devel-linux-x86_64-fedora-gcc 0.2.17 90.81 NOTE
r-devel-windows-ix86+x86_64 0.2.17 40.00 106.00 146.00 OK
r-patched-linux-x86_64 0.2.17 21.91 55.71 77.62 NOTE
r-patched-solaris-x86 0.2.17 119.20 NOTE
r-release-linux-x86_64 0.2.17 19.70 55.50 75.20 NOTE
r-release-windows-ix86+x86_64 0.2.17 42.00 109.00 151.00 OK
r-release-osx-x86_64 0.2.17 NOTE
r-oldrel-windows-ix86+x86_64 0.2.17 40.00 98.00 138.00 OK
r-oldrel-osx-x86_64 0.2.17 NOTE

Check Details

Version: 0.2.17
Check: compiled code
Result: NOTE
    File ‘ndl/libs/ndl.so’:
     Found no calls to: ‘R_registerRoutines’, ‘R_useDynamicSymbols’
    
    It is good practice to register native routines and to disable symbol
    search.
    
    See ‘Writing portable packages’ in the ‘Writing R Extensions’ manual.
Flavors: r-devel-linux-x86_64-debian-clang, r-devel-linux-x86_64-debian-gcc, r-devel-linux-x86_64-fedora-clang, r-devel-linux-x86_64-fedora-gcc, r-patched-linux-x86_64, r-release-linux-x86_64

Version: 0.2.17
Check: data for non-ASCII characters
Result: NOTE
     Note: found 7332 marked UTF-8 strings
Flavors: r-devel-linux-x86_64-fedora-clang, r-devel-linux-x86_64-fedora-gcc, r-patched-solaris-x86, r-release-osx-x86_64, r-oldrel-osx-x86_64