CRAN Package Check Results for Package ndl

Last updated on 2017-10-18 08:48:20.

Flavor Version Tinstall Tcheck Ttotal Status Flags
r-devel-linux-x86_64-debian-clang 0.2.17 12.35 35.51 47.87 NOTE
r-devel-linux-x86_64-debian-gcc 0.2.17 13.47 38.24 51.71 NOTE
r-devel-linux-x86_64-fedora-clang 0.2.17 95.08 NOTE
r-devel-linux-x86_64-fedora-gcc 0.2.17 91.17 NOTE
r-devel-windows-ix86+x86_64 0.2.17 38.00 107.00 145.00 OK
r-patched-linux-x86_64 0.2.17 12.43 34.99 47.42 NOTE
r-patched-solaris-x86 0.2.17 104.80 NOTE
r-release-linux-x86_64 0.2.17 12.64 35.29 47.93 NOTE
r-release-windows-ix86+x86_64 0.2.17 59.00 130.00 189.00 OK
r-release-osx-x86_64 0.2.17 NOTE
r-oldrel-windows-ix86+x86_64 0.2.17 57.00 125.00 182.00 OK
r-oldrel-osx-x86_64 0.2.17 NOTE

Check Details

Version: 0.2.17
Check: compiled code
Result: NOTE
    File ‘ndl/libs/ndl.so’:
     Found no calls to: ‘R_registerRoutines’, ‘R_useDynamicSymbols’
    
    It is good practice to register native routines and to disable symbol
    search.
    
    See ‘Writing portable packages’ in the ‘Writing R Extensions’ manual.
Flavors: r-devel-linux-x86_64-debian-clang, r-devel-linux-x86_64-debian-gcc, r-devel-linux-x86_64-fedora-clang, r-devel-linux-x86_64-fedora-gcc, r-patched-linux-x86_64, r-release-linux-x86_64

Version: 0.2.17
Check: data for non-ASCII characters
Result: NOTE
     Note: found 7332 marked UTF-8 strings
Flavors: r-devel-linux-x86_64-fedora-clang, r-devel-linux-x86_64-fedora-gcc, r-patched-solaris-x86, r-release-osx-x86_64, r-oldrel-osx-x86_64