CRAN Package Check Results for Package ndl

Last updated on 2014-09-22 15:48:34.

Flavor Version Tinstall Tcheck Ttotal Status Flags
r-devel-linux-x86_64-debian-clang 0.2.16 8.67 41.80 50.47 NOTE
r-devel-linux-x86_64-debian-gcc 0.2.16 10.81 41.80 52.62 NOTE
r-devel-linux-x86_64-fedora-clang 0.2.16 109.85 NOTE
r-devel-linux-x86_64-fedora-gcc 0.2.16 101.98 NOTE
r-devel-osx-x86_64-clang 0.2.16 86.43 NOTE
r-devel-windows-ix86+x86_64 0.2.16 34.00 132.00 166.00 NOTE
r-patched-linux-x86_64 0.2.16 10.41 45.38 55.78 NOTE
r-patched-solaris-sparc 0.2.16 692.00 NOTE
r-patched-solaris-x86 0.2.16 146.00 NOTE
r-release-linux-ix86 0.2.16 12.98 57.87 70.84 NOTE
r-release-linux-x86_64 0.2.16 10.03 44.62 54.65 NOTE
r-release-osx-x86_64-mavericks 0.2.16 NOTE
r-release-osx-x86_64-snowleopard 0.2.16 NOTE
r-release-windows-ix86+x86_64 0.2.16 36.00 142.00 178.00 NOTE
r-oldrel-windows-ix86+x86_64 0.2.16 34.00 144.00 178.00 NOTE

Check Details

Version: 0.2.16
Check: R code for possible problems
Result: NOTE
    modelStatistics: no visible global function definition for ‘somers2’
Flavors: r-devel-linux-x86_64-debian-clang, r-devel-linux-x86_64-debian-gcc, r-devel-linux-x86_64-fedora-clang, r-devel-linux-x86_64-fedora-gcc, r-devel-osx-x86_64-clang, r-devel-windows-ix86+x86_64

Version: 0.2.16
Check: data for non-ASCII characters
Result: NOTE
     Note: found 7332 marked UTF-8 strings
Flavors: r-devel-linux-x86_64-debian-clang, r-devel-linux-x86_64-debian-gcc, r-devel-linux-x86_64-fedora-clang, r-devel-linux-x86_64-fedora-gcc, r-devel-osx-x86_64-clang, r-devel-windows-ix86+x86_64, r-patched-linux-x86_64, r-patched-solaris-sparc, r-patched-solaris-x86, r-release-linux-ix86, r-release-linux-x86_64, r-release-osx-x86_64-mavericks, r-release-osx-x86_64-snowleopard, r-release-windows-ix86+x86_64, r-oldrel-windows-ix86+x86_64