CRAN Package Check Results for Package ndl

Last updated on 2017-08-18 11:48:01.

Flavor Version Tinstall Tcheck Ttotal Status Flags
r-devel-linux-x86_64-debian-clang 0.2.17 11.81 35.73 47.54 NOTE
r-devel-linux-x86_64-debian-gcc 0.2.17 12.41 34.90 47.30 NOTE
r-devel-linux-x86_64-fedora-clang 0.2.17 92.50 NOTE
r-devel-linux-x86_64-fedora-gcc 0.2.17 88.72 NOTE
r-devel-windows-ix86+x86_64 0.2.17 40.00 93.00 133.00 OK
r-patched-linux-x86_64 0.2.17 12.33 35.41 47.75 NOTE
r-patched-solaris-x86 0.2.17 105.90 NOTE
r-release-linux-x86_64 0.2.17 12.29 35.80 48.09 NOTE
r-release-windows-ix86+x86_64 0.2.17 59.00 131.00 190.00 OK
r-release-osx-x86_64 0.2.17 NOTE
r-oldrel-windows-ix86+x86_64 0.2.17 38.00 137.00 175.00 OK
r-oldrel-osx-x86_64 0.2.17 NOTE

Check Details

Version: 0.2.17
Check: compiled code
Result: NOTE
    File ‘ndl/libs/ndl.so’:
     Found no calls to: ‘R_registerRoutines’, ‘R_useDynamicSymbols’
    
    It is good practice to register native routines and to disable symbol
    search.
    
    See ‘Writing portable packages’ in the ‘Writing R Extensions’ manual.
Flavors: r-devel-linux-x86_64-debian-clang, r-devel-linux-x86_64-debian-gcc, r-devel-linux-x86_64-fedora-clang, r-devel-linux-x86_64-fedora-gcc, r-patched-linux-x86_64, r-release-linux-x86_64

Version: 0.2.17
Check: data for non-ASCII characters
Result: NOTE
     Note: found 7332 marked UTF-8 strings
Flavors: r-devel-linux-x86_64-fedora-clang, r-devel-linux-x86_64-fedora-gcc, r-patched-solaris-x86, r-release-osx-x86_64, r-oldrel-osx-x86_64