CRAN Package Check Results for Package ndl

Last updated on 2017-03-24 06:48:24.

Flavor Version Tinstall Tcheck Ttotal Status Flags
r-devel-linux-x86_64-debian-clang 0.2.17 11.59 35.18 46.77 NOTE
r-devel-linux-x86_64-debian-gcc 0.2.17 11.16 33.71 44.87 NOTE
r-devel-linux-x86_64-fedora-clang 0.2.17 90.93 NOTE --no-stop-on-test-error
r-devel-linux-x86_64-fedora-gcc 0.2.17 85.77 NOTE --no-stop-on-test-error
r-devel-macos-x86_64-clang 0.2.17 70.47 NOTE --no-stop-on-test-error
r-devel-windows-ix86+x86_64 0.2.17 42.00 110.00 152.00 OK
r-patched-linux-x86_64 0.2.17 9.98 34.14 44.13 OK
r-patched-solaris-sparc 0.2.17 538.70 NOTE
r-patched-solaris-x86 0.2.17 112.00 NOTE
r-release-linux-x86_64 0.2.17 10.25 33.92 44.16 OK
r-release-osx-x86_64-mavericks 0.2.17 NOTE
r-release-windows-ix86+x86_64 0.2.17 40.00 90.00 130.00 OK
r-oldrel-windows-ix86+x86_64 0.2.17 50.00 129.00 179.00 NOTE

Check Details

Version: 0.2.17
Check: compiled code
Result: NOTE
    File ‘ndl/libs/ndl.so’:
     Found no calls to: ‘R_registerRoutines’, ‘R_useDynamicSymbols’
    
    It is good practice to register native routines and to disable symbol
    search.
    
    See ‘Writing portable packages’ in the ‘Writing R Extensions’ manual.
Flavors: r-devel-linux-x86_64-debian-clang, r-devel-linux-x86_64-debian-gcc

Version: 0.2.17
Flags: --no-stop-on-test-error
Check: data for non-ASCII characters
Result: NOTE
     Note: found 7332 marked UTF-8 strings
Flavors: r-devel-linux-x86_64-fedora-clang, r-devel-linux-x86_64-fedora-gcc, r-devel-macos-x86_64-clang

Version: 0.2.17
Flags: --no-stop-on-test-error
Check: compiled code
Result: NOTE
    File ‘ndl/libs/ndl.so’:
     Found no calls to: ‘R_registerRoutines’, ‘R_useDynamicSymbols’
    
    It is good practice to register native routines and to disable symbol
    search.
    
    See ‘Writing portable packages’ in the ‘Writing R Extensions’ manual.
Flavors: r-devel-linux-x86_64-fedora-clang, r-devel-linux-x86_64-fedora-gcc, r-devel-macos-x86_64-clang

Version: 0.2.17
Check: data for non-ASCII characters
Result: NOTE
     Note: found 7332 marked UTF-8 strings
Flavors: r-patched-solaris-sparc, r-patched-solaris-x86, r-release-osx-x86_64-mavericks, r-oldrel-windows-ix86+x86_64