CRAN Package Check Results for Package ndl

Last updated on 2016-07-27 22:47:23.

Flavor Version Tinstall Tcheck Ttotal Status Flags
r-devel-linux-x86_64-debian-clang 0.2.17 13.56 39.84 53.40 OK
r-devel-linux-x86_64-debian-gcc 0.2.17 14.53 37.87 52.40 OK
r-devel-linux-x86_64-fedora-clang 0.2.17 87.00 NOTE
r-devel-linux-x86_64-fedora-gcc 0.2.17 80.97 NOTE
r-devel-osx-x86_64-clang 0.2.17 68.54 NOTE
r-devel-windows-ix86+x86_64 0.2.17 45.00 91.00 136.00 OK
r-patched-linux-x86_64 0.2.17 11.81 38.71 50.52 OK
r-patched-solaris-sparc 0.2.17 533.10 NOTE
r-patched-solaris-x86 0.2.17 108.70 NOTE
r-release-linux-x86_64 0.2.17 11.27 37.46 48.74 OK
r-release-osx-x86_64-mavericks 0.2.17 NOTE
r-release-windows-ix86+x86_64 0.2.17 50.00 115.00 165.00 OK
r-oldrel-windows-ix86+x86_64 0.2.17 51.00 107.00 158.00 NOTE

Check Details

Version: 0.2.17
Check: data for non-ASCII characters
Result: NOTE
     Note: found 7332 marked UTF-8 strings
Flavors: r-devel-linux-x86_64-fedora-clang, r-devel-linux-x86_64-fedora-gcc, r-devel-osx-x86_64-clang, r-patched-solaris-sparc, r-patched-solaris-x86, r-release-osx-x86_64-mavericks, r-oldrel-windows-ix86+x86_64