CRAN Package Check Results for Package ndl

Last updated on 2016-05-31 13:47:27.

Flavor Version Tinstall Tcheck Ttotal Status Flags
r-devel-linux-x86_64-debian-gcc 0.2.17 13.10 34.93 48.03 OK
r-devel-linux-x86_64-fedora-clang 0.2.17 84.99 NOTE
r-devel-linux-x86_64-fedora-gcc 0.2.17 80.90 NOTE
r-devel-osx-x86_64-clang 0.2.17 90.58 NOTE
r-devel-windows-ix86+x86_64 0.2.17 34.00 89.00 123.00 OK
r-patched-linux-x86_64 0.2.17 11.25 34.52 45.77 OK
r-patched-solaris-sparc 0.2.17 525.10 NOTE
r-patched-solaris-x86 0.2.17 106.40 NOTE
r-release-linux-x86_64 0.2.17 10.36 32.68 43.03 OK
r-release-osx-x86_64-mavericks 0.2.17 NOTE
r-release-windows-ix86+x86_64 0.2.17 51.00 89.00 140.00 OK
r-oldrel-windows-ix86+x86_64 0.2.17 35.00 102.00 137.00 NOTE

Check Details

Version: 0.2.17
Check: data for non-ASCII characters
Result: NOTE
     Note: found 7332 marked UTF-8 strings
Flavors: r-devel-linux-x86_64-fedora-clang, r-devel-linux-x86_64-fedora-gcc, r-devel-osx-x86_64-clang, r-patched-solaris-sparc, r-patched-solaris-x86, r-release-osx-x86_64-mavericks, r-oldrel-windows-ix86+x86_64