CRAN Package Check Results for Package ndl

Last updated on 2016-06-28 23:50:46.

Flavor Version Tinstall Tcheck Ttotal Status Flags
r-devel-linux-x86_64-debian-gcc 0.2.17 13.18 35.35 48.53 OK
r-devel-linux-x86_64-fedora-clang 0.2.17 86.88 NOTE
r-devel-linux-x86_64-fedora-gcc 0.2.17 79.51 NOTE
r-devel-osx-x86_64-clang 0.2.17 67.78 NOTE
r-devel-windows-ix86+x86_64 0.2.17 37.00 80.00 117.00 OK
r-patched-linux-x86_64 0.2.17 10.23 33.76 43.99 OK
r-patched-solaris-sparc 0.2.17 531.00 NOTE
r-patched-solaris-x86 0.2.17 108.20 NOTE
r-release-linux-x86_64 0.2.17 9.71 32.50 42.20 OK
r-release-osx-x86_64-mavericks 0.2.17 NOTE
r-release-windows-ix86+x86_64 0.2.17 45.00 86.00 131.00 OK
r-oldrel-windows-ix86+x86_64 0.2.17 48.00 97.00 145.00 NOTE

Check Details

Version: 0.2.17
Check: data for non-ASCII characters
Result: NOTE
     Note: found 7332 marked UTF-8 strings
Flavors: r-devel-linux-x86_64-fedora-clang, r-devel-linux-x86_64-fedora-gcc, r-devel-osx-x86_64-clang, r-patched-solaris-sparc, r-patched-solaris-x86, r-release-osx-x86_64-mavericks, r-oldrel-windows-ix86+x86_64

Version: 0.2.17
Check: installed package size
Result: NOTE
     installed size is 5.7Mb
     sub-directories of 1Mb or more:
     libs 5.3Mb
Flavors: r-patched-solaris-sparc, r-patched-solaris-x86