CRAN Package Check Results for Package ndl

Last updated on 2015-03-03 03:49:00.

Flavor Version Tinstall Tcheck Ttotal Status Flags
r-devel-linux-x86_64-debian-clang 0.2.16 8.30 39.85 48.15 NOTE
r-devel-linux-x86_64-debian-gcc 0.2.16 9.67 39.26 48.93 NOTE
r-devel-linux-x86_64-fedora-clang 0.2.16 105.96 NOTE
r-devel-linux-x86_64-fedora-gcc 0.2.16 96.49 NOTE
r-devel-osx-x86_64-clang 0.2.16 89.20 NOTE
r-devel-windows-ix86+x86_64 0.2.16 50.00 182.00 232.00 NOTE
r-patched-linux-x86_64 0.2.16 9.98 46.55 56.54 NOTE
r-patched-solaris-sparc 0.2.16 735.90 NOTE
r-patched-solaris-x86 0.2.16 147.40 NOTE
r-release-linux-ix86 0.2.16 12.62 60.97 73.59 NOTE
r-release-linux-x86_64 0.2.16 10.24 44.96 55.21 NOTE
r-release-osx-x86_64-mavericks 0.2.16 NOTE
r-release-osx-x86_64-snowleopard 0.2.16 NOTE
r-release-windows-ix86+x86_64 0.2.16 54.00 212.00 266.00 NOTE
r-oldrel-windows-ix86+x86_64 0.2.16 38.00 145.00 183.00 NOTE

Check Details

Version: 0.2.16
Check: dependencies in R code
Result: NOTE
    'library' or 'require' call to ‘Hmisc’ in package code.
     Please use :: or requireNamespace() instead.
     See section 'Suggested packages' in the 'Writing R Extensions' manual.
Flavors: r-devel-linux-x86_64-debian-clang, r-devel-linux-x86_64-debian-gcc, r-devel-linux-x86_64-fedora-clang, r-devel-linux-x86_64-fedora-gcc, r-devel-osx-x86_64-clang, r-devel-windows-ix86+x86_64, r-patched-linux-x86_64, r-patched-solaris-sparc, r-patched-solaris-x86

Version: 0.2.16
Check: S3 generic/method consistency
Result: NOTE
    Found the following apparent S3 methods exported but not registered:
     anova.ndlClassify plot.RescorlaWagner plot.ndlClassify
     predict.ndlClassify summary.ndlClassify summary.ndlCrossvalidate
    See section ‘Registering S3 methods’ in the ‘Writing R Extensions’
    manual.
Flavors: r-devel-linux-x86_64-debian-clang, r-devel-linux-x86_64-debian-gcc, r-devel-linux-x86_64-fedora-clang, r-devel-linux-x86_64-fedora-gcc, r-devel-osx-x86_64-clang

Version: 0.2.16
Check: R code for possible problems
Result: NOTE
    modelStatistics: no visible global function definition for ‘somers2’
Flavors: r-devel-linux-x86_64-debian-clang, r-devel-linux-x86_64-debian-gcc, r-devel-linux-x86_64-fedora-clang, r-devel-linux-x86_64-fedora-gcc, r-devel-osx-x86_64-clang, r-devel-windows-ix86+x86_64, r-patched-linux-x86_64, r-patched-solaris-sparc, r-patched-solaris-x86, r-release-linux-ix86, r-release-linux-x86_64, r-release-osx-x86_64-mavericks, r-release-windows-ix86+x86_64

Version: 0.2.16
Check: data for non-ASCII characters
Result: NOTE
     Note: found 7332 marked UTF-8 strings
Flavors: r-devel-linux-x86_64-debian-clang, r-devel-linux-x86_64-debian-gcc, r-devel-linux-x86_64-fedora-clang, r-devel-linux-x86_64-fedora-gcc, r-devel-osx-x86_64-clang, r-devel-windows-ix86+x86_64, r-patched-linux-x86_64, r-patched-solaris-sparc, r-patched-solaris-x86, r-release-linux-ix86, r-release-linux-x86_64, r-release-osx-x86_64-mavericks, r-release-osx-x86_64-snowleopard, r-release-windows-ix86+x86_64, r-oldrel-windows-ix86+x86_64