CRAN Package Check Results for Package ndl

Last updated on 2017-06-23 03:48:56.

Flavor Version Tinstall Tcheck Ttotal Status Flags
r-devel-linux-x86_64-debian-clang 0.2.17 12.28 35.82 48.10 NOTE
r-devel-linux-x86_64-debian-gcc 0.2.17 12.20 34.88 47.09 NOTE
r-devel-linux-x86_64-fedora-clang 0.2.17 94.38 NOTE
r-devel-linux-x86_64-fedora-gcc 0.2.17 88.73 NOTE
r-devel-windows-ix86+x86_64 0.2.17 65.00 126.00 191.00 OK
r-patched-linux-x86_64 0.2.17 11.19 35.00 46.19 NOTE
r-patched-solaris-sparc 0.2.17 538.70 NOTE
r-patched-solaris-x86 0.2.17 107.10 NOTE
r-release-linux-x86_64 0.2.17 11.74 34.50 46.23 NOTE
r-release-windows-ix86+x86_64 0.2.17 64.00 140.00 204.00 OK
r-release-osx-x86_64 0.2.17 NOTE
r-oldrel-windows-ix86+x86_64 0.2.17 59.00 101.00 160.00 OK
r-oldrel-osx-x86_64 0.2.17 NOTE

Check Details

Version: 0.2.17
Check: compiled code
Result: NOTE
    File ‘ndl/libs/ndl.so’:
     Found no calls to: ‘R_registerRoutines’, ‘R_useDynamicSymbols’
    
    It is good practice to register native routines and to disable symbol
    search.
    
    See ‘Writing portable packages’ in the ‘Writing R Extensions’ manual.
Flavors: r-devel-linux-x86_64-debian-clang, r-devel-linux-x86_64-debian-gcc, r-devel-linux-x86_64-fedora-clang, r-devel-linux-x86_64-fedora-gcc, r-patched-linux-x86_64, r-release-linux-x86_64

Version: 0.2.17
Check: data for non-ASCII characters
Result: NOTE
     Note: found 7332 marked UTF-8 strings
Flavors: r-devel-linux-x86_64-fedora-clang, r-devel-linux-x86_64-fedora-gcc, r-patched-solaris-sparc, r-patched-solaris-x86, r-release-osx-x86_64, r-oldrel-osx-x86_64