CRAN Package Check Results for Package ndl

Last updated on 2014-10-31 05:47:24.

Flavor Version Tinstall Tcheck Ttotal Status Flags
r-devel-linux-x86_64-debian-clang 0.2.16 8.54 42.94 51.48 NOTE
r-devel-linux-x86_64-debian-gcc 0.2.16 10.09 42.33 52.42 NOTE
r-devel-linux-x86_64-fedora-clang 0.2.16 111.42 NOTE
r-devel-linux-x86_64-fedora-gcc 0.2.16 101.83 NOTE
r-devel-osx-x86_64-clang 0.2.16 90.98 NOTE
r-devel-windows-ix86+x86_64 0.2.16 34.00 135.00 169.00 NOTE
r-patched-linux-x86_64 0.2.16 9.85 46.28 56.14 NOTE
r-patched-solaris-sparc 0.2.16 715.60 NOTE
r-patched-solaris-x86 0.2.16 144.80 NOTE
r-release-linux-ix86 0.2.16 12.84 57.88 70.71 NOTE
r-release-linux-x86_64 0.2.16 11.02 44.88 55.90 NOTE
r-release-osx-x86_64-mavericks 0.2.16 NOTE
r-release-osx-x86_64-snowleopard 0.2.16 NOTE
r-release-windows-ix86+x86_64 0.2.16 35.00 153.00 188.00 NOTE
r-oldrel-windows-ix86+x86_64 0.2.16 34.00 145.00 179.00 NOTE

Check Details

Version: 0.2.16
Check: R code for possible problems
Result: NOTE
    modelStatistics: no visible global function definition for ‘somers2’
Flavors: r-devel-linux-x86_64-debian-clang, r-devel-linux-x86_64-debian-gcc, r-devel-linux-x86_64-fedora-clang, r-devel-linux-x86_64-fedora-gcc, r-devel-osx-x86_64-clang, r-devel-windows-ix86+x86_64, r-patched-linux-x86_64, r-patched-solaris-sparc, r-patched-solaris-x86

Version: 0.2.16
Check: data for non-ASCII characters
Result: NOTE
     Note: found 7332 marked UTF-8 strings
Flavors: r-devel-linux-x86_64-debian-clang, r-devel-linux-x86_64-debian-gcc, r-devel-linux-x86_64-fedora-clang, r-devel-linux-x86_64-fedora-gcc, r-devel-osx-x86_64-clang, r-devel-windows-ix86+x86_64, r-patched-linux-x86_64, r-patched-solaris-sparc, r-patched-solaris-x86, r-release-linux-ix86, r-release-linux-x86_64, r-release-osx-x86_64-mavericks, r-release-osx-x86_64-snowleopard, r-release-windows-ix86+x86_64, r-oldrel-windows-ix86+x86_64