CRAN Package Check Results for Package ndl

Last updated on 2014-07-30 11:49:52.

Flavor Version Tinstall Tcheck Ttotal Status Flags
r-devel-linux-x86_64-debian-clang 0.2.16 8.38 43.90 52.28 NOTE
r-devel-linux-x86_64-debian-gcc 0.2.16 9.94 46.12 56.06 NOTE
r-devel-linux-x86_64-fedora-clang 0.2.16 120.68 NOTE
r-devel-linux-x86_64-fedora-gcc 0.2.16 108.24 NOTE
r-devel-osx-x86_64-clang 0.2.16 94.67 NOTE
r-devel-windows-ix86+x86_64 0.2.16 33.00 141.00 174.00 NOTE
r-patched-linux-x86_64 0.2.16 9.86 43.95 53.81 NOTE
r-patched-solaris-sparc 0.2.16 685.60 NOTE
r-patched-solaris-x86 0.2.16 138.70 NOTE
r-release-linux-ix86 0.2.16 12.87 56.46 69.33 NOTE
r-release-linux-x86_64 0.2.16 10.00 43.92 53.92 NOTE
r-release-osx-x86_64-mavericks 0.2.16 NOTE
r-release-osx-x86_64-snowleopard 0.2.16 NOTE
r-release-windows-ix86+x86_64 0.2.16 30.00 145.00 175.00 NOTE
r-oldrel-windows-ix86+x86_64 0.2.16 34.00 148.00 182.00 NOTE

Check Details

Version: 0.2.16
Check: data for non-ASCII characters
Result: NOTE
     Note: found 7332 marked UTF-8 strings
Flavors: r-devel-linux-x86_64-debian-clang, r-devel-linux-x86_64-debian-gcc, r-devel-linux-x86_64-fedora-clang, r-devel-linux-x86_64-fedora-gcc, r-devel-osx-x86_64-clang, r-devel-windows-ix86+x86_64, r-patched-linux-x86_64, r-patched-solaris-sparc, r-patched-solaris-x86, r-release-linux-ix86, r-release-linux-x86_64, r-release-osx-x86_64-mavericks, r-release-osx-x86_64-snowleopard, r-release-windows-ix86+x86_64, r-oldrel-windows-ix86+x86_64