CRAN Package Check Results for Package ndl

Last updated on 2014-04-17 05:47:13.

Flavor Version Tinstall Tcheck Ttotal Status Flags
r-devel-linux-x86_64-debian-clang 0.2.16 9.12 45.37 54.50 NOTE
r-devel-linux-x86_64-debian-gcc 0.2.16 9.51 47.12 56.62 NOTE
r-devel-linux-x86_64-fedora-clang 0.2.16 114.14 NOTE
r-devel-linux-x86_64-fedora-gcc 0.2.16 108.96 NOTE
r-devel-macosx-x86_64-clang 0.2.16 93.74 NOTE
r-devel-macosx-x86_64-gcc 0.2.16 NOTE
r-devel-windows-ix86+x86_64 0.2.16 33.00 138.00 171.00 NOTE
r-patched-linux-x86_64 0.2.16 9.61 45.61 55.22 NOTE
r-patched-solaris-sparc 0.2.16 685.60 NOTE
r-patched-solaris-x86 0.2.16 138.90 NOTE
r-release-linux-ix86 0.2.16 22.00 76.00 98.00 NOTE
r-release-linux-x86_64 0.2.16 9.58 45.43 55.01 NOTE
r-release-macosx-x86_64 0.2.16 NOTE
r-release-windows-ix86+x86_64 0.2.16 33.00 150.00 183.00 NOTE
r-oldrel-windows-ix86+x86_64 0.2.16 33.00 144.00 177.00 NOTE

Check Details

Version: 0.2.16
Check: data for non-ASCII characters
Result: NOTE
     Note: found 7332 marked UTF-8 strings
Flavors: r-devel-linux-x86_64-debian-clang, r-devel-linux-x86_64-debian-gcc, r-devel-linux-x86_64-fedora-clang, r-devel-linux-x86_64-fedora-gcc, r-devel-macosx-x86_64-clang, r-devel-macosx-x86_64-gcc, r-devel-windows-ix86+x86_64, r-patched-linux-x86_64, r-patched-solaris-sparc, r-patched-solaris-x86, r-release-linux-ix86, r-release-linux-x86_64, r-release-macosx-x86_64, r-release-windows-ix86+x86_64, r-oldrel-windows-ix86+x86_64

Version: 0.2.16
Check: package dependencies
Result: NOTE
    Package suggested but not available for checking: ‘Hmisc’
Flavor: r-devel-macosx-x86_64-gcc

Version: 0.2.16
Check: R code for possible problems
Result: NOTE
    modelStatistics: no visible global function definition for ‘somers2’
Flavor: r-devel-macosx-x86_64-gcc