CRAN Package Check Results for Package ndl

Last updated on 2017-02-20 03:49:04.

Flavor Version Tinstall Tcheck Ttotal Status Flags
r-devel-linux-x86_64-debian-clang 0.2.17 10.61 35.22 45.83 NOTE
r-devel-linux-x86_64-debian-gcc 0.2.17 11.31 35.20 46.51 NOTE
r-devel-linux-x86_64-fedora-clang 0.2.17 88.94 NOTE --no-stop-on-test-error
r-devel-linux-x86_64-fedora-gcc 0.2.17 85.83 NOTE --no-stop-on-test-error
r-devel-macos-x86_64-clang 0.2.17 71.03 NOTE --no-stop-on-test-error
r-devel-windows-ix86+x86_64 0.2.17 58.00 126.00 184.00 OK
r-patched-linux-x86_64 0.2.17 9.88 33.80 43.67 OK
r-patched-solaris-sparc 0.2.17 535.60 NOTE
r-patched-solaris-x86 0.2.17 107.10 NOTE
r-release-linux-x86_64 0.2.17 9.88 33.81 43.69 OK
r-release-osx-x86_64-mavericks 0.2.17 NOTE
r-release-windows-ix86+x86_64 0.2.17 39.00 91.00 130.00 OK
r-oldrel-windows-ix86+x86_64 0.2.17 51.00 128.00 179.00 NOTE

Check Details

Version: 0.2.17
Check: compiled code
Result: NOTE
    File ‘ndl/libs/ndl.so’:
     Found no calls to: ‘R_registerRoutines’, ‘R_useDynamicSymbols’
    
    It is good practice to register native routines and to disable symbol
    search.
    
    See ‘Writing portable packages’ in the ‘Writing R Extensions’ manual.
Flavors: r-devel-linux-x86_64-debian-clang, r-devel-linux-x86_64-debian-gcc

Version: 0.2.17
Flags: --no-stop-on-test-error
Check: data for non-ASCII characters
Result: NOTE
     Note: found 7332 marked UTF-8 strings
Flavors: r-devel-linux-x86_64-fedora-clang, r-devel-linux-x86_64-fedora-gcc, r-devel-macos-x86_64-clang

Version: 0.2.17
Flags: --no-stop-on-test-error
Check: compiled code
Result: NOTE
    File ‘ndl/libs/ndl.so’:
     Found no calls to: ‘R_registerRoutines’, ‘R_useDynamicSymbols’
    
    It is good practice to register native routines and to disable symbol
    search.
    
    See ‘Writing portable packages’ in the ‘Writing R Extensions’ manual.
Flavors: r-devel-linux-x86_64-fedora-clang, r-devel-linux-x86_64-fedora-gcc, r-devel-macos-x86_64-clang

Version: 0.2.17
Check: data for non-ASCII characters
Result: NOTE
     Note: found 7332 marked UTF-8 strings
Flavors: r-patched-solaris-sparc, r-patched-solaris-x86, r-release-osx-x86_64-mavericks, r-oldrel-windows-ix86+x86_64