CRAN Package Check Results for Package ndl

Last updated on 2018-04-25 19:47:17 CEST.

Flavor Version Tinstall Tcheck Ttotal Status Flags
r-devel-linux-x86_64-debian-clang 0.2.17 17.39 55.46 72.85 NOTE
r-devel-linux-x86_64-debian-gcc 0.2.17 17.05 42.48 59.53 NOTE
r-devel-linux-x86_64-fedora-clang 0.2.17 95.33 NOTE
r-devel-linux-x86_64-fedora-gcc 0.2.17 90.52 NOTE
r-devel-windows-ix86+x86_64 0.2.17 56.00 110.00 166.00 OK
r-patched-linux-x86_64 0.2.17 19.58 54.90 74.48 NOTE
r-patched-solaris-x86 0.2.17 123.70 NOTE
r-release-linux-x86_64 0.2.17 24.62 54.24 78.86 NOTE
r-release-windows-ix86+x86_64 0.2.17 56.00 110.00 166.00 OK
r-release-osx-x86_64 0.2.17 NOTE
r-oldrel-windows-ix86+x86_64 0.2.17 38.00 140.00 178.00 OK
r-oldrel-osx-x86_64 0.2.17 NOTE

Check Details

Version: 0.2.17
Check: compiled code
Result: NOTE
    File ‘ndl/libs/ndl.so’:
     Found no calls to: ‘R_registerRoutines’, ‘R_useDynamicSymbols’
    
    It is good practice to register native routines and to disable symbol
    search.
    
    See ‘Writing portable packages’ in the ‘Writing R Extensions’ manual.
Flavors: r-devel-linux-x86_64-debian-clang, r-devel-linux-x86_64-debian-gcc, r-devel-linux-x86_64-fedora-clang, r-devel-linux-x86_64-fedora-gcc, r-patched-linux-x86_64, r-release-linux-x86_64

Version: 0.2.17
Check: data for non-ASCII characters
Result: NOTE
     Note: found 7332 marked UTF-8 strings
Flavors: r-devel-linux-x86_64-fedora-clang, r-devel-linux-x86_64-fedora-gcc, r-patched-solaris-x86, r-release-osx-x86_64, r-oldrel-osx-x86_64