CRAN Package Check Results for Package ndl

Last updated on 2014-12-21 18:52:10.

Flavor Version Tinstall Tcheck Ttotal Status Flags
r-devel-linux-x86_64-debian-clang 0.2.16 8.44 46.00 54.44 NOTE
r-devel-linux-x86_64-debian-gcc 0.2.16 9.83 42.10 51.94 NOTE
r-devel-linux-x86_64-fedora-clang 0.2.16 116.58 NOTE
r-devel-linux-x86_64-fedora-gcc 0.2.16 102.24 NOTE
r-devel-osx-x86_64-clang 0.2.16 93.08 NOTE
r-devel-windows-ix86+x86_64 0.2.16 36.00 133.00 169.00 NOTE
r-patched-linux-x86_64 0.2.16 10.17 44.92 55.09 NOTE
r-patched-solaris-sparc 0.2.16 715.60 NOTE
r-patched-solaris-x86 0.2.16 141.00 NOTE
r-release-linux-ix86 0.2.16 12.42 55.60 68.02 NOTE
r-release-linux-x86_64 0.2.16 10.52 45.02 55.54 NOTE
r-release-osx-x86_64-mavericks 0.2.16 NOTE
r-release-osx-x86_64-snowleopard 0.2.16 NOTE
r-release-windows-ix86+x86_64 0.2.16 36.00 154.00 190.00 NOTE
r-oldrel-windows-ix86+x86_64 0.2.16 35.00 161.00 196.00 NOTE

Check Details

Version: 0.2.16
Check: R code for possible problems
Result: NOTE
    modelStatistics: no visible global function definition for ‘somers2’
Flavors: r-devel-linux-x86_64-debian-clang, r-devel-linux-x86_64-debian-gcc, r-devel-linux-x86_64-fedora-clang, r-devel-linux-x86_64-fedora-gcc, r-devel-osx-x86_64-clang, r-devel-windows-ix86+x86_64, r-patched-linux-x86_64, r-patched-solaris-sparc, r-patched-solaris-x86, r-release-linux-ix86, r-release-linux-x86_64, r-release-windows-ix86+x86_64

Version: 0.2.16
Check: data for non-ASCII characters
Result: NOTE
     Note: found 7332 marked UTF-8 strings
Flavors: r-devel-linux-x86_64-debian-clang, r-devel-linux-x86_64-debian-gcc, r-devel-linux-x86_64-fedora-clang, r-devel-linux-x86_64-fedora-gcc, r-devel-osx-x86_64-clang, r-devel-windows-ix86+x86_64, r-patched-linux-x86_64, r-patched-solaris-sparc, r-patched-solaris-x86, r-release-linux-ix86, r-release-linux-x86_64, r-release-osx-x86_64-mavericks, r-release-osx-x86_64-snowleopard, r-release-windows-ix86+x86_64, r-oldrel-windows-ix86+x86_64