CRAN Package Check Results for Package ndl

Last updated on 2018-02-23 06:55:00 CET.

Flavor Version Tinstall Tcheck Ttotal Status Flags
r-devel-linux-x86_64-debian-clang 0.2.17 18.01 49.37 67.38 NOTE
r-devel-linux-x86_64-debian-gcc 0.2.17 15.88 42.42 58.30 NOTE
r-devel-linux-x86_64-fedora-clang 0.2.17 97.20 NOTE
r-devel-linux-x86_64-fedora-gcc 0.2.17 89.59 NOTE
r-devel-windows-ix86+x86_64 0.2.17 52.00 135.00 187.00 OK
r-patched-linux-x86_64 0.2.17 16.57 55.63 72.20 NOTE
r-patched-solaris-x86 0.2.17 105.60 NOTE
r-release-linux-x86_64 0.2.17 16.13 55.36 71.49 NOTE
r-release-windows-ix86+x86_64 0.2.17 60.00 131.00 191.00 OK
r-release-osx-x86_64 0.2.17 NOTE
r-oldrel-windows-ix86+x86_64 0.2.17 38.00 128.00 166.00 OK
r-oldrel-osx-x86_64 0.2.17 NOTE

Check Details

Version: 0.2.17
Check: compiled code
Result: NOTE
    File ‘ndl/libs/ndl.so’:
     Found no calls to: ‘R_registerRoutines’, ‘R_useDynamicSymbols’
    
    It is good practice to register native routines and to disable symbol
    search.
    
    See ‘Writing portable packages’ in the ‘Writing R Extensions’ manual.
Flavors: r-devel-linux-x86_64-debian-clang, r-devel-linux-x86_64-debian-gcc, r-devel-linux-x86_64-fedora-clang, r-devel-linux-x86_64-fedora-gcc, r-patched-linux-x86_64, r-release-linux-x86_64

Version: 0.2.17
Check: data for non-ASCII characters
Result: NOTE
     Note: found 7332 marked UTF-8 strings
Flavors: r-devel-linux-x86_64-fedora-clang, r-devel-linux-x86_64-fedora-gcc, r-patched-solaris-x86, r-release-osx-x86_64, r-oldrel-osx-x86_64