CRAN Package Check Results for Package ndl

Last updated on 2014-11-29 03:51:58.

Flavor Version Tinstall Tcheck Ttotal Status Flags
r-devel-linux-x86_64-debian-clang 0.2.16 8.64 43.05 51.68 NOTE
r-devel-linux-x86_64-debian-gcc 0.2.16 9.79 41.18 50.97 NOTE
r-devel-linux-x86_64-fedora-clang 0.2.16 112.68 NOTE
r-devel-linux-x86_64-fedora-gcc 0.2.16 111.26 NOTE
r-devel-osx-x86_64-clang 0.2.16 94.06 NOTE
r-devel-windows-ix86+x86_64 0.2.16 33.00 134.00 167.00 NOTE
r-patched-linux-x86_64 0.2.16 9.97 44.07 54.04 NOTE
r-patched-solaris-sparc 0.2.16 715.60 NOTE
r-patched-solaris-x86 0.2.16 142.70 NOTE
r-release-linux-ix86 0.2.16 12.35 54.98 67.33 NOTE
r-release-linux-x86_64 0.2.16 10.02 44.25 54.26 NOTE
r-release-osx-x86_64-mavericks 0.2.16 NOTE
r-release-osx-x86_64-snowleopard 0.2.16 NOTE
r-release-windows-ix86+x86_64 0.2.16 37.00 150.00 187.00 NOTE
r-oldrel-windows-ix86+x86_64 0.2.16 35.00 151.00 186.00 NOTE

Check Details

Version: 0.2.16
Check: R code for possible problems
Result: NOTE
    modelStatistics: no visible global function definition for ‘somers2’
Flavors: r-devel-linux-x86_64-debian-clang, r-devel-linux-x86_64-debian-gcc, r-devel-linux-x86_64-fedora-clang, r-devel-linux-x86_64-fedora-gcc, r-devel-osx-x86_64-clang, r-devel-windows-ix86+x86_64, r-patched-linux-x86_64, r-patched-solaris-sparc, r-patched-solaris-x86, r-release-linux-ix86, r-release-linux-x86_64, r-release-windows-ix86+x86_64

Version: 0.2.16
Check: data for non-ASCII characters
Result: NOTE
     Note: found 7332 marked UTF-8 strings
Flavors: r-devel-linux-x86_64-debian-clang, r-devel-linux-x86_64-debian-gcc, r-devel-linux-x86_64-fedora-clang, r-devel-linux-x86_64-fedora-gcc, r-devel-osx-x86_64-clang, r-devel-windows-ix86+x86_64, r-patched-linux-x86_64, r-patched-solaris-sparc, r-patched-solaris-x86, r-release-linux-ix86, r-release-linux-x86_64, r-release-osx-x86_64-mavericks, r-release-osx-x86_64-snowleopard, r-release-windows-ix86+x86_64, r-oldrel-windows-ix86+x86_64