CRAN Package Check Results for Package ndl

Last updated on 2016-12-08 06:48:26.

Flavor Version Tinstall Tcheck Ttotal Status Flags
r-devel-linux-x86_64-debian-clang 0.2.17 10.59 36.39 46.99 OK
r-devel-linux-x86_64-debian-gcc 0.2.17 11.09 36.33 47.43 OK
r-devel-linux-x86_64-fedora-clang 0.2.17 92.74 NOTE --no-stop-on-test-error
r-devel-linux-x86_64-fedora-gcc 0.2.17 89.92 NOTE --no-stop-on-test-error
r-devel-macos-x86_64-clang 0.2.17 73.32 NOTE --no-stop-on-test-error
r-devel-windows-ix86+x86_64 0.2.17 35.00 87.00 122.00 OK
r-patched-linux-x86_64 0.2.17 10.03 32.98 43.02 OK
r-patched-solaris-sparc 0.2.17 547.40 NOTE
r-patched-solaris-x86 0.2.17 106.80 NOTE
r-release-linux-x86_64 0.2.17 9.70 33.53 43.23 OK
r-release-osx-x86_64-mavericks 0.2.17 NOTE
r-release-windows-ix86+x86_64 0.2.17 37.00 77.00 114.00 OK
r-oldrel-windows-ix86+x86_64 0.2.17 54.00 96.00 150.00 NOTE

Check Details

Version: 0.2.17
Flags: --no-stop-on-test-error
Check: data for non-ASCII characters
Result: NOTE
     Note: found 7332 marked UTF-8 strings
Flavors: r-devel-linux-x86_64-fedora-clang, r-devel-linux-x86_64-fedora-gcc, r-devel-macos-x86_64-clang

Version: 0.2.17
Check: data for non-ASCII characters
Result: NOTE
     Note: found 7332 marked UTF-8 strings
Flavors: r-patched-solaris-sparc, r-patched-solaris-x86, r-release-osx-x86_64-mavericks, r-oldrel-windows-ix86+x86_64