CRAN Package Check Results for Package ndl

Last updated on 2015-07-30 07:47:14.

Flavor Version Tinstall Tcheck Ttotal Status Flags
r-devel-linux-x86_64-debian-clang 0.2.16 8.88 39.41 48.29 NOTE
r-devel-linux-x86_64-debian-gcc 0.2.16 10.01 39.58 49.59 NOTE
r-devel-linux-x86_64-fedora-clang 0.2.16 104.88 NOTE
r-devel-linux-x86_64-fedora-gcc 0.2.16 99.15 NOTE
r-devel-osx-x86_64-clang 0.2.16 76.89 NOTE
r-devel-windows-ix86+x86_64 0.2.16 46.00 138.00 184.00 NOTE
r-patched-linux-x86_64 0.2.16 10.09 39.34 49.43 NOTE
r-patched-solaris-sparc 0.2.16 640.20 NOTE
r-patched-solaris-x86 0.2.16 129.70 NOTE
r-release-linux-x86_64 0.2.16 10.05 38.97 49.02 NOTE
r-release-osx-x86_64-mavericks 0.2.16 NOTE
r-release-windows-ix86+x86_64 0.2.16 47.00 142.00 189.00 NOTE
r-oldrel-windows-ix86+x86_64 0.2.16 52.00 150.00 202.00 NOTE

Check Details

Version: 0.2.16
Check: dependencies in R code
Result: NOTE
    'library' or 'require' call to ‘Hmisc’ in package code.
     Please use :: or requireNamespace() instead.
     See section 'Suggested packages' in the 'Writing R Extensions' manual.
Flavors: r-devel-linux-x86_64-debian-clang, r-devel-linux-x86_64-debian-gcc, r-devel-linux-x86_64-fedora-clang, r-devel-linux-x86_64-fedora-gcc, r-devel-osx-x86_64-clang, r-devel-windows-ix86+x86_64, r-patched-linux-x86_64, r-patched-solaris-sparc, r-patched-solaris-x86, r-release-linux-x86_64, r-release-osx-x86_64-mavericks, r-release-windows-ix86+x86_64, r-oldrel-windows-ix86+x86_64

Version: 0.2.16
Check: S3 generic/method consistency
Result: NOTE
    Found the following apparent S3 methods exported but not registered:
     anova.ndlClassify plot.RescorlaWagner plot.ndlClassify
     predict.ndlClassify summary.ndlClassify summary.ndlCrossvalidate
    See section ‘Registering S3 methods’ in the ‘Writing R Extensions’
    manual.
Flavors: r-devel-linux-x86_64-debian-clang, r-devel-linux-x86_64-debian-gcc, r-devel-linux-x86_64-fedora-clang, r-devel-linux-x86_64-fedora-gcc, r-devel-osx-x86_64-clang, r-patched-linux-x86_64, r-patched-solaris-sparc, r-patched-solaris-x86, r-release-linux-x86_64

Version: 0.2.16
Check: R code for possible problems
Result: NOTE
    anova.ndlClassify: no visible global function definition for ‘terms’
    anova.ndlClassify: no visible global function definition for
     ‘as.formula’
    anova.ndlClassify: no visible global function definition for ‘pchisq’
    anova.ndlClassifylist : <anonymous>: no visible global function
     definition for ‘formula’
    anova.ndlClassifylist : <anonymous>: no visible global function
     definition for ‘pchisq’
    crosstableStatistics: no visible global function definition for ‘pnorm’
    cueCoding : ngram.fnc: no visible global function definition for
     ‘combn’
    estimateWeights : toUTF8: no visible global function definition for
     ‘type.convert’
    estimateWeights: no visible global function definition for
     ‘flush.console’
    estimateWeightsCompact: no visible global function definition for
     ‘flush.console’
    modelStatistics: no visible global function definition for ‘somers2’
    ndlClassify: no visible global function definition for ‘as.formula’
    ndlClassify: no visible global function definition for ‘terms.formula’
    ndlCrossvalidate: no visible global function definition for ‘sd’
    ndlCuesOutcomes: no visible global function definition for ‘as.formula’
    ndlCuesOutcomes: no visible global function definition for
     ‘terms.formula’
    ndlVarimp: no visible global function definition for ‘as.formula’
    ndlVarimp: no visible global function definition for ‘terms.formula’
    plot.RescorlaWagner: no visible global function definition for
     ‘plot.default’
    plot.RescorlaWagner: no visible global function definition for ‘abline’
    plot.ndlProbabilities: no visible global function definition for ‘par’
    plot.ndlProbabilities: no visible binding for global variable ‘density’
    plot.ndlProbabilities: no visible global function definition for ‘plot’
    plot.ndlProbabilities: no visible global function definition for
     ‘lines’
    plot.ndlProbabilities: no visible global function definition for
     ‘legend’
    plot.ndlProbabilities: no visible global function definition for
     ‘points’
    plot.ndlWeights: no visible global function definition for ‘par’
    plot.ndlWeights: no visible global function definition for ‘hist’
    plot.ndlWeights: no visible binding for global variable ‘density’
    plot.ndlWeights: no visible global function definition for ‘density’
    plot.ndlWeights: no visible global function definition for ‘plot’
    plot.ndlWeights: no visible global function definition for ‘lines’
    plot.ndlWeights: no visible global function definition for ‘legend’
    random.pseudoinverse : stoch_svd: no visible global function definition
     for ‘flush.console’
    random.pseudoinverse : stoch_svd: no visible global function definition
     for ‘rnorm’
    Undefined global functions or variables:
     abline as.formula combn density flush.console formula hist legend
     lines par pchisq plot plot.default pnorm points rnorm sd somers2
     terms terms.formula type.convert
    Consider adding
     importFrom("graphics", "abline", "hist", "legend", "lines", "par",
     "plot", "plot.default", "points")
     importFrom("stats", "as.formula", "density", "formula", "pchisq",
     "pnorm", "rnorm", "sd", "terms", "terms.formula")
     importFrom("utils", "combn", "flush.console", "type.convert")
    to your NAMESPACE.
Flavors: r-devel-linux-x86_64-debian-clang, r-devel-linux-x86_64-debian-gcc, r-devel-linux-x86_64-fedora-clang, r-devel-linux-x86_64-fedora-gcc, r-devel-windows-ix86+x86_64

Version: 0.2.16
Check: data for non-ASCII characters
Result: NOTE
     Note: found 7332 marked UTF-8 strings
Flavors: r-devel-linux-x86_64-debian-clang, r-devel-linux-x86_64-debian-gcc, r-devel-linux-x86_64-fedora-clang, r-devel-linux-x86_64-fedora-gcc, r-devel-osx-x86_64-clang, r-devel-windows-ix86+x86_64, r-patched-linux-x86_64, r-patched-solaris-sparc, r-patched-solaris-x86, r-release-linux-x86_64, r-release-osx-x86_64-mavericks, r-release-windows-ix86+x86_64, r-oldrel-windows-ix86+x86_64

Version: 0.2.16
Check: R code for possible problems
Result: NOTE
    modelStatistics: no visible global function definition for ‘somers2’
    Undefined global functions or variables:
     somers2
Flavor: r-devel-osx-x86_64-clang

Version: 0.2.16
Check: R code for possible problems
Result: NOTE
    modelStatistics: no visible global function definition for ‘somers2’
Flavors: r-patched-linux-x86_64, r-patched-solaris-sparc, r-patched-solaris-x86, r-release-linux-x86_64, r-release-osx-x86_64-mavericks, r-release-windows-ix86+x86_64, r-oldrel-windows-ix86+x86_64