CRAN Package Check Results for Package ndl

Last updated on 2016-02-14 10:46:50.

Flavor Version Tinstall Tcheck Ttotal Status Flags
r-devel-linux-x86_64-debian-gcc 0.2.17 10.02 30.69 40.71 OK
r-devel-linux-x86_64-fedora-clang 0.2.17 82.15 NOTE
r-devel-linux-x86_64-fedora-gcc 0.2.17 76.85 NOTE
r-devel-osx-x86_64-clang 0.2.17 84.15 NOTE
r-devel-windows-ix86+x86_64 0.2.17 47.00 98.00 145.00 OK
r-patched-linux-x86_64 0.2.17 10.06 32.68 42.75 NOTE
r-patched-solaris-sparc 0.2.17 518.30 NOTE
r-patched-solaris-x86 0.2.17 104.70 NOTE
r-release-linux-x86_64 0.2.17 10.10 32.64 42.73 NOTE
r-release-osx-x86_64-mavericks 0.2.17 NOTE
r-release-windows-ix86+x86_64 0.2.17 48.00 96.00 144.00 NOTE
r-oldrel-windows-ix86+x86_64 0.2.17 46.00 115.00 161.00 NOTE

Check Details

Version: 0.2.17
Check: data for non-ASCII characters
Result: NOTE
     Note: found 7332 marked UTF-8 strings
Flavors: r-devel-linux-x86_64-fedora-clang, r-devel-linux-x86_64-fedora-gcc, r-devel-osx-x86_64-clang, r-patched-linux-x86_64, r-patched-solaris-sparc, r-patched-solaris-x86, r-release-linux-x86_64, r-release-osx-x86_64-mavericks, r-release-windows-ix86+x86_64, r-oldrel-windows-ix86+x86_64