CRAN Package Check Results for Package ndl

Last updated on 2017-12-14 06:47:09 CET.

Flavor Version Tinstall Tcheck Ttotal Status Flags
r-devel-linux-x86_64-debian-clang 0.2.17 15.40 24.74 40.14 FAIL
r-devel-linux-x86_64-debian-gcc 0.2.17 12.30 22.36 34.66 FAIL
r-devel-linux-x86_64-fedora-clang 0.2.17 90.70 NOTE
r-devel-linux-x86_64-fedora-gcc 0.2.17 91.40 NOTE
r-devel-windows-ix86+x86_64 0.2.17 54.00 132.00 186.00 OK
r-patched-linux-x86_64 0.2.17 15.93 56.13 72.06 NOTE
r-patched-solaris-x86 0.2.17 105.10 NOTE
r-release-linux-x86_64 0.2.17 17.67 54.97 72.64 NOTE
r-release-windows-ix86+x86_64 0.2.17 44.00 108.00 152.00 OK
r-release-osx-x86_64 0.2.17 NOTE
r-oldrel-windows-ix86+x86_64 0.2.17 44.00 123.00 167.00 OK
r-oldrel-osx-x86_64 0.2.17 NOTE

Check Details

Version: 0.2.17
Check: pragmas in C/C++ headers and code
Result: FAIL
    
Flavors: r-devel-linux-x86_64-debian-clang, r-devel-linux-x86_64-debian-gcc

Version: 0.2.17
Check: data for non-ASCII characters
Result: NOTE
     Note: found 7332 marked UTF-8 strings
Flavors: r-devel-linux-x86_64-fedora-clang, r-devel-linux-x86_64-fedora-gcc, r-patched-solaris-x86, r-release-osx-x86_64, r-oldrel-osx-x86_64

Version: 0.2.17
Check: compiled code
Result: NOTE
    File ‘ndl/libs/ndl.so’:
     Found no calls to: ‘R_registerRoutines’, ‘R_useDynamicSymbols’
    
    It is good practice to register native routines and to disable symbol
    search.
    
    See ‘Writing portable packages’ in the ‘Writing R Extensions’ manual.
Flavors: r-devel-linux-x86_64-fedora-clang, r-devel-linux-x86_64-fedora-gcc, r-patched-linux-x86_64, r-release-linux-x86_64