CRAN Package Check Results for Package ndl

Last updated on 2017-04-29 15:48:08.

Flavor Version Tinstall Tcheck Ttotal Status Flags
r-devel-linux-x86_64-debian-clang 0.2.17 11.53 35.19 46.73 NOTE
r-devel-linux-x86_64-debian-gcc 0.2.17 11.54 35.16 46.70 NOTE
r-devel-linux-x86_64-fedora-clang 0.2.17 92.27 NOTE --no-stop-on-test-error
r-devel-linux-x86_64-fedora-gcc 0.2.17 85.75 NOTE --no-stop-on-test-error
r-devel-windows-ix86+x86_64 0.2.17 66.00 128.00 194.00 OK
r-patched-linux-x86_64 0.2.17 9.92 35.63 45.55 NOTE
r-patched-solaris-sparc 0.2.17 538.70 NOTE
r-patched-solaris-x86 0.2.17 112.70 NOTE
r-release-linux-x86_64 0.2.17 10.05 34.89 44.95 NOTE
r-release-windows-ix86+x86_64 0.2.17 50.00 127.00 177.00 OK
r-release-osx-x86_64 0.2.17 NOTE
r-oldrel-windows-ix86+x86_64 0.2.17 61.00 121.00 182.00 OK
r-oldrel-osx-x86_64 0.2.17 NOTE

Check Details

Version: 0.2.17
Check: compiled code
Result: NOTE
    File ‘ndl/libs/ndl.so’:
     Found no calls to: ‘R_registerRoutines’, ‘R_useDynamicSymbols’
    
    It is good practice to register native routines and to disable symbol
    search.
    
    See ‘Writing portable packages’ in the ‘Writing R Extensions’ manual.
Flavors: r-devel-linux-x86_64-debian-clang, r-devel-linux-x86_64-debian-gcc, r-patched-linux-x86_64, r-release-linux-x86_64

Version: 0.2.17
Flags: --no-stop-on-test-error
Check: data for non-ASCII characters
Result: NOTE
     Note: found 7332 marked UTF-8 strings
Flavors: r-devel-linux-x86_64-fedora-clang, r-devel-linux-x86_64-fedora-gcc

Version: 0.2.17
Flags: --no-stop-on-test-error
Check: compiled code
Result: NOTE
    File ‘ndl/libs/ndl.so’:
     Found no calls to: ‘R_registerRoutines’, ‘R_useDynamicSymbols’
    
    It is good practice to register native routines and to disable symbol
    search.
    
    See ‘Writing portable packages’ in the ‘Writing R Extensions’ manual.
Flavors: r-devel-linux-x86_64-fedora-clang, r-devel-linux-x86_64-fedora-gcc

Version: 0.2.17
Check: data for non-ASCII characters
Result: NOTE
     Note: found 7332 marked UTF-8 strings
Flavors: r-patched-solaris-sparc, r-patched-solaris-x86, r-release-osx-x86_64, r-oldrel-osx-x86_64