CRAN Package Check Results for Package ndl

Last updated on 2017-01-24 19:48:51.

Flavor Version Tinstall Tcheck Ttotal Status Flags
r-devel-linux-x86_64-debian-clang 0.2.17 10.77 35.45 46.23 OK
r-devel-linux-x86_64-debian-gcc 0.2.17 11.44 35.18 46.63 OK
r-devel-linux-x86_64-fedora-clang 0.2.17 89.97 NOTE --no-stop-on-test-error
r-devel-linux-x86_64-fedora-gcc 0.2.17 87.88 NOTE --no-stop-on-test-error
r-devel-macos-x86_64-clang 0.2.17 70.34 NOTE --no-stop-on-test-error
r-devel-windows-ix86+x86_64 0.2.17 55.00 121.00 176.00 OK
r-patched-linux-x86_64 0.2.17 10.97 33.65 44.63 OK
r-patched-solaris-sparc 0.2.17 535.60 NOTE
r-patched-solaris-x86 0.2.17 108.00 NOTE
r-release-linux-x86_64 0.2.17 9.99 33.66 43.65 OK
r-release-osx-x86_64-mavericks 0.2.17 NOTE
r-release-windows-ix86+x86_64 0.2.17 51.00 113.00 164.00 OK
r-oldrel-windows-ix86+x86_64 0.2.17 56.00 129.00 185.00 NOTE

Check Details

Version: 0.2.17
Flags: --no-stop-on-test-error
Check: data for non-ASCII characters
Result: NOTE
     Note: found 7332 marked UTF-8 strings
Flavors: r-devel-linux-x86_64-fedora-clang, r-devel-linux-x86_64-fedora-gcc, r-devel-macos-x86_64-clang

Version: 0.2.17
Check: data for non-ASCII characters
Result: NOTE
     Note: found 7332 marked UTF-8 strings
Flavors: r-patched-solaris-sparc, r-patched-solaris-x86, r-release-osx-x86_64-mavericks, r-oldrel-windows-ix86+x86_64