CRAN Package Check Results for Package ndl

Last updated on 2016-09-28 11:50:15.

Flavor Version Tinstall Tcheck Ttotal Status Flags
r-devel-linux-x86_64-debian-clang 0.2.17 11.27 34.63 45.90 OK
r-devel-linux-x86_64-debian-gcc 0.2.17 11.26 33.48 44.75 OK
r-devel-linux-x86_64-fedora-clang 0.2.17 85.06 NOTE
r-devel-linux-x86_64-fedora-gcc 0.2.17 81.57 NOTE
r-devel-macos-x86_64-clang 0.2.17 67.40 NOTE
r-devel-windows-ix86+x86_64 0.2.17 56.00 114.00 170.00 OK
r-patched-linux-x86_64 0.2.17 9.87 34.06 43.93 OK
r-patched-solaris-sparc 0.2.17 533.10 NOTE
r-patched-solaris-x86 0.2.17 107.10 NOTE
r-release-linux-x86_64 0.2.17 10.09 33.88 43.96 OK
r-release-osx-x86_64-mavericks 0.2.17 NOTE
r-release-windows-ix86+x86_64 0.2.17 52.00 112.00 164.00 OK
r-oldrel-windows-ix86+x86_64 0.2.17 47.00 127.00 174.00 NOTE

Check Details

Version: 0.2.17
Check: data for non-ASCII characters
Result: NOTE
     Note: found 7332 marked UTF-8 strings
Flavors: r-devel-linux-x86_64-fedora-clang, r-devel-linux-x86_64-fedora-gcc, r-devel-macos-x86_64-clang, r-patched-solaris-sparc, r-patched-solaris-x86, r-release-osx-x86_64-mavericks, r-oldrel-windows-ix86+x86_64