CRAN Package Check Results for Package ndtv

Last updated on 2015-03-02 13:47:10.

Flavor Version Tinstall Tcheck Ttotal Status Flags
r-devel-linux-x86_64-debian-clang 0.5.1 0.98 302.97 303.95 NOTE
r-devel-linux-x86_64-debian-gcc 0.5.1 0.94 760.90 761.84 NOTE
r-devel-linux-x86_64-fedora-clang 0.5.1 333.01 NOTE --no-build-vignettes
r-devel-linux-x86_64-fedora-gcc 0.5.1 322.28 NOTE --no-build-vignettes
r-devel-osx-x86_64-clang 0.5.1 436.38 NOTE
r-devel-windows-ix86+x86_64 0.5.1 10.00 967.00 977.00 OK
r-patched-linux-x86_64 0.5.1 1.18 479.86 481.04 NOTE
r-patched-solaris-sparc 0.5.1 508.10 NOTE --no-vignettes
r-patched-solaris-x86 0.5.1 542.50 NOTE --no-build-vignettes
r-release-linux-ix86 0.5.1 1.48 434.40 435.88 NOTE
r-release-linux-x86_64 0.5.1 1.16 290.00 291.16 NOTE
r-release-osx-x86_64-mavericks 0.5.1 OK
r-release-osx-x86_64-snowleopard 0.5.1 OK
r-release-windows-ix86+x86_64 0.5.1 11.00 635.00 646.00 OK
r-oldrel-windows-ix86+x86_64 0.5.1 6.00 448.00 454.00 OK

Check Details

Version: 0.5.1
Check: R code for possible problems
Result: NOTE
    Found an obsolete/platform-specific call in the following function:
     ‘render.animation’
    Found the platform-specific devices:
     ‘quartz’ ‘windows’ ‘x11’
    dev.new() is the preferred way to open a new device, in the unlikely
    event one is needed.
Flavors: r-devel-linux-x86_64-debian-clang, r-devel-linux-x86_64-debian-gcc, r-devel-osx-x86_64-clang, r-patched-linux-x86_64, r-release-linux-ix86, r-release-linux-x86_64

Version: 0.5.1
Flags: --no-build-vignettes
Check: R code for possible problems
Result: NOTE
    Found an obsolete/platform-specific call in the following function:
     ‘render.animation’
    Found the platform-specific devices:
     ‘quartz’ ‘windows’ ‘x11’
    dev.new() is the preferred way to open a new device, in the unlikely
    event one is needed.
Flavors: r-devel-linux-x86_64-fedora-clang, r-devel-linux-x86_64-fedora-gcc, r-patched-solaris-x86

Version: 0.5.1
Flags: --no-vignettes
Check: R code for possible problems
Result: NOTE
    Found an obsolete/platform-specific call in the following function:
     ‘render.animation’
    Found the platform-specific devices:
     ‘quartz’ ‘windows’ ‘x11’
    dev.new() is the preferred way to open a new device, in the unlikely
    event one is needed.
Flavor: r-patched-solaris-sparc