CRAN Package Check Results for Package ndtv

Last updated on 2015-01-30 11:49:17.

Flavor Version Tinstall Tcheck Ttotal Status Flags
r-devel-linux-x86_64-debian-clang 0.5.1 1.02 611.70 612.72 NOTE
r-devel-linux-x86_64-debian-gcc 0.5.1 1.02 355.95 356.96 NOTE
r-devel-linux-x86_64-fedora-clang 0.5.1 344.31 NOTE --no-build-vignettes
r-devel-linux-x86_64-fedora-gcc 0.5.1 325.91 NOTE --no-build-vignettes
r-devel-osx-x86_64-clang 0.5.1 456.90 NOTE
r-devel-windows-ix86+x86_64 0.5.1 5.00 463.00 468.00 OK
r-patched-linux-x86_64 0.5.1 1.11 836.73 837.84 NOTE
r-patched-solaris-sparc 0.5.1 508.10 NOTE --no-vignettes
r-patched-solaris-x86 0.5.1 515.00 NOTE --no-build-vignettes
r-release-linux-ix86 0.5.1 1.66 453.86 455.52 NOTE
r-release-linux-x86_64 0.5.1 3.09 336.07 339.16 NOTE
r-release-osx-x86_64-mavericks 0.5.1 OK
r-release-osx-x86_64-snowleopard 0.5.1 OK
r-release-windows-ix86+x86_64 0.5.1 5.00 477.00 482.00 OK
r-oldrel-windows-ix86+x86_64 0.5.1 6.00 629.00 635.00 OK

Check Details

Version: 0.5.1
Check: R code for possible problems
Result: NOTE
    Found an obsolete/platform-specific call in the following function:
     ‘render.animation’
    Found the platform-specific devices:
     ‘quartz’ ‘windows’ ‘x11’
    dev.new() is the preferred way to open a new device, in the unlikely
    event one is needed.
Flavors: r-devel-linux-x86_64-debian-clang, r-devel-linux-x86_64-debian-gcc, r-devel-osx-x86_64-clang, r-patched-linux-x86_64, r-release-linux-ix86, r-release-linux-x86_64

Version: 0.5.1
Flags: --no-build-vignettes
Check: R code for possible problems
Result: NOTE
    Found an obsolete/platform-specific call in the following function:
     ‘render.animation’
    Found the platform-specific devices:
     ‘quartz’ ‘windows’ ‘x11’
    dev.new() is the preferred way to open a new device, in the unlikely
    event one is needed.
Flavors: r-devel-linux-x86_64-fedora-clang, r-devel-linux-x86_64-fedora-gcc, r-patched-solaris-x86

Version: 0.5.1
Flags: --no-vignettes
Check: R code for possible problems
Result: NOTE
    Found an obsolete/platform-specific call in the following function:
     ‘render.animation’
    Found the platform-specific devices:
     ‘quartz’ ‘windows’ ‘x11’
    dev.new() is the preferred way to open a new device, in the unlikely
    event one is needed.
Flavor: r-patched-solaris-sparc