CRAN Package Check Results for Package ndtv

Last updated on 2015-04-26 16:47:08.

Flavor Version Tinstall Tcheck Ttotal Status Flags
r-devel-linux-x86_64-debian-clang 0.5.1 1.04 306.56 307.60 NOTE
r-devel-linux-x86_64-debian-gcc 0.5.1 0.96 285.20 286.16 NOTE
r-devel-linux-x86_64-fedora-clang 0.5.1 340.86 NOTE --no-build-vignettes
r-devel-linux-x86_64-fedora-gcc 0.5.1 1239.36 NOTE --no-build-vignettes
r-devel-osx-x86_64-clang 0.5.1 416.88 NOTE
r-devel-windows-ix86+x86_64 0.5.1 5.00 524.00 529.00 OK
r-patched-linux-x86_64 0.5.1 0.95 576.32 577.27 NOTE
r-patched-solaris-sparc 0.5.1 498.90 NOTE --no-vignettes
r-patched-solaris-x86 0.5.1 478.30 NOTE --no-build-vignettes
r-release-linux-x86_64 0.5.1 0.96 296.02 296.98 NOTE
r-release-osx-x86_64-mavericks 0.5.1 WARN
r-release-osx-x86_64-snowleopard 0.5.1 OK
r-release-windows-ix86+x86_64 0.5.1 4.00 500.00 504.00 OK
r-oldrel-windows-ix86+x86_64 0.5.1 5.00 356.00 361.00 OK

Check Details

Version: 0.5.1
Flags: --no-build-vignettes
Check: R code for possible problems
Result: NOTE
    Found an obsolete/platform-specific call in the following function:
     ‘render.animation’
    Found the platform-specific devices:
     ‘quartz’ ‘windows’ ‘x11’
    dev.new() is the preferred way to open a new device, in the unlikely
    event one is needed.
Flavors: r-devel-linux-x86_64-fedora-clang, r-devel-linux-x86_64-fedora-gcc, r-patched-solaris-x86

Version: 0.5.1
Check: R code for possible problems
Result: NOTE
    Found an obsolete/platform-specific call in the following function:
     ‘render.animation’
    Found the platform-specific devices:
     ‘quartz’ ‘windows’ ‘x11’
    dev.new() is the preferred way to open a new device, in the unlikely
    event one is needed.
Flavor: r-devel-osx-x86_64-clang

Version: 0.5.1
Flags: --no-vignettes
Check: R code for possible problems
Result: NOTE
    Found an obsolete/platform-specific call in the following function:
     ‘render.animation’
    Found the platform-specific devices:
     ‘quartz’ ‘windows’ ‘x11’
    dev.new() is the preferred way to open a new device, in the unlikely
    event one is needed.
Flavor: r-patched-solaris-sparc

Version: 0.5.1
Check: package dependencies
Result: NOTE
    Package suggested but not available for checking: ‘tergm’
Flavor: r-release-osx-x86_64-mavericks

Version: 0.5.1
Check: running R code from vignettes
Result: WARN
    Errors in running code in vignettes:
    when running code in ‘ndtv.Rnw’
     ...
     there is no package called ‘tergm’
    
    > data("florentine")
    Warning in data("florentine") : data set ‘florentine’ not found
    
    > plot(flobusiness, displaylabels = TRUE)
    
     When sourcing ‘ndtv.R’:
    Error: object 'flobusiness' not found
    Execution halted
Flavor: r-release-osx-x86_64-mavericks

Version: 0.5.1
Check: re-building of vignette outputs
Result: NOTE
    Error in re-building vignettes:
     ...
    Attaching package: ‘sna’
    
    The following object is masked from ‘package:network’:
    
     %c%
    
    
    ndtv: version 0.5.1, created on 2014-01-27
    Copyright (c) 2014, Skye Bender-deMoll, University of Washington
     with contributions from
     Martina Morris, University of Washington
    Based on "statnet" project software (statnet.org).
    For license and citation information see statnet.org/attribution
    or type citation("ndtv").
    
    Loading required package: tergm
    Warning in library(package, lib.loc = lib.loc, character.only = TRUE, logical.return = TRUE, :
     there is no package called ‘tergm’
    Warning in data("florentine") : data set ‘florentine’ not found
    
    Error: processing vignette 'ndtv.Rnw' failed with diagnostics:
     chunk 6 (label = loading_data)
    Error in plot(flobusiness, displaylabels = TRUE) :
     object 'flobusiness' not found
    Execution halted
Flavor: r-release-osx-x86_64-mavericks