CRAN Package Check Results for Package ndtv

Last updated on 2015-07-03 23:47:42.

Flavor Version Tinstall Tcheck Ttotal Status Flags
r-devel-linux-x86_64-debian-clang 0.6.1 1.03 427.23 428.26 NOTE
r-devel-linux-x86_64-debian-gcc 0.6.1 1.34 352.46 353.80 NOTE
r-devel-linux-x86_64-fedora-clang 0.6.1 949.85 NOTE --no-build-vignettes
r-devel-linux-x86_64-fedora-gcc 0.6.1 452.80 NOTE --no-build-vignettes
r-devel-osx-x86_64-clang 0.6.1 615.41 NOTE
r-devel-windows-ix86+x86_64 0.6.1 8.00 609.00 617.00 NOTE
r-patched-linux-x86_64 0.6.1 1.35 483.29 484.64 NOTE
r-patched-solaris-sparc 0.6.1 814.60 NOTE --no-vignettes
r-patched-solaris-x86 0.6.1 716.50 NOTE --no-build-vignettes
r-release-linux-x86_64 0.6.1 1.07 418.42 419.50 NOTE
r-release-osx-x86_64-mavericks 0.6.1 OK
r-release-windows-ix86+x86_64 0.6.1 6.00 564.00 570.00 OK
r-oldrel-windows-ix86+x86_64 0.6.1 7.00 597.00 604.00 OK

Check Details

Version: 0.6.1
Check: R code for possible problems
Result: NOTE
    Found an obsolete/platform-specific call in the following function:
     ‘render.animation’
    Found the platform-specific devices:
     ‘quartz’ ‘windows’ ‘x11’
    dev.new() is the preferred way to open a new device, in the unlikely
    event one is needed.
    .plot.slice.par: no visible global function definition for ‘rect’
    .plot.slice.par: no visible global function definition for ‘rgb’
    cachePlotValues: no visible global function definition for ‘par’
    col2hex: no visible global function definition for ‘col2rgb’
    col2rgbaString: no visible global function definition for ‘col2rgb’
    compute.animation: no visible global function definition for ‘runif’
    export.pajek.net: no visible global function definition for
     ‘write.table’
    install.ffmpeg: no visible global function definition for ‘browseURL’
    install.graphviz: no visible global function definition for ‘browseURL’
    install.mdsj: no visible global function definition for ‘download.file’
    network.layout.animate.MDSJ: no visible global function definition for
     ‘write.table’
    proximity.timeline: no visible global function definition for
     ‘cmdscale’
    proximity.timeline: no visible global function definition for ‘plot’
    proximity.timeline: no visible global function definition for ‘xspline’
    proximity.timeline: no visible global function definition for ‘par’
    proximity.timeline: no visible global function definition for ‘lines’
    proximity.timeline: no visible global function definition for ‘text’
    render.animation: no visible global function definition for ‘dev.cur’
    render.animation: no visible global function definition for ‘quartz’
    render.animation: no visible global function definition for ‘x11’
    render.animation: no visible global function definition for ‘par’
    render.animation: no visible global function definition for ‘dev.off’
    render.d3movie: no visible global function definition for
     ‘packageDescription’
    render.d3movie: no visible global function definition for ‘par’
    render.d3movie: no visible global function definition for ‘browseURL’
    rgb2hex: no visible global function definition for ‘rgb’
    timeline: no visible global function definition for ‘rgb’
    timeline: no visible global function definition for ‘plot’
    timeline: no visible global function definition for ‘lines’
    timeline: no visible global function definition for ‘text’
    Undefined global functions or variables:
     browseURL cmdscale col2rgb dev.cur dev.off download.file lines
     packageDescription par plot quartz rect rgb runif text write.table
     x11 xspline
Flavors: r-devel-linux-x86_64-debian-clang, r-devel-linux-x86_64-debian-gcc

Version: 0.6.1
Flags: --no-build-vignettes
Check: R code for possible problems
Result: NOTE
    Found an obsolete/platform-specific call in the following function:
     ‘render.animation’
    Found the platform-specific devices:
     ‘quartz’ ‘windows’ ‘x11’
    dev.new() is the preferred way to open a new device, in the unlikely
    event one is needed.
    .plot.slice.par: no visible global function definition for ‘rect’
    .plot.slice.par: no visible global function definition for ‘rgb’
    cachePlotValues: no visible global function definition for ‘par’
    col2hex: no visible global function definition for ‘col2rgb’
    col2rgbaString: no visible global function definition for ‘col2rgb’
    compute.animation: no visible global function definition for ‘runif’
    export.pajek.net: no visible global function definition for
     ‘write.table’
    install.ffmpeg: no visible global function definition for ‘browseURL’
    install.graphviz: no visible global function definition for ‘browseURL’
    install.mdsj: no visible global function definition for ‘download.file’
    network.layout.animate.MDSJ: no visible global function definition for
     ‘write.table’
    proximity.timeline: no visible global function definition for
     ‘cmdscale’
    proximity.timeline: no visible global function definition for ‘plot’
    proximity.timeline: no visible global function definition for ‘xspline’
    proximity.timeline: no visible global function definition for ‘par’
    proximity.timeline: no visible global function definition for ‘lines’
    proximity.timeline: no visible global function definition for ‘text’
    render.animation: no visible global function definition for ‘dev.cur’
    render.animation: no visible global function definition for ‘quartz’
    render.animation: no visible global function definition for ‘x11’
    render.animation: no visible global function definition for ‘par’
    render.animation: no visible global function definition for ‘dev.off’
    render.d3movie: no visible global function definition for
     ‘packageDescription’
    render.d3movie: no visible global function definition for ‘par’
    render.d3movie: no visible global function definition for ‘browseURL’
    rgb2hex: no visible global function definition for ‘rgb’
    timeline: no visible global function definition for ‘rgb’
    timeline: no visible global function definition for ‘plot’
    timeline: no visible global function definition for ‘lines’
    timeline: no visible global function definition for ‘text’
    Undefined global functions or variables:
     browseURL cmdscale col2rgb dev.cur dev.off download.file lines
     packageDescription par plot quartz rect rgb runif text write.table
     x11 xspline
Flavors: r-devel-linux-x86_64-fedora-clang, r-devel-linux-x86_64-fedora-gcc

Version: 0.6.1
Check: R code for possible problems
Result: NOTE
    Found an obsolete/platform-specific call in the following function:
     ‘render.animation’
    Found the platform-specific devices:
     ‘quartz’ ‘windows’ ‘x11’
    dev.new() is the preferred way to open a new device, in the unlikely
    event one is needed.
Flavors: r-devel-osx-x86_64-clang, r-patched-linux-x86_64, r-release-linux-x86_64

Version: 0.6.1
Check: R code for possible problems
Result: NOTE
    .plot.slice.par: no visible global function definition for 'rect'
    .plot.slice.par: no visible global function definition for 'rgb'
    cachePlotValues: no visible global function definition for 'par'
    col2hex: no visible global function definition for 'col2rgb'
    col2rgbaString: no visible global function definition for 'col2rgb'
    compute.animation: no visible global function definition for 'runif'
    export.pajek.net: no visible global function definition for
     'write.table'
    install.ffmpeg: no visible global function definition for 'browseURL'
    install.graphviz: no visible global function definition for 'browseURL'
    install.mdsj: no visible global function definition for 'download.file'
    network.layout.animate.MDSJ: no visible global function definition for
     'write.table'
    proximity.timeline: no visible global function definition for
     'cmdscale'
    proximity.timeline: no visible global function definition for 'plot'
    proximity.timeline: no visible global function definition for 'xspline'
    proximity.timeline: no visible global function definition for 'par'
    proximity.timeline: no visible global function definition for 'lines'
    proximity.timeline: no visible global function definition for 'text'
    render.animation: no visible global function definition for 'dev.cur'
    render.animation: no visible global function definition for 'windows'
    render.animation: no visible global function definition for 'x11'
    render.animation: no visible global function definition for 'par'
    render.animation: no visible global function definition for 'dev.off'
    render.d3movie: no visible global function definition for
     'packageDescription'
    render.d3movie: no visible global function definition for 'par'
    render.d3movie: no visible global function definition for 'browseURL'
    rgb2hex: no visible global function definition for 'rgb'
    timeline: no visible global function definition for 'rgb'
    timeline: no visible global function definition for 'plot'
    timeline: no visible global function definition for 'lines'
    timeline: no visible global function definition for 'text'
    Undefined global functions or variables:
     browseURL cmdscale col2rgb dev.cur dev.off download.file lines
     packageDescription par plot rect rgb runif text windows write.table
     x11 xspline
Flavor: r-devel-windows-ix86+x86_64

Version: 0.6.1
Flags: --no-vignettes
Check: R code for possible problems
Result: NOTE
    Found an obsolete/platform-specific call in the following function:
     ‘render.animation’
    Found the platform-specific devices:
     ‘quartz’ ‘windows’ ‘x11’
    dev.new() is the preferred way to open a new device, in the unlikely
    event one is needed.
Flavor: r-patched-solaris-sparc

Version: 0.6.1
Flags: --no-build-vignettes
Check: R code for possible problems
Result: NOTE
    Found an obsolete/platform-specific call in the following function:
     ‘render.animation’
    Found the platform-specific devices:
     ‘quartz’ ‘windows’ ‘x11’
    dev.new() is the preferred way to open a new device, in the unlikely
    event one is needed.
Flavor: r-patched-solaris-x86