CRAN Package Check Results for Package ndtv

Last updated on 2014-09-30 17:48:30.

Flavor Version Tinstall Tcheck Ttotal Status Flags
r-devel-linux-x86_64-debian-clang 0.5.1 1.06 272.24 273.30 NOTE
r-devel-linux-x86_64-debian-gcc 0.5.1 1.02 275.69 276.71 NOTE
r-devel-linux-x86_64-fedora-clang 0.5.1 311.62 NOTE --no-build-vignettes
r-devel-linux-x86_64-fedora-gcc 0.5.1 330.33 NOTE --no-build-vignettes
r-devel-osx-x86_64-clang 0.5.1 442.22 NOTE
r-devel-windows-ix86+x86_64 0.5.1 5.00 71.00 76.00 OK --no-vignettes
r-patched-linux-x86_64 0.5.1 1.10 289.88 290.98 NOTE
r-patched-solaris-sparc 0.5.1 523.90 NOTE --no-vignettes
r-patched-solaris-x86 0.5.1 118.10 NOTE --no-vignettes
r-release-linux-ix86 0.5.1 1.52 413.97 415.49 NOTE
r-release-linux-x86_64 0.5.1 1.08 282.72 283.80 NOTE
r-release-osx-x86_64-mavericks 0.5.1 NOTE
r-release-osx-x86_64-snowleopard 0.5.1 OK
r-release-windows-ix86+x86_64 0.5.1 5.00 74.00 79.00 OK --no-vignettes
r-oldrel-windows-ix86+x86_64 0.5.1 6.00 82.00 88.00 OK --no-vignettes

Check Details

Version: 0.5.1
Check: R code for possible problems
Result: NOTE
    Found an obsolete/platform-specific call in the following function:
     ‘render.animation’
    Found the platform-specific devices:
     ‘quartz’ ‘windows’ ‘x11’
    dev.new() is the preferred way to open a new device, in the unlikely
    event one is needed.
Flavors: r-devel-linux-x86_64-debian-clang, r-devel-linux-x86_64-debian-gcc, r-devel-osx-x86_64-clang, r-patched-linux-x86_64, r-release-linux-ix86, r-release-linux-x86_64

Version: 0.5.1
Flags: --no-build-vignettes
Check: R code for possible problems
Result: NOTE
    Found an obsolete/platform-specific call in the following function:
     ‘render.animation’
    Found the platform-specific devices:
     ‘quartz’ ‘windows’ ‘x11’
    dev.new() is the preferred way to open a new device, in the unlikely
    event one is needed.
Flavors: r-devel-linux-x86_64-fedora-clang, r-devel-linux-x86_64-fedora-gcc

Version: 0.5.1
Flags: --no-vignettes
Check: R code for possible problems
Result: NOTE
    Found an obsolete/platform-specific call in the following function:
     ‘render.animation’
    Found the platform-specific devices:
     ‘quartz’ ‘windows’ ‘x11’
    dev.new() is the preferred way to open a new device, in the unlikely
    event one is needed.
Flavors: r-patched-solaris-sparc, r-patched-solaris-x86

Version: 0.5.1
Check: re-building of vignette outputs
Result: NOTE
    Error in re-building vignettes:
     ...
    
    MDSJ is a free Java library for Multidimensional Scaling (MDS).
     It is a free, non-graphical, self-contained, lightweight implementation of basic MDS algorithms and intended to be used both as a standalone application and as a building block in Java based data analysis and visualization software.
    
     CITATION: Algorithmics Group. MDSJ: Java Library for Multidimensional Scaling (Version 0.2). Available at http://www.inf.uni-konstanz.de/algo/software/mdsj/. University of Konstanz, 2009.
    
     USE RESTRICTIONS: Creative Commons License 'by-nc-sa' 3.0.
    
    sh: ffmpeg: command not found
    Error in system(paste(ffmpeg, "-version"), intern = TRUE, ignore.stdout = .ani.env$check, :
     error in running command
    Warning in saveVideo(ani.replay(), video.name = "stergm.sim.1.mp4", other.opts = "-b 5000k", :
     The command "'ffmpeg'" is not available in your system. Please install FFmpeg first: http://ffmpeg.org/download.html
    Error in texi2dvi(file = file, pdf = TRUE, clean = clean, quiet = quiet, :
     Running 'texi2dvi' on 'ndtv.tex' failed.
    LaTeX errors:
    ! LaTeX Error: File `comment.sty' not found.
    
    Type X to quit or <RETURN> to proceed,
    or enter new name. (Default extension: sty)
    
    st/ndtv/vignettes/ndtv.tex:6: ==> Fatal error occurred, no output PDF file pro
    duced!
    Calls: buildVignettes -> texi2pdf -> texi2dvi
    Execution halted
Flavor: r-release-osx-x86_64-mavericks