CRAN Package Check Results for Package ndtv

Last updated on 2014-04-25 05:47:20.

Flavor Version Tinstall Tcheck Ttotal Status Flags
r-devel-linux-x86_64-debian-clang 0.5.1 1.18 276.66 277.83 NOTE
r-devel-linux-x86_64-debian-gcc 0.5.1 1.12 311.56 312.68 NOTE
r-devel-linux-x86_64-fedora-clang 0.5.1 350.35 NOTE --no-build-vignettes
r-devel-linux-x86_64-fedora-gcc 0.5.1 310.51 NOTE --no-build-vignettes
r-devel-osx-x86_64-clang 0.5.1 445.60 NOTE
r-devel-osx-x86_64-gcc 0.5.1 WARN
r-devel-windows-ix86+x86_64 0.5.1 5.00 70.00 75.00 OK --no-vignettes
r-patched-linux-x86_64 0.5.1 1.14 281.47 282.61 NOTE
r-patched-solaris-sparc 0.5.1 516.60 NOTE --no-vignettes
r-patched-solaris-x86 0.5.1 111.40 NOTE --no-vignettes
r-release-linux-ix86 0.5.1 2.00 471.00 473.00 NOTE
r-release-linux-x86_64 0.5.1 1.18 269.05 270.23 NOTE
r-release-osx-x86_64-mavericks 0.5.1 WARN
r-release-osx-x86_64-snowleopard 0.5.1 OK
r-release-windows-ix86+x86_64 0.5.1 5.00 72.00 77.00 OK --no-vignettes
r-oldrel-windows-ix86+x86_64 0.5.1 5.00 79.00 84.00 OK --no-vignettes

Check Details

Version: 0.5.1
Check: R code for possible problems
Result: NOTE
    Found an obsolete/platform-specific call in the following function:
     ‘render.animation’
    Found the platform-specific devices:
     ‘quartz’ ‘windows’ ‘x11’
    dev.new() is the preferred way to open a new device, in the unlikely
    event one is needed.
Flavors: r-devel-linux-x86_64-debian-clang, r-devel-linux-x86_64-debian-gcc, r-devel-osx-x86_64-clang, r-patched-linux-x86_64, r-release-linux-ix86, r-release-linux-x86_64

Version: 0.5.1
Flags: --no-build-vignettes
Check: R code for possible problems
Result: NOTE
    Found an obsolete/platform-specific call in the following function:
     ‘render.animation’
    Found the platform-specific devices:
     ‘quartz’ ‘windows’ ‘x11’
    dev.new() is the preferred way to open a new device, in the unlikely
    event one is needed.
Flavors: r-devel-linux-x86_64-fedora-clang, r-devel-linux-x86_64-fedora-gcc

Version: 0.5.1
Check: package dependencies
Result: NOTE
    Package suggested but not available for checking: ‘tergm’
Flavor: r-devel-osx-x86_64-gcc

Version: 0.5.1
Check: running R code from vignettes
Result: WARNING
    Errors in running code in vignettes:
    when running code in ‘ndtv.Rnw’
     ...
     there is no package called ‘tergm’
    
    > data("florentine")
    Warning in data("florentine") : data set ‘florentine’ not found
    
    > plot(flobusiness, displaylabels = TRUE)
    
     When sourcing ‘ndtv.R’:
    Error: object 'flobusiness' not found
    Execution halted
Flavor: r-devel-osx-x86_64-gcc

Version: 0.5.1
Check: re-building of vignette outputs
Result: NOTE
    Error in re-building vignettes:
     ...
    Attaching package: ‘sna’
    
    The following object is masked from ‘package:network’:
    
     %c%
    
    
    ndtv: version 0.5.1, created on 2014-01-27
    Copyright (c) 2014, Skye Bender-deMoll, University of Washington
     with contributions from
     Martina Morris, University of Washington
    Based on "statnet" project software (statnet.org).
    For license and citation information see statnet.org/attribution
    or type citation("ndtv").
    
    Loading required package: tergm
    Warning in library(package, lib.loc = lib.loc, character.only = TRUE, logical.return = TRUE, :
     there is no package called ‘tergm’
    Warning in data("florentine") : data set ‘florentine’ not found
    
    Error: processing vignette 'ndtv.Rnw' failed with diagnostics:
     chunk 6 (label = loading_data)
    Error in plot(flobusiness, displaylabels = TRUE) :
     object 'flobusiness' not found
    Execution halted
Flavor: r-devel-osx-x86_64-gcc

Version: 0.5.1
Flags: --no-vignettes
Check: R code for possible problems
Result: NOTE
    Found an obsolete/platform-specific call in the following function:
     ‘render.animation’
    Found the platform-specific devices:
     ‘quartz’ ‘windows’ ‘x11’
    dev.new() is the preferred way to open a new device, in the unlikely
    event one is needed.
Flavors: r-patched-solaris-sparc, r-patched-solaris-x86

Version: 0.5.1
Check: re-building of vignette outputs
Result: NOTE
    Error in re-building vignettes:
     ...
    
    MDSJ is a free Java library for Multidimensional Scaling (MDS).
     It is a free, non-graphical, self-contained, lightweight implementation of basic MDS algorithms and intended to be used both as a standalone application and as a building block in Java based data analysis and visualization software.
    
     CITATION: Algorithmics Group. MDSJ: Java Library for Multidimensional Scaling (Version 0.2). Available at http://www.inf.uni-konstanz.de/algo/software/mdsj/. University of Konstanz, 2009.
    
     USE RESTRICTIONS: Creative Commons License 'by-nc-sa' 3.0.
    
    sh: ffmpeg: command not found
    Error in system(paste(ffmpeg, "-version"), intern = TRUE, ignore.stdout = .ani.env$check, :
     error in running command
    Warning in saveVideo(ani.replay(), video.name = "stergm.sim.1.mp4", other.opts = "-b 5000k", :
     The command "'ffmpeg'" is not available in your system. Please install FFmpeg first: http://ffmpeg.org/download.html
    Error in texi2dvi(file = file, pdf = TRUE, clean = clean, quiet = quiet, :
     Running 'texi2dvi' on 'ndtv.tex' failed.
    LaTeX errors:
    ! LaTeX Error: File `comment.sty' not found.
    
    Type X to quit or <RETURN> to proceed,
    or enter new name. (Default extension: sty)
    
    st/ndtv/vignettes/ndtv.tex:6: ==> Fatal error occurred, no output PDF file pro
    duced!
    Calls: buildVignettes -> texi2pdf -> texi2dvi
    Execution halted
Flavor: r-release-osx-x86_64-mavericks

Version: 0.5.1
Check: PDF version of manual
Result: WARNING
    LaTeX errors when creating PDF version.
    This typically indicates Rd problems.
    LaTeX errors found:
    ! LaTeX Error: File `upquote.sty' not found.
    
    Type X to quit or <RETURN> to proceed,
    or enter new name. (Default extension: sty)
    
    808b3e9/Rd2.tex:8: ==> Fatal error occurred, no output PDF file produced!
Flavor: r-release-osx-x86_64-mavericks