CRAN Package Check Results for Package ndtv

Last updated on 2017-01-18 16:47:48.

Flavor Version Tinstall Tcheck Ttotal Status Flags
r-devel-linux-x86_64-debian-clang 0.10.0 1.39 309.81 311.20 OK
r-devel-linux-x86_64-debian-gcc 0.10.0 1.42 329.00 330.41 OK
r-devel-linux-x86_64-fedora-clang 0.10.0 615.58 OK --no-stop-on-test-error
r-devel-linux-x86_64-fedora-gcc 0.10.0 554.32 OK --no-stop-on-test-error
r-devel-macos-x86_64-clang 0.10.0 395.72 OK --no-stop-on-test-error
r-devel-windows-ix86+x86_64 0.10.0 7.00 209.00 216.00 OK --no-vignettes
r-patched-linux-x86_64 0.10.0 1.12 261.18 262.30 OK
r-patched-solaris-sparc 0.10.0 922.30 OK --no-vignettes
r-patched-solaris-x86 0.10.0 580.90 OK --no-build-vignettes
r-release-linux-x86_64 0.10.0 1.17 182.54 183.71 ERROR
r-release-osx-x86_64-mavericks 0.10.0 OK
r-release-windows-ix86+x86_64 0.10.0 5.00 211.00 216.00 OK --no-vignettes
r-oldrel-windows-ix86+x86_64 0.10.0 6.00 211.00 217.00 OK --no-vignettes

Check Details

Version: 0.10.0
Check: tests
Result: ERROR
    Running the tests in ‘tests/proximity.timeline_test.R’ failed.
    Last 13 lines of output:
     There were 18 warnings (use warnings() to see them)
     > # only check MDSJ if allready installed
     > has.mdsj<-ndtv:::check.mdsj(ask=FALSE)
     The MDSJ Java library does not appear to be installed. The ndtv package can use MDSJ to provide a fast accurate layout algorithm. It can be downloaded from http://algo.uni-konstanz.de/software/mdsj/
     installing MDSJ to directory /home/hornik/tmp/R.check/r-release-gcc/Work/build/Packages/ndtv/java/
     trying URL 'http://algo.uni-konstanz.de/software/mdsj/mdsj.jar'
     Error in download.file(url = mdsjURL, destfile = file.path(install.path, :
     cannot open URL 'http://algo.uni-konstanz.de/software/mdsj/mdsj.jar'
     Calls: <Anonymous> -> install.mdsj -> download.file
     In addition: Warning message:
     In download.file(url = mdsjURL, destfile = file.path(install.path, :
     cannot open URL 'http://algo.uni-konstanz.de/software/mdsj/mdsj.jar': HTTP status was '503 Service Temporarily Unavailable'
     Execution halted
Flavor: r-release-linux-x86_64

Version: 0.10.0
Check: re-building of vignette outputs
Result: WARN
    Error in re-building vignettes:
     ...
     Mark S. Handcock, University of California -- Los Angeles
     with contributions from
     David R. Hunter, Penn State University
     Steven M. Goodreau, University of Washington
     Martina Morris, University of Washington
     Nicole Bohme Carnegie, New York University
     Carter T. Butts, University of California -- Irvine
     Ayn Leslie-Cook, University of Washington
     Skye Bender-deMoll
     Li Wang
     Kirk Li, University of Washington
    Based on "statnet" project software (statnet.org).
    For license and citation information see statnet.org/attribution
    or type citation("tergm").
    
    installing MDSJ to directory /home/hornik/tmp/R.check/r-release-gcc/Work/build/Packages/ndtv/java/
    trying URL ‘http://algo.uni-konstanz.de/software/mdsj/mdsj.jar’
    Warning in download.file(url = mdsjURL, destfile = file.path(install.path, :
     cannot open URL 'http://algo.uni-konstanz.de/software/mdsj/mdsj.jar': HTTP status was '503 Service Temporarily Unavailable'
    
    Error: processing vignette ‘ndtv.Rnw’ failed with diagnostics:
     chunk 9 (label = mdsj_actual_download)
    Error in download.file(url = mdsjURL, destfile = file.path(install.path, :
     cannot open URL ‘http://algo.uni-konstanz.de/software/mdsj/mdsj.jar’
    Execution halted
Flavor: r-release-linux-x86_64