CRAN Package Check Results for Package ndtv

Last updated on 2016-05-01 20:47:28.

Flavor Version Tinstall Tcheck Ttotal Status Flags
r-devel-linux-x86_64-debian-gcc 0.9.0 1.20 238.66 239.86 OK
r-devel-linux-x86_64-fedora-clang 0.9.0 419.22 ERROR
r-devel-linux-x86_64-fedora-gcc 0.9.0 381.56 ERROR
r-devel-osx-x86_64-clang 0.9.0 545.03 OK
r-devel-windows-ix86+x86_64 0.9.0 5.00 141.00 146.00 OK --no-vignettes
r-patched-linux-x86_64 0.9.0 1.14 237.23 238.37 OK
r-patched-solaris-sparc 0.9.0 545.60 ERROR --no-vignettes
r-patched-solaris-x86 0.9.0 557.40 ERROR --no-build-vignettes
r-release-linux-x86_64 0.9.0 1.29 450.02 451.31 OK
r-release-osx-x86_64-mavericks 0.9.0 OK
r-release-windows-ix86+x86_64 0.9.0 11.00 165.00 176.00 OK --no-vignettes
r-oldrel-windows-ix86+x86_64 0.9.0 14.00 143.00 157.00 OK --no-vignettes

Check Details

Version: 0.9.0
Check: tests
Result: ERROR
    Running the tests in ‘tests/layout_tests.R’ failed.
    Last 13 lines of output:
     -m[v] - Memory test - v iterations.
    
     -c - Configure plugins (Writes $prefix/lib/graphviz/config
     with available plugin information. Needs write privilege.)
     -? - Print usage and exit
     character(0)
     attr(,"status")
     [1] 1
     Error: error$message does not match "Error".
     Actual value: "Unable to parse coordinates returned from Graphviz"
     In addition: Warning message:
     running command 'neato -Tplain -Xhelloworld /tmp/RtmpndfCj2/network37b07446d48d.dot' had status 1
     Execution halted
Flavor: r-devel-linux-x86_64-fedora-clang

Version: 0.9.0
Check: tests
Result: ERROR
    Running the tests in ‘tests/layout_tests.R’ failed.
    Last 13 lines of output:
     -m[v] - Memory test - v iterations.
    
     -c - Configure plugins (Writes $prefix/lib/graphviz/config
     with available plugin information. Needs write privilege.)
     -? - Print usage and exit
     character(0)
     attr(,"status")
     [1] 1
     Error: error$message does not match "Error".
     Actual value: "Unable to parse coordinates returned from Graphviz"
     In addition: Warning message:
     running command 'neato -Tplain -Xhelloworld /tmp/RtmpPjHGKO/network306e1149200d.dot' had status 1
     Execution halted
Flavor: r-devel-linux-x86_64-fedora-gcc

Version: 0.9.0
Flags: --no-vignettes
Check: tests
Result: ERROR
    Running the tests in ‘tests/layout_tests.R’ failed.
    Last 13 lines of output:
     -c - Configure plugins (Writes $prefix/lib/graphviz/config
     with available plugin information. Needs write privilege.)
     -? - Print usage and exit
     character(0)
     attr(,"status")
     [1] 1
     attr(,"errmsg")
     [1] "Illegal seek"
     Error: error$message does not match "Error".
     Actual value: "Unable to parse coordinates returned from Graphviz"
     In addition: Warning message:
     running command 'neato -Tplain -Xhelloworld /tmp/RtmpLuaWB4/network70de570538e.dot' had status 1 and error message 'Illegal seek'
     Execution halted
Flavor: r-patched-solaris-sparc

Version: 0.9.0
Flags: --no-build-vignettes
Check: tests
Result: ERROR
    Running the tests in ‘tests/layout_tests.R’ failed.
    Last 13 lines of output:
     -c - Configure plugins (Writes $prefix/lib/graphviz/config
     with available plugin information. Needs write privilege.)
     -? - Print usage and exit
     character(0)
     attr(,"status")
     [1] 1
     attr(,"errmsg")
     [1] "Illegal seek"
     Error: error$message does not match "Error".
     Actual value: "Unable to parse coordinates returned from Graphviz"
     In addition: Warning message:
     running command 'neato -Tplain -Xhelloworld /tmp/RtmpbOaihM/network4c394aa072fb.dot' had status 1 and error message 'Illegal seek'
     Execution halted
Flavor: r-patched-solaris-x86