CRAN Package Check Results for Package ndtv

Last updated on 2017-07-24 05:50:22.

Flavor Version Tinstall Tcheck Ttotal Status Flags
r-devel-linux-x86_64-debian-clang 0.10.0 1.36 307.62 308.98 OK
r-devel-linux-x86_64-debian-gcc 0.10.0 1.39 286.32 287.71 OK
r-devel-linux-x86_64-fedora-clang 0.10.0 568.39 OK
r-devel-linux-x86_64-fedora-gcc 0.10.0 540.10 OK
r-devel-windows-ix86+x86_64 0.10.0 10.00 207.00 217.00 OK --no-vignettes
r-patched-linux-x86_64 0.10.0 1.46 282.69 284.15 OK
r-patched-solaris-x86 0.10.0 711.40 OK --no-build-vignettes
r-release-linux-x86_64 0.10.0 1.40 339.24 340.64 OK
r-release-windows-ix86+x86_64 0.10.0 5.00 240.00 245.00 OK --no-vignettes
r-release-osx-x86_64 0.10.0 NOTE
r-oldrel-windows-ix86+x86_64 0.10.0 5.00 225.00 230.00 OK --no-vignettes
r-oldrel-osx-x86_64 0.10.0 OK

Check Details

Version: 0.10.0
Check: re-building of vignette outputs
Result: NOTE
    Error in re-building vignettes:
     ...
     computing positions for slice 4
     computing positions for slice 5
     computing positions for slice 6
     computing positions for slice 7
     computing positions for slice 8
     computing positions for slice 9
     computing positions for slice 10
     computing positions for slice 11
    rendering splines for each vertex ...
    Error in texi2dvi(file = file, pdf = TRUE, clean = clean, quiet = quiet, :
     Running 'texi2dvi' on 'ndtv.tex' failed.
    LaTeX errors:
    ! LaTeX Error: File `comment.sty' not found.
    
    Type X to quit or <RETURN> to proceed,
    or enter new name. (Default extension: sty)
    
    ! Emergency stop.
    <read *>
    
    l.6 \usepackage
     {color}^^M
    ! ==> Fatal error occurred, no output PDF file produced!
    Calls: buildVignettes -> texi2pdf -> texi2dvi
    Execution halted
Flavor: r-release-osx-x86_64