CRAN Package Check Results for Package ndtv

Last updated on 2015-05-30 03:48:51.

Flavor Version Tinstall Tcheck Ttotal Status Flags
r-devel-linux-x86_64-debian-clang 0.6.1 1.06 765.41 766.47 NOTE
r-devel-linux-x86_64-debian-gcc 0.6.1 1.01 409.18 410.18 NOTE
r-devel-linux-x86_64-fedora-clang 0.6.1 484.65 NOTE --no-build-vignettes
r-devel-linux-x86_64-fedora-gcc 0.6.1 449.04 NOTE --no-build-vignettes
r-devel-osx-x86_64-clang 0.6.1 551.89 NOTE
r-devel-windows-ix86+x86_64 0.6.1 5.00 710.00 715.00 OK
r-patched-linux-x86_64 0.6.1 1.46 369.43 370.89 NOTE
r-patched-solaris-sparc 0.6.1 814.60 NOTE --no-vignettes
r-patched-solaris-x86 0.6.1 1186.80 NOTE --no-build-vignettes
r-release-linux-x86_64 0.6.1 1.15 393.52 394.67 NOTE
r-release-osx-x86_64-mavericks 0.6.1 OK
r-release-osx-x86_64-snowleopard 0.6.1 OK
r-release-windows-ix86+x86_64 0.6.1 6.00 629.00 635.00 OK
r-oldrel-windows-ix86+x86_64 0.6.1 6.00 559.00 565.00 OK

Check Details

Version: 0.6.1
Check: R code for possible problems
Result: NOTE
    Found an obsolete/platform-specific call in the following function:
     ‘render.animation’
    Found the platform-specific devices:
     ‘quartz’ ‘windows’ ‘x11’
    dev.new() is the preferred way to open a new device, in the unlikely
    event one is needed.
Flavors: r-devel-linux-x86_64-debian-clang, r-devel-linux-x86_64-debian-gcc, r-devel-osx-x86_64-clang, r-patched-linux-x86_64, r-release-linux-x86_64

Version: 0.6.1
Flags: --no-build-vignettes
Check: R code for possible problems
Result: NOTE
    Found an obsolete/platform-specific call in the following function:
     ‘render.animation’
    Found the platform-specific devices:
     ‘quartz’ ‘windows’ ‘x11’
    dev.new() is the preferred way to open a new device, in the unlikely
    event one is needed.
Flavors: r-devel-linux-x86_64-fedora-clang, r-devel-linux-x86_64-fedora-gcc, r-patched-solaris-x86

Version: 0.6.1
Flags: --no-vignettes
Check: R code for possible problems
Result: NOTE
    Found an obsolete/platform-specific call in the following function:
     ‘render.animation’
    Found the platform-specific devices:
     ‘quartz’ ‘windows’ ‘x11’
    dev.new() is the preferred way to open a new device, in the unlikely
    event one is needed.
Flavor: r-patched-solaris-sparc