CRAN Package Check Results for Package neatmaps

Last updated on 2020-09-23 15:28:08 CEST.

Flavor Version Tinstall Tcheck Ttotal Status Flags
r-devel-linux-x86_64-debian-clang 2.1.0 9.52 81.82 91.34 OK
r-devel-linux-x86_64-debian-gcc 2.1.0 7.92 61.30 69.22 OK
r-devel-linux-x86_64-fedora-clang 2.1.0 118.31 NOTE
r-devel-linux-x86_64-fedora-gcc 2.1.0 116.84 OK
r-devel-windows-ix86+x86_64 2.1.0 22.00 107.00 129.00 NOTE
r-patched-linux-x86_64 2.1.0 5.58 75.04 80.62 OK
r-patched-solaris-x86 2.1.0 146.30 NOTE
r-release-linux-x86_64 2.1.0 5.84 76.03 81.87 OK
r-release-macos-x86_64 2.1.0 ERROR
r-release-windows-ix86+x86_64 2.1.0 22.00 107.00 129.00 NOTE
r-oldrel-macos-x86_64 2.1.0 ERROR
r-oldrel-windows-ix86+x86_64 2.1.0 12.00 104.00 116.00 NOTE

Check Details

Version: 2.1.0
Check: installed package size
Result: NOTE
     installed size is 6.3Mb
Flavors: r-devel-linux-x86_64-fedora-clang, r-devel-windows-ix86+x86_64, r-patched-solaris-x86, r-release-windows-ix86+x86_64, r-oldrel-windows-ix86+x86_64

Version: 2.1.0
Check: package dependencies
Result: ERROR
    Package required but not available: ‘ConsensusClusterPlus’
    
    See section ‘The DESCRIPTION file’ in the ‘Writing R Extensions’
    manual.
Flavors: r-release-macos-x86_64, r-oldrel-macos-x86_64