CRAN Package Check Results for Package neatmaps

Last updated on 2020-02-18 06:47:37 CET.

Flavor Version Tinstall Tcheck Ttotal Status Flags
r-devel-linux-x86_64-debian-clang 2.1.0 8.47 87.83 96.30 OK
r-devel-linux-x86_64-debian-gcc 2.1.0 7.71 67.45 75.16 OK
r-devel-linux-x86_64-fedora-clang 2.1.0 109.62 NOTE
r-devel-linux-x86_64-fedora-gcc 2.1.0 106.07 OK
r-devel-windows-ix86+x86_64 2.1.0 23.00 97.00 120.00 NOTE
r-devel-windows-ix86+x86_64-gcc8 2.1.0 36.00 140.00 176.00 NOTE
r-patched-linux-x86_64 2.1.0 7.61 73.98 81.59 OK
r-patched-solaris-x86 2.1.0 143.00 NOTE
r-release-linux-x86_64 2.1.0 6.32 77.99 84.31 OK
r-release-windows-ix86+x86_64 2.1.0 25.00 92.00 117.00 NOTE
r-release-osx-x86_64 2.1.0 ERROR
r-oldrel-windows-ix86+x86_64 2.1.0 10.00 87.00 97.00 NOTE
r-oldrel-osx-x86_64 2.1.0 ERROR

Check Details

Version: 2.1.0
Check: installed package size
Result: NOTE
     installed size is 6.3Mb
Flavors: r-devel-linux-x86_64-fedora-clang, r-devel-windows-ix86+x86_64, r-devel-windows-ix86+x86_64-gcc8, r-patched-solaris-x86, r-release-windows-ix86+x86_64, r-oldrel-windows-ix86+x86_64

Version: 2.1.0
Check: package dependencies
Result: ERROR
    Package required but not available: ‘ConsensusClusterPlus’
    
    See section ‘The DESCRIPTION file’ in the ‘Writing R Extensions’
    manual.
Flavors: r-release-osx-x86_64, r-oldrel-osx-x86_64