CRAN Package Check Results for Package neighbr

Last updated on 2022-01-26 09:49:47 CET.

Flavor Version Tinstall Tcheck Ttotal Status Flags
r-devel-linux-x86_64-debian-clang 1.0.3 2.49 42.20 44.69 NOTE
r-devel-linux-x86_64-debian-gcc 1.0.3 1.50 32.41 33.91 NOTE
r-devel-linux-x86_64-fedora-clang 1.0.3 56.18 NOTE
r-devel-linux-x86_64-fedora-gcc 1.0.3 43.71 NOTE
r-devel-windows-x86_64-new-UL 1.0.3 25.00 62.00 87.00 NOTE
r-devel-windows-x86_64-new-TK 1.0.3 NOTE
r-patched-linux-x86_64 1.0.3 1.68 39.73 41.41 NOTE
r-release-linux-x86_64 1.0.3 1.85 40.40 42.25 NOTE
r-release-macos-arm64 1.0.3 NOTE
r-release-macos-x86_64 1.0.3 NOTE
r-release-windows-ix86+x86_64 1.0.3 5.00 53.00 58.00 NOTE
r-oldrel-macos-x86_64 1.0.3 OK
r-oldrel-windows-ix86+x86_64 1.0.3 5.00 52.00 57.00 OK

Check Details

Version: 1.0.3
Check: LazyData
Result: NOTE
     'LazyData' is specified without a 'data' directory
Flavors: r-devel-linux-x86_64-debian-clang, r-devel-linux-x86_64-debian-gcc, r-devel-linux-x86_64-fedora-clang, r-devel-linux-x86_64-fedora-gcc, r-devel-windows-x86_64-new-UL, r-devel-windows-x86_64-new-TK, r-patched-linux-x86_64, r-release-linux-x86_64, r-release-macos-arm64, r-release-macos-x86_64, r-release-windows-ix86+x86_64