CRAN Package Check Results for Package neldermead

Last updated on 2016-08-24 02:48:33.

Flavor Version Tinstall Tcheck Ttotal Status Flags
r-devel-linux-x86_64-debian-clang 1.0-10 2.92 47.19 50.11 NOTE
r-devel-linux-x86_64-debian-gcc 1.0-10 3.15 46.90 50.05 NOTE
r-devel-linux-x86_64-fedora-clang 1.0-10 96.63 NOTE
r-devel-linux-x86_64-fedora-gcc 1.0-10 91.09 NOTE
r-devel-osx-x86_64-clang 1.0-10 74.04 NOTE
r-devel-windows-ix86+x86_64 1.0-10 12.00 105.00 117.00 NOTE
r-patched-linux-x86_64 1.0-10 2.82 45.73 48.55 NOTE
r-patched-solaris-sparc 1.0-10 533.70 NOTE
r-patched-solaris-x86 1.0-10 124.40 NOTE
r-release-linux-x86_64 1.0-10 2.94 46.45 49.38 NOTE
r-release-osx-x86_64-mavericks 1.0-10 NOTE
r-release-windows-ix86+x86_64 1.0-10 10.00 106.00 116.00 NOTE
r-oldrel-windows-ix86+x86_64 1.0-10 12.00 82.00 94.00 OK

Check Details

Version: 1.0-10
Check: R code for possible problems
Result: NOTE
    print.neldermead: no visible global function definition for ‘str’
    Undefined global functions or variables:
     str
    Consider adding
     importFrom("utils", "str")
    to your NAMESPACE file.
Flavors: r-devel-linux-x86_64-debian-clang, r-devel-linux-x86_64-debian-gcc, r-devel-linux-x86_64-fedora-clang, r-devel-linux-x86_64-fedora-gcc, r-devel-osx-x86_64-clang, r-devel-windows-ix86+x86_64, r-patched-linux-x86_64, r-patched-solaris-sparc, r-patched-solaris-x86, r-release-linux-x86_64, r-release-osx-x86_64-mavericks, r-release-windows-ix86+x86_64