CRAN Package Check Results for Package neldermead

Last updated on 2016-07-23 21:49:53.

Flavor Version Tinstall Tcheck Ttotal Status Flags
r-devel-linux-x86_64-debian-clang 1.0-10 4.21 54.32 58.54 NOTE
r-devel-linux-x86_64-debian-gcc 1.0-10 3.91 55.02 58.93 NOTE
r-devel-linux-x86_64-fedora-clang 1.0-10 96.44 NOTE
r-devel-linux-x86_64-fedora-gcc 1.0-10 92.73 NOTE
r-devel-osx-x86_64-clang 1.0-10 74.72 NOTE
r-devel-windows-ix86+x86_64 1.0-10 10.00 110.00 120.00 NOTE
r-patched-linux-x86_64 1.0-10 3.14 52.34 55.48 NOTE
r-patched-solaris-sparc 1.0-10 533.70 NOTE
r-patched-solaris-x86 1.0-10 125.70 NOTE
r-release-linux-x86_64 1.0-10 3.55 51.66 55.21 NOTE
r-release-osx-x86_64-mavericks 1.0-10 NOTE
r-release-windows-ix86+x86_64 1.0-10 8.00 107.00 115.00 NOTE
r-oldrel-windows-ix86+x86_64 1.0-10 11.00 89.00 100.00 OK

Check Details

Version: 1.0-10
Check: R code for possible problems
Result: NOTE
    print.neldermead: no visible global function definition for ‘str’
    Undefined global functions or variables:
     str
    Consider adding
     importFrom("utils", "str")
    to your NAMESPACE file.
Flavors: r-devel-linux-x86_64-debian-clang, r-devel-linux-x86_64-debian-gcc, r-devel-linux-x86_64-fedora-clang, r-devel-linux-x86_64-fedora-gcc, r-devel-osx-x86_64-clang, r-devel-windows-ix86+x86_64, r-patched-linux-x86_64, r-patched-solaris-sparc, r-patched-solaris-x86, r-release-linux-x86_64, r-release-osx-x86_64-mavericks, r-release-windows-ix86+x86_64