CRAN Package Check Results for Package neldermead

Last updated on 2016-04-30 15:47:05.

Flavor Version Tinstall Tcheck Ttotal Status Flags
r-devel-linux-x86_64-debian-gcc 1.0-10 2.82 45.54 48.35 NOTE
r-devel-linux-x86_64-fedora-clang 1.0-10 93.90 NOTE
r-devel-linux-x86_64-fedora-gcc 1.0-10 90.06 NOTE
r-devel-osx-x86_64-clang 1.0-10 97.52 NOTE
r-devel-windows-ix86+x86_64 1.0-10 8.00 84.00 92.00 NOTE
r-patched-linux-x86_64 1.0-10 2.95 46.17 49.11 NOTE
r-patched-solaris-sparc 1.0-10 531.20 NOTE
r-patched-solaris-x86 1.0-10 126.50 NOTE
r-release-linux-x86_64 1.0-10 3.30 52.45 55.74 OK
r-release-osx-x86_64-mavericks 1.0-10 OK
r-release-windows-ix86+x86_64 1.0-10 8.00 91.00 99.00 OK
r-oldrel-windows-ix86+x86_64 1.0-10 14.00 96.00 110.00 OK

Check Details

Version: 1.0-10
Check: R code for possible problems
Result: NOTE
    print.neldermead: no visible global function definition for ‘str’
    Undefined global functions or variables:
     str
    Consider adding
     importFrom("utils", "str")
    to your NAMESPACE file.
Flavors: r-devel-linux-x86_64-debian-gcc, r-devel-linux-x86_64-fedora-clang, r-devel-linux-x86_64-fedora-gcc, r-devel-osx-x86_64-clang, r-devel-windows-ix86+x86_64, r-patched-linux-x86_64, r-patched-solaris-sparc, r-patched-solaris-x86