CRAN Package Check Results for Package neldermead

Last updated on 2018-02-22 16:47:51 CET.

Flavor Version Tinstall Tcheck Ttotal Status Flags
r-devel-linux-x86_64-debian-clang 1.0-11 4.80 65.02 69.82 OK
r-devel-linux-x86_64-debian-gcc 1.0-11 4.69 57.55 62.24 OK
r-devel-linux-x86_64-fedora-clang 1.0-11 98.39 OK
r-devel-linux-x86_64-fedora-gcc 1.0-11 94.14 OK
r-devel-windows-ix86+x86_64 1.0-11 13.00 82.00 95.00 OK
r-patched-linux-x86_64 1.0-11 4.21 76.93 81.14 OK
r-patched-solaris-x86 1.0-11 134.90 OK
r-release-linux-x86_64 1.0-11 3.57 76.51 80.08 OK
r-release-windows-ix86+x86_64 1.0-11 11.00 81.00 92.00 OK
r-release-osx-x86_64 1.0-11 OK
r-oldrel-windows-ix86+x86_64 1.0-11 7.00 111.00 118.00 OK
r-oldrel-osx-x86_64 1.0-10 NOTE

Check Details

Version: 1.0-10
Check: R code for possible problems
Result: NOTE
    print.neldermead: no visible global function definition for ‘str’
    Undefined global functions or variables:
     str
    Consider adding
     importFrom("utils", "str")
    to your NAMESPACE file.
Flavor: r-oldrel-osx-x86_64