CRAN Package Check Results for Package neldermead

Last updated on 2014-10-24 11:47:20.

Flavor Version Tinstall Tcheck Ttotal Status Flags
r-devel-linux-x86_64-debian-clang 1.0-9 3.66 59.99 63.65 OK
r-devel-linux-x86_64-debian-gcc 1.0-9 3.78 56.74 60.52 OK
r-devel-linux-x86_64-fedora-clang 1.0-9 147.51 OK
r-devel-linux-x86_64-fedora-gcc 1.0-9 136.93 OK
r-devel-osx-x86_64-clang 1.0-9 116.84 OK
r-devel-windows-ix86+x86_64 1.0-9 9.00 82.00 91.00 OK
r-patched-linux-x86_64 1.0-9 3.81 60.88 64.70 OK
r-patched-solaris-sparc 1.0-9 752.50 OK
r-patched-solaris-x86 1.0-9 185.40 OK
r-release-linux-ix86 1.0-9 4.64 71.89 76.52 OK
r-release-linux-x86_64 1.0-9 3.90 60.68 64.57 OK
r-release-osx-x86_64-mavericks 1.0-9 NOTE
r-release-osx-x86_64-snowleopard 1.0-9 OK
r-release-windows-ix86+x86_64 1.0-9 9.00 93.00 102.00 OK
r-oldrel-windows-ix86+x86_64 1.0-9 9.00 85.00 94.00 OK

Check Details

Version: 1.0-9
Check: re-building of vignette outputs
Result: NOTE
    Error in re-building vignettes:
     ...
    Loading required package: neldermead
    Loading required package: optimbase
    Loading required package: Matrix
    Loading required package: optimsimplex
    Error in texi2dvi(file = file, pdf = TRUE, clean = clean, quiet = quiet, :
     Running 'texi2dvi' on 'neldermead_manual.tex' failed.
    LaTeX errors:
    ! LaTeX Error: File `ucs.sty' not found.
    
    Type X to quit or <RETURN> to proceed,
    or enter new name. (Default extension: sty)
    
    ign_test/neldermead/vignettes/neldermead_manual.tex:10: ==> Fatal error occurr
    ed, no output PDF file produced!
    Calls: buildVignettes -> texi2pdf -> texi2dvi
    Execution halted
Flavor: r-release-osx-x86_64-mavericks