CRAN Package Check Results for Package neldermead

Last updated on 2017-02-23 05:49:13.

Flavor Version Tinstall Tcheck Ttotal Status Flags
r-devel-linux-x86_64-debian-clang 1.0-10 2.74 48.74 51.48 NOTE
r-devel-linux-x86_64-debian-gcc 1.0-10 3.04 48.76 51.80 NOTE
r-devel-linux-x86_64-fedora-clang 1.0-10 118.35 NOTE --no-stop-on-test-error
r-devel-linux-x86_64-fedora-gcc 1.0-10 108.67 NOTE --no-stop-on-test-error
r-devel-macos-x86_64-clang 1.0-10 84.45 NOTE --no-stop-on-test-error
r-devel-windows-ix86+x86_64 1.0-10 12.00 168.00 180.00 NOTE
r-patched-linux-x86_64 1.0-10 2.74 43.10 45.84 NOTE
r-patched-solaris-sparc 1.0-10 527.20 NOTE
r-patched-solaris-x86 1.0-10 120.30 NOTE
r-release-linux-x86_64 1.0-10 2.63 43.51 46.14 NOTE
r-release-osx-x86_64-mavericks 1.0-10 NOTE
r-release-windows-ix86+x86_64 1.0-10 10.00 153.00 163.00 NOTE
r-oldrel-windows-ix86+x86_64 1.0-10 10.00 111.00 121.00 OK

Check Details

Version: 1.0-10
Check: R code for possible problems
Result: NOTE
    print.neldermead: no visible global function definition for ‘str’
    Undefined global functions or variables:
     str
    Consider adding
     importFrom("utils", "str")
    to your NAMESPACE file.
Flavors: r-devel-linux-x86_64-debian-clang, r-devel-linux-x86_64-debian-gcc, r-devel-windows-ix86+x86_64, r-patched-linux-x86_64, r-patched-solaris-sparc, r-patched-solaris-x86, r-release-linux-x86_64, r-release-osx-x86_64-mavericks, r-release-windows-ix86+x86_64

Version: 1.0-10
Flags: --no-stop-on-test-error
Check: R code for possible problems
Result: NOTE
    print.neldermead: no visible global function definition for ‘str’
    Undefined global functions or variables:
     str
    Consider adding
     importFrom("utils", "str")
    to your NAMESPACE file.
Flavors: r-devel-linux-x86_64-fedora-clang, r-devel-linux-x86_64-fedora-gcc, r-devel-macos-x86_64-clang