CRAN Package Check Results for Package neldermead

Last updated on 2016-02-06 22:47:10.

Flavor Version Tinstall Tcheck Ttotal Status Flags
r-devel-linux-x86_64-debian-gcc 1.0-10 2.84 43.85 46.70 NOTE
r-devel-linux-x86_64-fedora-clang 1.0-10 94.55 NOTE
r-devel-linux-x86_64-fedora-gcc 1.0-10 88.18 NOTE
r-devel-osx-x86_64-clang 1.0-10 96.31 NOTE
r-devel-windows-ix86+x86_64 1.0-10 12.00 75.00 87.00 NOTE
r-patched-linux-x86_64 1.0-10 3.13 50.14 53.26 OK
r-patched-solaris-sparc 1.0-10 598.40 OK
r-patched-solaris-x86 1.0-10 135.60 OK
r-release-linux-x86_64 1.0-10 3.30 49.44 52.75 OK
r-release-osx-x86_64-mavericks 1.0-10 OK
r-release-windows-ix86+x86_64 1.0-10 9.00 121.00 130.00 OK
r-oldrel-windows-ix86+x86_64 1.0-10 14.00 110.00 124.00 OK

Check Details

Version: 1.0-10
Check: R code for possible problems
Result: NOTE
    print.neldermead: no visible global function definition for ‘str’
    Undefined global functions or variables:
     str
    Consider adding
     importFrom("utils", "str")
    to your NAMESPACE file.
Flavors: r-devel-linux-x86_64-debian-gcc, r-devel-linux-x86_64-fedora-clang, r-devel-osx-x86_64-clang

Version: 1.0-10
Check: R code for possible problems
Result: NOTE
    print.neldermead: no visible global function definition for ‘str’
    Undefined global functions or variables:
     str
    Consider adding
     importFrom("utils", "str")
    to your NAMESPACE.
Flavors: r-devel-linux-x86_64-fedora-gcc, r-devel-windows-ix86+x86_64