CRAN Package Check Results for Package neldermead

Last updated on 2015-08-29 06:47:46.

Flavor Version Tinstall Tcheck Ttotal Status Flags
r-devel-linux-x86_64-debian-clang 1.0-10 2.82 48.02 50.84 NOTE
r-devel-linux-x86_64-debian-gcc 1.0-10 2.84 46.69 49.53 NOTE
r-devel-linux-x86_64-fedora-clang 1.0-10 109.34 NOTE
r-devel-linux-x86_64-fedora-gcc 1.0-10 103.80 NOTE
r-devel-osx-x86_64-clang 1.0-10 85.54 OK
r-devel-windows-ix86+x86_64 1.0-10 10.00 83.00 93.00 NOTE
r-patched-linux-x86_64 1.0-10 2.96 49.87 52.83 OK
r-patched-solaris-sparc 1.0-10 634.50 OK
r-patched-solaris-x86 1.0-10 144.50 OK
r-release-linux-x86_64 1.0-10 3.01 48.48 51.49 OK
r-release-osx-x86_64-mavericks 1.0-10 OK
r-release-windows-ix86+x86_64 1.0-10 11.00 88.00 99.00 OK
r-oldrel-windows-ix86+x86_64 1.0-10 15.00 100.00 115.00 OK

Check Details

Version: 1.0-10
Check: R code for possible problems
Result: NOTE
    print.neldermead: no visible global function definition for ‘str’
    Undefined global functions or variables:
     str
    Consider adding
     importFrom("utils", "str")
    to your NAMESPACE.
Flavors: r-devel-linux-x86_64-debian-clang, r-devel-linux-x86_64-debian-gcc, r-devel-linux-x86_64-fedora-clang, r-devel-linux-x86_64-fedora-gcc, r-devel-windows-ix86+x86_64