CRAN Package Check Results for Package neldermead

Last updated on 2015-07-29 12:47:31.

Flavor Version Tinstall Tcheck Ttotal Status Flags
r-devel-linux-x86_64-debian-clang 1.0-10 3.02 49.53 52.55 NOTE
r-devel-linux-x86_64-debian-gcc 1.0-10 2.96 48.85 51.82 NOTE
r-devel-linux-x86_64-fedora-clang 1.0-10 111.01 NOTE
r-devel-linux-x86_64-fedora-gcc 1.0-10 104.39 NOTE
r-devel-osx-x86_64-clang 1.0-10 78.34 OK
r-devel-windows-ix86+x86_64 1.0-10 8.00 115.00 123.00 NOTE
r-patched-linux-x86_64 1.0-10 2.98 49.77 52.76 OK
r-patched-solaris-sparc 1.0-10 634.50 OK
r-patched-solaris-x86 1.0-10 142.50 OK
r-release-linux-x86_64 1.0-10 2.98 48.46 51.44 OK
r-release-osx-x86_64-mavericks 1.0-10 OK
r-release-windows-ix86+x86_64 1.0-10 12.00 107.00 119.00 OK
r-oldrel-windows-ix86+x86_64 1.0-10 11.00 96.00 107.00 OK

Check Details

Version: 1.0-10
Check: R code for possible problems
Result: NOTE
    print.neldermead: no visible global function definition for ‘str’
    Undefined global functions or variables:
     str
    Consider adding
     importFrom("utils", "str")
    to your NAMESPACE.
Flavors: r-devel-linux-x86_64-debian-clang, r-devel-linux-x86_64-debian-gcc, r-devel-linux-x86_64-fedora-clang, r-devel-linux-x86_64-fedora-gcc, r-devel-windows-ix86+x86_64