CRAN Package Check Results for Package neldermead

Last updated on 2017-09-25 16:47:06.

Flavor Version Tinstall Tcheck Ttotal Status Flags
r-devel-linux-x86_64-debian-clang 1.0-10 2.68 49.57 52.25 NOTE
r-devel-linux-x86_64-debian-gcc 1.0-10 2.66 48.16 50.82 NOTE
r-devel-linux-x86_64-fedora-clang 1.0-10 114.77 NOTE
r-devel-linux-x86_64-fedora-gcc 1.0-10 109.63 NOTE
r-devel-windows-ix86+x86_64 1.0-10 7.00 87.00 94.00 NOTE
r-patched-linux-x86_64 1.0-10 2.81 49.76 52.57 NOTE
r-patched-solaris-x86 1.0-10 138.20 NOTE
r-release-linux-x86_64 1.0-10 2.72 49.39 52.10 NOTE
r-release-windows-ix86+x86_64 1.0-10 8.00 120.00 128.00 NOTE
r-release-osx-x86_64 1.0-10 NOTE
r-oldrel-windows-ix86+x86_64 1.0-10 9.00 82.00 91.00 NOTE
r-oldrel-osx-x86_64 1.0-10 NOTE

Check Details

Version: 1.0-10
Check: R code for possible problems
Result: NOTE
    print.neldermead: no visible global function definition for ‘str’
    Undefined global functions or variables:
     str
    Consider adding
     importFrom("utils", "str")
    to your NAMESPACE file.
Flavors: r-devel-linux-x86_64-debian-clang, r-devel-linux-x86_64-debian-gcc, r-devel-linux-x86_64-fedora-clang, r-devel-linux-x86_64-fedora-gcc, r-devel-windows-ix86+x86_64, r-patched-linux-x86_64, r-patched-solaris-x86, r-release-linux-x86_64, r-release-windows-ix86+x86_64, r-release-osx-x86_64, r-oldrel-windows-ix86+x86_64, r-oldrel-osx-x86_64

Version: 1.0-10
Check: re-building of vignette outputs
Result: NOTE
    Error in re-building vignettes:
     ...
    Loading required package: neldermead
    Loading required package: optimbase
    Loading required package: Matrix
    Loading required package: optimsimplex
    Error in texi2dvi(file = file, pdf = TRUE, clean = clean, quiet = quiet, :
     Running 'texi2dvi' on 'neldermead_manual.tex' failed.
    LaTeX errors:
    ! LaTeX Error: File `ucs.sty' not found.
    
    Type X to quit or <RETURN> to proceed,
    or enter new name. (Default extension: sty)
    
    ! Emergency stop.
    <read *>
    
    l.10 \usepackage
     [latin1]{inputenc}^^M
    ! ==> Fatal error occurred, no output PDF file produced!
    Calls: buildVignettes -> texi2pdf -> texi2dvi
    Execution halted
Flavor: r-release-osx-x86_64