CRAN Package Check Results for Package neldermead

Last updated on 2014-09-01 21:48:55.

Flavor Version Tinstall Tcheck Ttotal Status Flags
r-devel-linux-x86_64-debian-clang 1.0-9 3.72 56.16 59.88 OK
r-devel-linux-x86_64-debian-gcc 1.0-9 3.54 54.64 58.17 OK
r-devel-linux-x86_64-fedora-clang 1.0-9 146.82 OK
r-devel-linux-x86_64-fedora-gcc 1.0-9 139.47 OK
r-devel-osx-x86_64-clang 1.0-9 112.60 OK
r-devel-windows-ix86+x86_64 1.0-9 9.00 81.00 90.00 OK
r-patched-linux-x86_64 1.0-9 3.77 58.11 61.88 OK
r-patched-solaris-sparc 1.0-9 752.50 OK
r-patched-solaris-x86 1.0-9 190.70 OK
r-release-linux-ix86 1.0-9 4.61 70.97 75.58 OK
r-release-linux-x86_64 1.0-9 3.93 58.90 62.83 OK
r-release-osx-x86_64-mavericks 1.0-9 NOTE
r-release-osx-x86_64-snowleopard 1.0-9 OK
r-release-windows-ix86+x86_64 1.0-9 9.00 129.00 138.00 OK
r-oldrel-windows-ix86+x86_64 1.0-9 9.00 83.00 92.00 OK

Check Details

Version: 1.0-9
Check: re-building of vignette outputs
Result: NOTE
    Error in re-building vignettes:
     ...
    Loading required package: neldermead
    Loading required package: optimbase
    Loading required package: Matrix
    Loading required package: optimsimplex
    Error in texi2dvi(file = file, pdf = TRUE, clean = clean, quiet = quiet, :
     Running 'texi2dvi' on 'neldermead_manual.tex' failed.
    LaTeX errors:
    ! LaTeX Error: File `ucs.sty' not found.
    
    Type X to quit or <RETURN> to proceed,
    or enter new name. (Default extension: sty)
    
    ign_test/neldermead/vignettes/neldermead_manual.tex:10: ==> Fatal error occurr
    ed, no output PDF file produced!
    Calls: buildVignettes -> texi2pdf -> texi2dvi
    Execution halted
Flavor: r-release-osx-x86_64-mavericks