CRAN Package Check Results for Package neldermead

Last updated on 2017-03-31 01:49:14.

Flavor Version Tinstall Tcheck Ttotal Status Flags
r-devel-linux-x86_64-debian-clang 1.0-10 2.81 48.94 51.74 NOTE
r-devel-linux-x86_64-debian-gcc 1.0-10 2.78 48.03 50.81 NOTE
r-devel-linux-x86_64-fedora-clang 1.0-10 110.67 NOTE --no-stop-on-test-error
r-devel-linux-x86_64-fedora-gcc 1.0-10 108.90 NOTE --no-stop-on-test-error
r-devel-macos-x86_64-clang 1.0-10 83.08 NOTE --no-stop-on-test-error
r-devel-windows-ix86+x86_64 1.0-10 9.00 133.00 142.00 NOTE
r-patched-linux-x86_64 1.0-10 2.86 47.98 50.83 NOTE
r-patched-solaris-sparc 1.0-10 620.60 NOTE
r-patched-solaris-x86 1.0-10 136.70 NOTE
r-release-linux-x86_64 1.0-10 2.71 42.11 44.82 NOTE
r-release-osx-x86_64-mavericks 1.0-10 NOTE
r-release-windows-ix86+x86_64 1.0-10 9.00 114.00 123.00 NOTE
r-oldrel-windows-ix86+x86_64 1.0-10 12.00 122.00 134.00 OK

Check Details

Version: 1.0-10
Check: R code for possible problems
Result: NOTE
    print.neldermead: no visible global function definition for ‘str’
    Undefined global functions or variables:
     str
    Consider adding
     importFrom("utils", "str")
    to your NAMESPACE file.
Flavors: r-devel-linux-x86_64-debian-clang, r-devel-linux-x86_64-debian-gcc, r-devel-windows-ix86+x86_64, r-patched-linux-x86_64, r-patched-solaris-sparc, r-patched-solaris-x86, r-release-linux-x86_64, r-release-osx-x86_64-mavericks, r-release-windows-ix86+x86_64

Version: 1.0-10
Flags: --no-stop-on-test-error
Check: R code for possible problems
Result: NOTE
    print.neldermead: no visible global function definition for ‘str’
    Undefined global functions or variables:
     str
    Consider adding
     importFrom("utils", "str")
    to your NAMESPACE file.
Flavors: r-devel-linux-x86_64-fedora-clang, r-devel-linux-x86_64-fedora-gcc, r-devel-macos-x86_64-clang