CRAN Package Check Results for Package neldermead

Last updated on 2014-07-30 11:49:52.

Flavor Version Tinstall Tcheck Ttotal Status Flags
r-devel-linux-x86_64-debian-clang 1.0-9 4.02 58.10 62.12 OK
r-devel-linux-x86_64-debian-gcc 1.0-9 3.76 58.60 62.36 OK
r-devel-linux-x86_64-fedora-clang 1.0-9 163.97 OK
r-devel-linux-x86_64-fedora-gcc 1.0-9 144.05 OK
r-devel-osx-x86_64-clang 1.0-9 119.63 OK
r-devel-windows-ix86+x86_64 1.0-9 10.00 87.00 97.00 OK
r-patched-linux-x86_64 1.0-9 3.76 57.66 61.42 OK
r-patched-solaris-sparc 1.0-9 759.20 OK
r-patched-solaris-x86 1.0-9 189.30 OK
r-release-linux-ix86 1.0-9 4.65 70.50 75.15 OK
r-release-linux-x86_64 1.0-9 3.86 57.90 61.76 OK
r-release-osx-x86_64-mavericks 1.0-9 NOTE
r-release-osx-x86_64-snowleopard 1.0-9 OK
r-release-windows-ix86+x86_64 1.0-9 10.00 88.00 98.00 OK
r-oldrel-windows-ix86+x86_64 1.0-9 11.00 85.00 96.00 OK

Check Details

Version: 1.0-9
Check: re-building of vignette outputs
Result: NOTE
    Error in re-building vignettes:
     ...
    Loading required package: neldermead
    Loading required package: optimbase
    Loading required package: Matrix
    Loading required package: optimsimplex
    Error in texi2dvi(file = file, pdf = TRUE, clean = clean, quiet = quiet, :
     Running 'texi2dvi' on 'neldermead_manual.tex' failed.
    LaTeX errors:
    ! LaTeX Error: File `ucs.sty' not found.
    
    Type X to quit or <RETURN> to proceed,
    or enter new name. (Default extension: sty)
    
    ign_test/neldermead/vignettes/neldermead_manual.tex:10: ==> Fatal error occurr
    ed, no output PDF file produced!
    Calls: buildVignettes -> texi2pdf -> texi2dvi
    Execution halted
Flavor: r-release-osx-x86_64-mavericks