CRAN Package Check Results for Package neldermead

Last updated on 2015-05-05 11:48:09.

Flavor Version Tinstall Tcheck Ttotal Status Flags
r-devel-linux-x86_64-debian-clang 1.0-10 3.38 51.95 55.32 OK
r-devel-linux-x86_64-debian-gcc 1.0-10 3.36 48.45 51.81 OK
r-devel-linux-x86_64-fedora-clang 1.0-10 111.31 OK
r-devel-linux-x86_64-fedora-gcc 1.0-10 104.03 OK
r-devel-osx-x86_64-clang 1.0-10 94.11 OK
r-devel-windows-ix86+x86_64 1.0-10 10.00 80.00 90.00 OK
r-patched-linux-x86_64 1.0-10 2.96 48.78 51.74 OK
r-patched-solaris-sparc 1.0-10 616.60 OK
r-patched-solaris-x86 1.0-10 137.60 OK
r-release-linux-x86_64 1.0-10 2.96 49.71 52.66 OK
r-release-osx-x86_64-mavericks 1.0-10 OK
r-release-osx-x86_64-snowleopard 1.0-10 ERROR
r-release-windows-ix86+x86_64 1.0-10 11.00 72.00 83.00 OK
r-oldrel-windows-ix86+x86_64 1.0-10 11.00 116.00 127.00 OK

Check Details

Version: 1.0-10
Check: running R code from vignettes
Result: ERROR
    Errors in running code in vignettes:
    when running code in ‘neldermead_manual.Rnw’
     ...
    
    > quadratic <- function(x = NULL, index = NULL, fmsfundata = NULL) {
    + return(list(f = x[1]^2 + x[2]^2, g = c(), c = c(), gc = c(),
    + ind .... [TRUNCATED]
    
    > x0 <- transpose(c(1, 1))
    
     When sourcing ‘neldermead_manual.R’:
    Error: could not find function "transpose"
    Execution halted
Flavor: r-release-osx-x86_64-snowleopard

Version: 1.0-10
Check: re-building of vignette outputs
Result: NOTE
    Error in re-building vignettes:
     ...
    sh: /Library/Frameworks/R.framework/Resources/bin/R: No such file or directory
Flavor: r-release-osx-x86_64-snowleopard

Version: 1.0-10
Check: PDF version of manual
Result: WARN
    LaTeX errors when creating PDF version.
    This typically indicates Rd problems.
Flavor: r-release-osx-x86_64-snowleopard

Version: 1.0-10
Check: PDF version of manual without hyperrefs or index
Result: ERROR
    Re-running with no redirection of stdout/stderr.
Flavor: r-release-osx-x86_64-snowleopard