CRAN Package Check Results for Package neldermead

Last updated on 2016-09-26 10:48:22.

Flavor Version Tinstall Tcheck Ttotal Status Flags
r-devel-linux-x86_64-debian-clang 1.0-10 2.46 42.99 45.45 NOTE
r-devel-linux-x86_64-debian-gcc 1.0-10 2.44 42.55 44.99 NOTE
r-devel-linux-x86_64-fedora-clang 1.0-10 93.18 NOTE
r-devel-linux-x86_64-fedora-gcc 1.0-10 90.27 NOTE
r-devel-macos-x86_64-clang 1.0-10 69.89 NOTE
r-devel-windows-ix86+x86_64 1.0-10 10.00 100.00 110.00 NOTE
r-patched-linux-x86_64 1.0-10 2.52 42.53 45.05 NOTE
r-patched-solaris-sparc 1.0-10 533.70 NOTE
r-patched-solaris-x86 1.0-10 122.40 NOTE
r-release-linux-x86_64 1.0-10 2.43 42.67 45.11 NOTE
r-release-osx-x86_64-mavericks 1.0-10 NOTE
r-release-windows-ix86+x86_64 1.0-10 12.00 107.00 119.00 NOTE
r-oldrel-windows-ix86+x86_64 1.0-10 12.00 156.00 168.00 OK

Check Details

Version: 1.0-10
Check: R code for possible problems
Result: NOTE
    print.neldermead: no visible global function definition for ‘str’
    Undefined global functions or variables:
     str
    Consider adding
     importFrom("utils", "str")
    to your NAMESPACE file.
Flavors: r-devel-linux-x86_64-debian-clang, r-devel-linux-x86_64-debian-gcc, r-devel-linux-x86_64-fedora-clang, r-devel-linux-x86_64-fedora-gcc, r-devel-macos-x86_64-clang, r-devel-windows-ix86+x86_64, r-patched-linux-x86_64, r-patched-solaris-sparc, r-patched-solaris-x86, r-release-linux-x86_64, r-release-osx-x86_64-mavericks, r-release-windows-ix86+x86_64