CRAN Package Check Results for Package neldermead

Last updated on 2016-12-03 23:47:48.

Flavor Version Tinstall Tcheck Ttotal Status Flags
r-devel-linux-x86_64-debian-clang 1.0-10 2.73 48.61 51.34 NOTE
r-devel-linux-x86_64-debian-gcc 1.0-10 2.61 48.53 51.14 NOTE
r-devel-linux-x86_64-fedora-clang 1.0-10 110.43 NOTE
r-devel-linux-x86_64-fedora-gcc 1.0-10 112.83 NOTE
r-devel-macos-x86_64-clang 1.0-10 82.97 NOTE
r-devel-windows-ix86+x86_64 1.0-10 7.00 117.00 124.00 NOTE
r-patched-linux-x86_64 1.0-10 2.52 42.60 45.12 NOTE
r-patched-solaris-sparc 1.0-10 533.70 NOTE
r-patched-solaris-x86 1.0-10 123.40 NOTE
r-release-linux-x86_64 1.0-10 2.88 42.45 45.33 NOTE
r-release-osx-x86_64-mavericks 1.0-10 NOTE
r-release-windows-ix86+x86_64 1.0-10 10.00 77.00 87.00 NOTE
r-oldrel-windows-ix86+x86_64 1.0-10 10.00 113.00 123.00 OK

Check Details

Version: 1.0-10
Check: R code for possible problems
Result: NOTE
    print.neldermead: no visible global function definition for ‘str’
    Undefined global functions or variables:
     str
    Consider adding
     importFrom("utils", "str")
    to your NAMESPACE file.
Flavors: r-devel-linux-x86_64-debian-clang, r-devel-linux-x86_64-debian-gcc, r-devel-linux-x86_64-fedora-clang, r-devel-linux-x86_64-fedora-gcc, r-devel-macos-x86_64-clang, r-devel-windows-ix86+x86_64, r-patched-linux-x86_64, r-patched-solaris-sparc, r-patched-solaris-x86, r-release-linux-x86_64, r-release-osx-x86_64-mavericks, r-release-windows-ix86+x86_64