CRAN Package Check Results for Package neldermead

Last updated on 2016-05-29 08:46:40.

Flavor Version Tinstall Tcheck Ttotal Status Flags
r-devel-linux-x86_64-debian-gcc 1.0-10 3.23 45.85 49.07 NOTE
r-devel-linux-x86_64-fedora-clang 1.0-10 92.86 NOTE
r-devel-linux-x86_64-fedora-gcc 1.0-10 88.05 NOTE
r-devel-osx-x86_64-clang 1.0-10 98.20 NOTE
r-devel-windows-ix86+x86_64 1.0-10 8.00 85.00 93.00 NOTE
r-patched-linux-x86_64 1.0-10 3.04 46.53 49.57 NOTE
r-patched-solaris-sparc 1.0-10 527.30 NOTE
r-patched-solaris-x86 1.0-10 124.90 NOTE
r-release-linux-x86_64 1.0-10 2.93 45.92 48.85 NOTE
r-release-osx-x86_64-mavericks 1.0-10 NOTE
r-release-windows-ix86+x86_64 1.0-10 12.00 86.00 98.00 NOTE
r-oldrel-windows-ix86+x86_64 1.0-10 9.00 112.00 121.00 OK

Check Details

Version: 1.0-10
Check: R code for possible problems
Result: NOTE
    print.neldermead: no visible global function definition for ‘str’
    Undefined global functions or variables:
     str
    Consider adding
     importFrom("utils", "str")
    to your NAMESPACE file.
Flavors: r-devel-linux-x86_64-debian-gcc, r-devel-linux-x86_64-fedora-clang, r-devel-linux-x86_64-fedora-gcc, r-devel-osx-x86_64-clang, r-devel-windows-ix86+x86_64, r-patched-linux-x86_64, r-patched-solaris-sparc, r-patched-solaris-x86, r-release-linux-x86_64, r-release-osx-x86_64-mavericks, r-release-windows-ix86+x86_64