CRAN Package Check Results for Package neldermead

Last updated on 2014-11-26 19:49:38.

Flavor Version Tinstall Tcheck Ttotal Status Flags
r-devel-linux-x86_64-debian-clang 1.0-9 3.64 58.52 62.15 OK
r-devel-linux-x86_64-debian-gcc 1.0-9 3.72 55.66 59.38 OK
r-devel-linux-x86_64-fedora-clang 1.0-9 144.66 OK
r-devel-linux-x86_64-fedora-gcc 1.0-9 145.42 OK
r-devel-osx-x86_64-clang 1.0-9 116.74 OK
r-devel-windows-ix86+x86_64 1.0-9 8.00 84.00 92.00 OK
r-patched-linux-x86_64 1.0-9 3.86 61.56 65.42 OK
r-patched-solaris-sparc 1.0-9 752.50 OK
r-patched-solaris-x86 1.0-9 179.40 OK
r-release-linux-ix86 1.0-9 4.38 69.20 73.58 OK
r-release-linux-x86_64 1.0-9 4.30 61.95 66.25 OK
r-release-osx-x86_64-mavericks 1.0-9 NOTE
r-release-osx-x86_64-snowleopard 1.0-9 OK
r-release-windows-ix86+x86_64 1.0-9 9.00 91.00 100.00 OK
r-oldrel-windows-ix86+x86_64 1.0-9 10.00 86.00 96.00 OK

Check Details

Version: 1.0-9
Check: re-building of vignette outputs
Result: NOTE
    Error in re-building vignettes:
     ...
    Loading required package: neldermead
    Loading required package: optimbase
    Loading required package: Matrix
    Loading required package: optimsimplex
    Error in texi2dvi(file = file, pdf = TRUE, clean = clean, quiet = quiet, :
     Running 'texi2dvi' on 'neldermead_manual.tex' failed.
    LaTeX errors:
    ! LaTeX Error: File `ucs.sty' not found.
    
    Type X to quit or <RETURN> to proceed,
    or enter new name. (Default extension: sty)
    
    ign_test/neldermead/vignettes/neldermead_manual.tex:10: ==> Fatal error occurr
    ed, no output PDF file produced!
    Calls: buildVignettes -> texi2pdf -> texi2dvi
    Execution halted
Flavor: r-release-osx-x86_64-mavericks