CRAN Package Check Results for Package neldermead

Last updated on 2017-01-20 10:48:04.

Flavor Version Tinstall Tcheck Ttotal Status Flags
r-devel-linux-x86_64-debian-clang 1.0-10 2.75 47.08 49.83 NOTE
r-devel-linux-x86_64-debian-gcc 1.0-10 2.69 47.91 50.60 NOTE
r-devel-linux-x86_64-fedora-clang 1.0-10 108.76 NOTE --no-stop-on-test-error
r-devel-linux-x86_64-fedora-gcc 1.0-10 106.07 NOTE --no-stop-on-test-error
r-devel-macos-x86_64-clang 1.0-10 82.77 NOTE --no-stop-on-test-error
r-devel-windows-ix86+x86_64 1.0-10 11.00 164.00 175.00 NOTE
r-patched-linux-x86_64 1.0-10 2.42 42.15 44.57 NOTE
r-patched-solaris-sparc 1.0-10 527.20 NOTE
r-patched-solaris-x86 1.0-10 125.90 NOTE
r-release-linux-x86_64 1.0-10 2.68 42.99 45.67 NOTE
r-release-osx-x86_64-mavericks 1.0-10 NOTE
r-release-windows-ix86+x86_64 1.0-10 7.00 97.00 104.00 NOTE
r-oldrel-windows-ix86+x86_64 1.0-10 8.00 108.00 116.00 OK

Check Details

Version: 1.0-10
Check: R code for possible problems
Result: NOTE
    print.neldermead: no visible global function definition for ‘str’
    Undefined global functions or variables:
     str
    Consider adding
     importFrom("utils", "str")
    to your NAMESPACE file.
Flavors: r-devel-linux-x86_64-debian-clang, r-devel-linux-x86_64-debian-gcc, r-devel-windows-ix86+x86_64, r-patched-linux-x86_64, r-patched-solaris-sparc, r-patched-solaris-x86, r-release-linux-x86_64, r-release-osx-x86_64-mavericks, r-release-windows-ix86+x86_64

Version: 1.0-10
Flags: --no-stop-on-test-error
Check: R code for possible problems
Result: NOTE
    print.neldermead: no visible global function definition for ‘str’
    Undefined global functions or variables:
     str
    Consider adding
     importFrom("utils", "str")
    to your NAMESPACE file.
Flavors: r-devel-linux-x86_64-fedora-clang, r-devel-linux-x86_64-fedora-gcc, r-devel-macos-x86_64-clang