Last updated on 2023-12-04 14:53:43 CET.
Flavor | Version | Tinstall | Tcheck | Ttotal | Status | Flags |
---|---|---|---|---|---|---|
r-devel-linux-x86_64-debian-clang | 2.4.0 | 6.90 | 61.18 | 68.08 | OK | |
r-devel-linux-x86_64-debian-gcc | 2.4.0 | 6.90 | 46.65 | 53.55 | OK | |
r-devel-linux-x86_64-fedora-clang | 2.4.0 | 87.20 | OK | |||
r-devel-linux-x86_64-fedora-gcc | 2.4.0 | 81.99 | OK | |||
r-devel-windows-x86_64 | 2.4.0 | 9.00 | 71.00 | 80.00 | OK | |
r-patched-linux-x86_64 | 2.4.0 | 6.50 | 58.57 | 65.07 | OK | |
r-release-linux-x86_64 | 2.4.0 | 6.60 | 58.83 | 65.43 | OK | |
r-release-macos-arm64 | 2.4.0 | 41.00 | NOTE | |||
r-release-macos-x86_64 | 2.4.0 | 64.00 | NOTE | |||
r-release-windows-x86_64 | 2.4.0 | 10.00 | 81.00 | 91.00 | OK | |
r-oldrel-macos-arm64 | 2.4.0 | 38.00 | OK | |||
r-oldrel-macos-x86_64 | 2.4.0 | 51.00 | OK | |||
r-oldrel-windows-x86_64 | 2.4.0 | 11.00 | 78.00 | 89.00 | OK |
Version: 2.4.0
Check: package dependencies
Result: NOTE
Package suggested but not available for checking: ‘rhdf5’
Flavors: r-release-macos-arm64, r-release-macos-x86_64