CRAN Package Check Results for Package neotoma

Last updated on 2020-09-23 15:28:08 CEST.

Flavor Version Tinstall Tcheck Ttotal Status Flags
r-devel-linux-x86_64-debian-clang 1.7.4 13.89 99.80 113.69 OK
r-devel-linux-x86_64-debian-gcc 1.7.4 11.37 76.36 87.73 OK
r-devel-linux-x86_64-fedora-clang 1.7.4 145.01 OK
r-devel-linux-x86_64-fedora-gcc 1.7.4 144.68 OK
r-devel-windows-ix86+x86_64 1.7.4 2.00 7.00 9.00 ERROR
r-patched-linux-x86_64 1.7.4 13.81 91.66 105.47 OK
r-patched-solaris-x86 1.7.4 193.50 OK
r-release-linux-x86_64 1.7.4 12.74 92.31 105.05 OK
r-release-macos-x86_64 1.7.4 OK
r-release-windows-ix86+x86_64 1.7.4 32.00 127.00 159.00 OK
r-oldrel-macos-x86_64 1.7.4 OK
r-oldrel-windows-ix86+x86_64 1.7.4 16.00 123.00 139.00 OK

Check Details

Version: 1.7.4
Check: package dependencies
Result: ERROR
    Package required but not available: 'analogue'
    
    See section 'The DESCRIPTION file' in the 'Writing R Extensions'
    manual.
Flavor: r-devel-windows-ix86+x86_64