CRAN Package Check Results for Package netClass

Last updated on 2015-07-07 11:48:17.

Flavor Version Tinstall Tcheck Ttotal Status Flags
r-devel-linux-x86_64-debian-clang 1.2.1 8.91 96.98 105.89 NOTE
r-devel-linux-x86_64-debian-gcc 1.2.1 7.69 95.23 102.92 NOTE
r-devel-linux-x86_64-fedora-clang 1.2.1 216.29 NOTE
r-devel-linux-x86_64-fedora-gcc 1.2.1 206.15 NOTE
r-devel-osx-x86_64-clang 1.2.1 170.18 NOTE
r-devel-windows-ix86+x86_64 1.2.1 26.00 130.00 156.00 NOTE
r-patched-linux-x86_64 1.2.1 7.77 95.44 103.22 NOTE
r-patched-solaris-sparc 1.2.1 1255.80 NOTE
r-patched-solaris-x86 1.2.1 294.40 NOTE
r-release-linux-x86_64 1.2.1 7.88 92.24 100.12 NOTE
r-release-osx-x86_64-mavericks 1.2.1 ERROR
r-release-windows-ix86+x86_64 1.2.1 27.00 132.00 159.00 NOTE
r-oldrel-windows-ix86+x86_64 1.2.1 35.00 188.00 223.00 NOTE

Check Details

Version: 1.2.1
Check: R code for possible problems
Result: NOTE
    XH: no visible binding for global variable ‘exprs’
    XIs: no visible binding for global variable ‘exprs’
    cv.aep: no visible global function definition for ‘mclapply’
    cv.frsvm: no visible global function definition for ‘mclapply’
    cv.hubc: no visible global function definition for ‘quantile’
    cv.hubc: no visible global function definition for ‘mclapply’
    cv.pac: no visible global function definition for ‘mclapply’
    cv.stsvm: no visible global function definition for ‘mclapply’
    getGeneRanking: no visible global function definition for ‘t.test’
    getGraphRank: no visible global function definition for ‘t.test’
    predictPac: no visible global function definition for ‘predict’
    probeset2pathway: no visible binding for global variable
     ‘KEGGEXTID2PATHID’
    probeset2pathwayTrain: no visible binding for global variable
     ‘KEGGEXTID2PATHID’
    probeset2pathwayTrain: no visible global function definition for
     ‘t.test’
    probeset2pathwayTrain: no visible global function definition for
     ‘quantile’
    spanbound: no visible global function definition for ‘coef’
    spanbound: no visible global function definition for ‘predict’
    spanbound: no visible global function definition for ‘param’
    spanbound: no visible global function definition for ‘error’
    spanbound: no visible global function definition for ‘kernelf’
    spanbound: no visible global function definition for ‘b’
    svm.fit: no visible global function definition for ‘coef’
    svm.predict: no visible global function definition for ‘coef’
    svm.predict: no visible global function definition for ‘b’
    train.pac: no visible global function definition for ‘glm’
    train.stsvm: no visible global function definition for ‘quantile’
    train.stsvm: no visible global function definition for ‘head’
    Undefined global functions or variables:
     KEGGEXTID2PATHID b coef error exprs glm head kernelf mclapply param
     predict quantile t.test
Flavors: r-devel-linux-x86_64-debian-clang, r-devel-linux-x86_64-debian-gcc, r-devel-linux-x86_64-fedora-clang, r-devel-linux-x86_64-fedora-gcc, r-devel-windows-ix86+x86_64

Version: 1.2.1
Check: R code for possible problems
Result: NOTE
    XH: no visible binding for global variable ‘exprs’
    XIs: no visible binding for global variable ‘exprs’
    cv.aep: no visible global function definition for ‘mclapply’
    cv.frsvm: no visible global function definition for ‘mclapply’
    cv.hubc: no visible global function definition for ‘mclapply’
    cv.pac: no visible global function definition for ‘mclapply’
    cv.stsvm: no visible global function definition for ‘mclapply’
    probeset2pathway: no visible binding for global variable
     ‘KEGGEXTID2PATHID’
    probeset2pathwayTrain: no visible binding for global variable
     ‘KEGGEXTID2PATHID’
    spanbound: no visible global function definition for ‘param’
    spanbound: no visible global function definition for ‘error’
    spanbound: no visible global function definition for ‘kernelf’
    spanbound: no visible global function definition for ‘b’
    svm.predict: no visible global function definition for ‘b’
    Undefined global functions or variables:
     KEGGEXTID2PATHID b error exprs kernelf mclapply param
Flavor: r-devel-osx-x86_64-clang

Version: 1.2.1
Check: R code for possible problems
Result: NOTE
    XH: no visible binding for global variable ‘exprs’
    XIs: no visible binding for global variable ‘exprs’
    cv.aep: no visible global function definition for ‘mclapply’
    cv.frsvm: no visible global function definition for ‘mclapply’
    cv.hubc: no visible global function definition for ‘mclapply’
    cv.pac: no visible global function definition for ‘mclapply’
    cv.stsvm: no visible global function definition for ‘mclapply’
    probeset2pathway: no visible binding for global variable
     ‘KEGGEXTID2PATHID’
    probeset2pathwayTrain: no visible binding for global variable
     ‘KEGGEXTID2PATHID’
    spanbound: no visible global function definition for ‘param’
    spanbound: no visible global function definition for ‘error’
    spanbound: no visible global function definition for ‘kernelf’
    spanbound: no visible global function definition for ‘b’
    svm.predict: no visible global function definition for ‘b’
Flavors: r-patched-linux-x86_64, r-patched-solaris-sparc, r-patched-solaris-x86, r-release-linux-x86_64, r-release-osx-x86_64-mavericks, r-release-windows-ix86+x86_64, r-oldrel-windows-ix86+x86_64

Version: 1.2.1
Check: package dependencies
Result: NOTE
    Package suggested but not available for checking: ‘KEGG.db’
Flavor: r-release-osx-x86_64-mavericks

Version: 1.2.1
Check: examples
Result: ERROR
    Running examples in ‘netClass-Ex.R’ failed
    The error most likely occurred in:
    
    > ### Name: cv.aep
    > ### Title: Cross validation for aepSVM (aepSVM)
    > ### Aliases: cv.aep
    > ### Keywords: aep
    >
    > ### ** Examples
    >
    > library(netClass)
    > data(expr)
    > data(ad.matrix)
    > x <- expr$genes
    > y <- expr$y
    >
    > library(KEGG.db)
    Error in library(KEGG.db) : there is no package called ‘KEGG.db’
    Execution halted
Flavor: r-release-osx-x86_64-mavericks