CRAN Package Check Results for Package netClass

Last updated on 2017-11-22 05:49:11 CET.

Flavor Version Tinstall Tcheck Ttotal Status Flags
r-release-osx-x86_64 1.2.1 ERROR

Check Details

Version: 1.2.1
Check: package dependencies
Result: ERROR
    Packages required but not available: ‘AnnotationDbi’ ‘graph’ ‘samr’
    
    Package suggested but not available for checking: ‘KEGG.db’
    
    See section ‘The DESCRIPTION file’ in the ‘Writing R Extensions’
    manual.
Flavor: r-release-osx-x86_64