CRAN Package Check Results for Package netClass

Last updated on 2017-04-23 23:51:13.

Flavor Version Tinstall Tcheck Ttotal Status Flags
r-devel-linux-x86_64-debian-clang 1.2.1 7.00 94.37 101.37 WARN
r-devel-linux-x86_64-debian-gcc 1.2.1 7.67 89.35 97.02 WARN
r-devel-linux-x86_64-fedora-clang 1.2.1 219.05 WARN --no-stop-on-test-error
r-devel-linux-x86_64-fedora-gcc 1.2.1 207.73 WARN --no-stop-on-test-error
r-devel-windows-ix86+x86_64 1.2.1 26.00 152.00 178.00 WARN
r-patched-linux-x86_64 1.2.1 7.17 90.46 97.63 WARN
r-patched-solaris-sparc 1.2.1 1195.60 WARN
r-patched-solaris-x86 1.2.1 271.10 WARN
r-release-linux-x86_64 1.2.1 7.02 91.46 98.48 WARN
r-release-windows-ix86+x86_64 1.2.1 21.00 160.00 181.00 WARN
r-release-osx-x86_64 1.2.1 ERROR
r-oldrel-windows-ix86+x86_64 1.2.1 20.00 139.00 159.00 NOTE
r-oldrel-osx-x86_64 1.2.1 ERROR

Check Details

Version: 1.2.1
Check: R code for possible problems
Result: NOTE
    XH: no visible binding for global variable ‘exprs’
    XIs: no visible binding for global variable ‘exprs’
    cv.aep: no visible global function definition for ‘mclapply’
    cv.frsvm: no visible global function definition for ‘mclapply’
    cv.hubc: no visible global function definition for ‘quantile’
    cv.hubc: no visible global function definition for ‘mclapply’
    cv.pac: no visible global function definition for ‘mclapply’
    cv.stsvm: no visible global function definition for ‘mclapply’
    getGeneRanking: no visible global function definition for ‘t.test’
    getGraphRank: no visible global function definition for ‘t.test’
    predictPac: no visible global function definition for ‘predict’
    probeset2pathway: no visible binding for global variable
     ‘KEGGEXTID2PATHID’
    probeset2pathwayTrain: no visible binding for global variable
     ‘KEGGEXTID2PATHID’
    probeset2pathwayTrain: no visible global function definition for
     ‘t.test’
    probeset2pathwayTrain: no visible global function definition for
     ‘quantile’
    spanbound: no visible global function definition for ‘coef’
    spanbound: no visible global function definition for ‘predict’
    spanbound: no visible global function definition for ‘param’
    spanbound: no visible global function definition for ‘error’
    spanbound: no visible global function definition for ‘kernelf’
    spanbound: no visible global function definition for ‘b’
    svm.fit: no visible global function definition for ‘coef’
    svm.predict: no visible global function definition for ‘coef’
    svm.predict: no visible global function definition for ‘b’
    train.pac: no visible global function definition for ‘glm’
    train.stsvm: no visible global function definition for ‘quantile’
    train.stsvm: no visible global function definition for ‘head’
    Undefined global functions or variables:
     KEGGEXTID2PATHID b coef error exprs glm head kernelf mclapply param
     predict quantile t.test
    Consider adding
     importFrom("stats", "coef", "glm", "predict", "quantile", "t.test")
     importFrom("utils", "head")
    to your NAMESPACE file.
Flavors: r-devel-linux-x86_64-debian-clang, r-devel-linux-x86_64-debian-gcc, r-devel-windows-ix86+x86_64, r-patched-linux-x86_64, r-patched-solaris-sparc, r-patched-solaris-x86, r-release-linux-x86_64, r-release-windows-ix86+x86_64, r-oldrel-windows-ix86+x86_64, r-oldrel-osx-x86_64

Version: 1.2.1
Check: files in ‘vignettes’
Result: WARN
    Files in the 'vignettes' directory but no files in 'inst/doc':
     ‘Vignettes.pdf’
    Package has no Sweave vignette sources and no VignetteBuilder field.
Flavors: r-devel-linux-x86_64-debian-clang, r-devel-linux-x86_64-debian-gcc, r-devel-windows-ix86+x86_64, r-patched-linux-x86_64, r-patched-solaris-sparc, r-patched-solaris-x86, r-release-linux-x86_64, r-release-windows-ix86+x86_64

Version: 1.2.1
Flags: --no-stop-on-test-error
Check: R code for possible problems
Result: NOTE
    XH: no visible binding for global variable ‘exprs’
    XIs: no visible binding for global variable ‘exprs’
    cv.aep: no visible global function definition for ‘mclapply’
    cv.frsvm: no visible global function definition for ‘mclapply’
    cv.hubc: no visible global function definition for ‘quantile’
    cv.hubc: no visible global function definition for ‘mclapply’
    cv.pac: no visible global function definition for ‘mclapply’
    cv.stsvm: no visible global function definition for ‘mclapply’
    getGeneRanking: no visible global function definition for ‘t.test’
    getGraphRank: no visible global function definition for ‘t.test’
    predictPac: no visible global function definition for ‘predict’
    probeset2pathway: no visible binding for global variable
     ‘KEGGEXTID2PATHID’
    probeset2pathwayTrain: no visible binding for global variable
     ‘KEGGEXTID2PATHID’
    probeset2pathwayTrain: no visible global function definition for
     ‘t.test’
    probeset2pathwayTrain: no visible global function definition for
     ‘quantile’
    spanbound: no visible global function definition for ‘coef’
    spanbound: no visible global function definition for ‘predict’
    spanbound: no visible global function definition for ‘param’
    spanbound: no visible global function definition for ‘error’
    spanbound: no visible global function definition for ‘kernelf’
    spanbound: no visible global function definition for ‘b’
    svm.fit: no visible global function definition for ‘coef’
    svm.predict: no visible global function definition for ‘coef’
    svm.predict: no visible global function definition for ‘b’
    train.pac: no visible global function definition for ‘glm’
    train.stsvm: no visible global function definition for ‘quantile’
    train.stsvm: no visible global function definition for ‘head’
    Undefined global functions or variables:
     KEGGEXTID2PATHID b coef error exprs glm head kernelf mclapply param
     predict quantile t.test
    Consider adding
     importFrom("stats", "coef", "glm", "predict", "quantile", "t.test")
     importFrom("utils", "head")
    to your NAMESPACE file.
Flavors: r-devel-linux-x86_64-fedora-clang, r-devel-linux-x86_64-fedora-gcc

Version: 1.2.1
Flags: --no-stop-on-test-error
Check: files in ‘vignettes’
Result: WARN
    Files in the 'vignettes' directory but no files in 'inst/doc':
     ‘Vignettes.pdf’
    Package has no Sweave vignette sources and no VignetteBuilder field.
Flavors: r-devel-linux-x86_64-fedora-clang, r-devel-linux-x86_64-fedora-gcc

Version: 1.2.1
Check: package dependencies
Result: ERROR
    Packages required but not available: ‘AnnotationDbi’ ‘graph’ ‘samr’
    
    Package suggested but not available for checking: ‘KEGG.db’
    
    See section ‘The DESCRIPTION file’ in the ‘Writing R Extensions’
    manual.
Flavor: r-release-osx-x86_64

Version: 1.2.1
Check: package dependencies
Result: NOTE
    Package suggested but not available for checking: ‘KEGG.db’
Flavor: r-oldrel-osx-x86_64

Version: 1.2.1
Check: examples
Result: ERROR
    Running examples in ‘netClass-Ex.R’ failed
    The error most likely occurred in:
    
    > ### Name: cv.aep
    > ### Title: Cross validation for aepSVM (aepSVM)
    > ### Aliases: cv.aep
    > ### Keywords: aep
    >
    > ### ** Examples
    >
    > library(netClass)
    > data(expr)
    > data(ad.matrix)
    > x <- expr$genes
    > y <- expr$y
    >
    > library(KEGG.db)
    Error in library(KEGG.db) : there is no package called ‘KEGG.db’
    Execution halted
Flavor: r-oldrel-osx-x86_64