CRAN Package Check Results for Package netClass

Last updated on 2015-04-21 12:48:48.

Flavor Version Tinstall Tcheck Ttotal Status Flags
r-devel-linux-x86_64-debian-clang 1.2.1 7.86 100.53 108.39 NOTE
r-devel-linux-x86_64-debian-gcc 1.2.1 8.32 93.15 101.46 NOTE
r-devel-linux-x86_64-fedora-clang 1.2.1 215.11 NOTE
r-devel-linux-x86_64-fedora-gcc 1.2.1 201.28 NOTE
r-devel-osx-x86_64-clang 1.2.1 173.51 NOTE
r-devel-windows-ix86+x86_64 1.2.1 26.00 181.00 207.00 NOTE
r-patched-linux-x86_64 1.2.1 7.46 91.98 99.44 NOTE
r-patched-solaris-sparc 1.2.1 1214.30 NOTE
r-patched-solaris-x86 1.2.1 273.30 NOTE
r-release-linux-x86_64 1.2.1 7.62 93.96 101.59 NOTE
r-release-osx-x86_64-mavericks 1.2.1 ERROR
r-release-osx-x86_64-snowleopard 1.2.1 ERROR
r-release-windows-ix86+x86_64 1.2.1 17.00 128.00 145.00 NOTE
r-oldrel-windows-ix86+x86_64 1.2.1 29.00 166.00 195.00 NOTE

Check Details

Version: 1.2.1
Check: R code for possible problems
Result: NOTE
    XH: no visible binding for global variable ‘exprs’
    XIs: no visible binding for global variable ‘exprs’
    cv.aep: no visible global function definition for ‘mclapply’
    cv.frsvm: no visible global function definition for ‘mclapply’
    cv.hubc: no visible global function definition for ‘mclapply’
    cv.pac: no visible global function definition for ‘mclapply’
    cv.stsvm: no visible global function definition for ‘mclapply’
    probeset2pathway: no visible binding for global variable
     ‘KEGGEXTID2PATHID’
    probeset2pathwayTrain: no visible binding for global variable
     ‘KEGGEXTID2PATHID’
    spanbound: no visible global function definition for ‘param’
    spanbound: no visible global function definition for ‘error’
    spanbound: no visible global function definition for ‘kernelf’
    spanbound: no visible global function definition for ‘b’
    svm.predict: no visible global function definition for ‘b’
Flavors: r-devel-linux-x86_64-debian-clang, r-devel-linux-x86_64-debian-gcc, r-devel-linux-x86_64-fedora-clang, r-devel-linux-x86_64-fedora-gcc, r-devel-osx-x86_64-clang, r-devel-windows-ix86+x86_64, r-patched-linux-x86_64, r-patched-solaris-sparc, r-patched-solaris-x86, r-release-linux-x86_64, r-release-windows-ix86+x86_64, r-oldrel-windows-ix86+x86_64

Version: 1.2.1
Check: package dependencies
Result: NOTE
    Package suggested but not available for checking: ‘KEGG.db’
Flavor: r-release-osx-x86_64-mavericks

Version: 1.2.1
Check: whether package can be installed
Result: ERROR
    Installation failed.
Flavor: r-release-osx-x86_64-mavericks

Version: 1.2.1
Check: package dependencies
Result: ERROR
    Packages required but not available:
     ‘AnnotationDbi’ ‘graph’ ‘igraph’ ‘samr’
    
    Packages suggested but not available for checking:
     ‘Biobase’ ‘KEGG.db’ ‘pathClass’
    
    See section ‘The DESCRIPTION file’ in the ‘Writing R Extensions’
    manual.
Flavor: r-release-osx-x86_64-snowleopard