CRAN Package Check Results for Package netClass

Last updated on 2014-07-26 05:50:42.

Flavor Version Tinstall Tcheck Ttotal Status Flags
r-devel-linux-x86_64-debian-clang 1.2.1 11.73 121.38 133.10 OK
r-devel-linux-x86_64-debian-gcc 1.2.1 12.92 118.54 131.46 OK
r-devel-linux-x86_64-fedora-clang 1.2.1 341.95 OK
r-devel-linux-x86_64-fedora-gcc 1.2.1 304.72 OK
r-devel-osx-x86_64-clang 1.2.1 235.17 OK
r-devel-windows-ix86+x86_64 1.2.1 25.00 174.00 199.00 OK
r-patched-linux-x86_64 1.2.1 9.28 108.07 117.35 OK
r-patched-solaris-sparc 1.2.1 1455.00 OK
r-patched-solaris-x86 1.2.1 349.80 OK
r-release-linux-ix86 1.2.1 11.48 123.49 134.97 OK
r-release-linux-x86_64 1.2.1 9.44 106.34 115.79 OK
r-release-osx-x86_64-mavericks 1.2.1 ERROR
r-release-osx-x86_64-snowleopard 1.2.1 ERROR
r-release-windows-ix86+x86_64 1.2.1 20.00 153.00 173.00 OK
r-oldrel-windows-ix86+x86_64 1.2.1 23.00 145.00 168.00 OK

Check Details

Version: 1.2.1
Check: package dependencies
Result: NOTE
    Package suggested but not available for checking: ‘KEGG.db’
Flavors: r-release-osx-x86_64-mavericks, r-release-osx-x86_64-snowleopard

Version: 1.2.1
Check: R code for possible problems
Result: NOTE
    probeset2pathway: no visible binding for global variable
     ‘KEGGEXTID2PATHID’
    probeset2pathwayTrain: no visible binding for global variable
     ‘KEGGEXTID2PATHID’
Flavors: r-release-osx-x86_64-mavericks, r-release-osx-x86_64-snowleopard

Version: 1.2.1
Check: examples
Result: ERROR
    Running examples in ‘netClass-Ex.R’ failed
    The error most likely occurred in:
    
    > ### Name: cv.aep
    > ### Title: Cross validation for aepSVM (aepSVM)
    > ### Aliases: cv.aep
    > ### Keywords: aep
    >
    > ### ** Examples
    >
    > library(netClass)
    > data(expr)
    > data(ad.matrix)
    > x <- expr$genes
    > y <- expr$y
    >
    > library(KEGG.db)
    Error in library(KEGG.db) : there is no package called ‘KEGG.db’
    Execution halted
Flavors: r-release-osx-x86_64-mavericks, r-release-osx-x86_64-snowleopard