CRAN Package Check Results for Package netClust

Last updated on 2022-12-05 20:53:14 CET.

Flavor Version Tinstall Tcheck Ttotal Status Flags
r-devel-linux-x86_64-debian-clang 1.0.1 52.39 36.06 88.45 OK
r-devel-linux-x86_64-debian-gcc 1.0.1 47.03 26.87 73.90 OK
r-devel-linux-x86_64-fedora-clang 1.0.1 139.64 OK
r-devel-linux-x86_64-fedora-gcc 1.0.1 135.65 OK
r-devel-windows-x86_64 1.0.1 46.00 80.00 126.00 OK
r-patched-linux-x86_64 1.0.1 47.10 33.79 80.89 OK
r-release-linux-x86_64 1.0.1 51.87 33.46 85.33 OK
r-release-macos-arm64 1.0.1 36.00 NOTE
r-release-macos-x86_64 1.0.1 47.00 NOTE
r-release-windows-x86_64 1.0.1 57.00 87.00 144.00 OK
r-oldrel-macos-arm64 1.0.1 44.00 NOTE
r-oldrel-macos-x86_64 1.0.1 81.00 NOTE
r-oldrel-windows-ix86+x86_64 1.0.1 126.00 93.00 219.00 OK

Check Details

Version: 1.0.1
Check: installed package size
Result: NOTE
     installed size is 5.7Mb
     sub-directories of 1Mb or more:
     libs 5.6Mb
Flavors: r-release-macos-arm64, r-release-macos-x86_64, r-oldrel-macos-arm64, r-oldrel-macos-x86_64