CRAN Package Check Results for Package netcom

Last updated on 2022-01-22 18:51:01 CET.

Flavor Version Tinstall Tcheck Ttotal Status Flags
r-devel-linux-x86_64-debian-clang 2.1.5 5.97 367.62 373.59 OK
r-devel-linux-x86_64-debian-gcc 2.1.5 5.07 258.01 263.08 OK
r-devel-linux-x86_64-fedora-clang 2.1.5 428.88 NOTE
r-devel-linux-x86_64-fedora-gcc 2.1.5 408.58 NOTE
r-devel-windows-x86_64-new-UL 2.1.5 33.00 368.00 401.00 OK
r-devel-windows-x86_64-new-TK 2.1.5 NOTE
r-patched-linux-x86_64 2.1.5 4.68 341.77 346.45 OK
r-release-linux-x86_64 2.1.5 4.08 341.27 345.35 OK
r-release-macos-arm64 2.1.5 NOTE
r-release-macos-x86_64 2.1.5 NOTE
r-release-windows-ix86+x86_64 2.1.5 15.00 392.00 407.00 OK
r-oldrel-macos-x86_64 2.1.5 NOTE
r-oldrel-windows-ix86+x86_64 2.1.5 13.00 420.00 433.00 OK

Check Details

Version: 2.1.5
Check: dependencies in R code
Result: NOTE
    Namespaces in Imports field not imported from:
     ‘ggfortify’ ‘ggplot2’ ‘ggraph’ ‘reshape2’
     All declared Imports should be used.
Flavors: r-devel-linux-x86_64-fedora-clang, r-devel-linux-x86_64-fedora-gcc, r-devel-windows-x86_64-new-TK, r-release-macos-arm64, r-release-macos-x86_64, r-oldrel-macos-x86_64