CRAN Package Check Results for Package netdep

Last updated on 2020-09-19 23:48:16 CEST.

Flavor Version Tinstall Tcheck Ttotal Status Flags
r-devel-linux-x86_64-debian-clang 0.1.0 2.84 62.23 65.07 OK
r-devel-linux-x86_64-debian-gcc 0.1.0 2.33 46.93 49.26 OK
r-devel-linux-x86_64-fedora-clang 0.1.0 87.46 NOTE
r-devel-linux-x86_64-fedora-gcc 0.1.0 78.23 NOTE
r-devel-windows-ix86+x86_64 0.1.0 6.00 89.00 95.00 OK
r-patched-linux-x86_64 0.1.0 2.92 60.59 63.51 OK
r-patched-solaris-x86 0.1.0 107.70 NOTE
r-release-linux-x86_64 0.1.0 2.48 61.46 63.94 OK
r-release-macos-x86_64 0.1.0 NOTE
r-release-windows-ix86+x86_64 0.1.0 6.00 68.00 74.00 OK
r-oldrel-macos-x86_64 0.1.0 NOTE
r-oldrel-windows-ix86+x86_64 0.1.0 3.00 86.00 89.00 OK

Check Details

Version: 0.1.0
Check: dependencies in R code
Result: NOTE
    Namespace in Imports field not imported from: ‘mvrtn’
     All declared Imports should be used.
Flavors: r-devel-linux-x86_64-fedora-clang, r-devel-linux-x86_64-fedora-gcc, r-patched-solaris-x86, r-release-macos-x86_64, r-oldrel-macos-x86_64