CRAN Package Check Results for Package netgwas

Last updated on 2021-06-17 21:52:50 CEST.

Flavor Version Tinstall Tcheck Ttotal Status Flags
r-devel-linux-x86_64-debian-clang 1.13 9.82 156.50 166.32 OK
r-devel-linux-x86_64-debian-gcc 1.13 9.49 121.18 130.67 OK
r-devel-linux-x86_64-fedora-clang 1.13 207.99 OK
r-devel-linux-x86_64-fedora-gcc 1.13 195.57 OK
r-devel-windows-x86_64 1.13 20.00 143.00 163.00 OK
r-devel-windows-x86_64-gcc10-UCRT 1.13 OK
r-patched-linux-x86_64 1.13 12.07 147.36 159.43 OK
r-patched-solaris-x86 1.13 299.70 OK
r-release-linux-x86_64 1.13 11.28 149.95 161.23 OK
r-release-macos-arm64 1.13 ERROR
r-release-macos-x86_64 1.13 OK
r-release-windows-ix86+x86_64 1.13 25.00 183.00 208.00 OK
r-oldrel-macos-x86_64 1.13 OK
r-oldrel-windows-ix86+x86_64 1.13 19.00 185.00 204.00 OK

Check Details

Version: 1.13
Check: package dependencies
Result: ERROR
    Package required but not available: ‘RBGL’
    
    See section ‘The DESCRIPTION file’ in the ‘Writing R Extensions’
    manual.
Flavor: r-release-macos-arm64