CRAN Package Check Results for Package netjack

Last updated on 2020-10-02 00:46:59 CEST.

Flavor Version Tinstall Tcheck Ttotal Status Flags
r-devel-linux-x86_64-debian-clang 1.2.0 4.03 58.51 62.54 OK
r-devel-linux-x86_64-debian-gcc 1.2.0 3.51 41.98 45.49 OK
r-devel-linux-x86_64-fedora-clang 1.2.0 84.29 NOTE
r-devel-linux-x86_64-fedora-gcc 1.2.0 74.92 NOTE
r-devel-windows-ix86+x86_64 1.2.0 12.00 76.00 88.00 OK
r-patched-linux-x86_64 1.2.0 3.72 53.26 56.98 OK
r-patched-solaris-x86 1.2.0 95.60 NOTE
r-release-linux-x86_64 1.2.0 4.39 52.71 57.10 OK
r-release-macos-x86_64 1.2.0 NOTE
r-release-windows-ix86+x86_64 1.2.0 13.00 88.00 101.00 OK
r-oldrel-macos-x86_64 1.2.0 NOTE
r-oldrel-windows-ix86+x86_64 1.2.0 7.00 88.00 95.00 OK

Check Details

Version: 1.2.0
Check: dependencies in R code
Result: NOTE
    Namespace in Imports field not imported from: ‘Rdpack’
     All declared Imports should be used.
Flavors: r-devel-linux-x86_64-fedora-clang, r-devel-linux-x86_64-fedora-gcc, r-patched-solaris-x86, r-release-macos-x86_64, r-oldrel-macos-x86_64