CRAN Package Check Results for Package netmeta

Last updated on 2019-08-24 22:46:31 CEST.

Flavor Version Tinstall Tcheck Ttotal Status Flags
r-devel-linux-x86_64-debian-clang 1.1-0 20.01 317.45 337.46 OK
r-devel-linux-x86_64-debian-gcc 1.1-0 18.49 253.75 272.24 OK
r-devel-linux-x86_64-fedora-clang 1.1-0 396.65 NOTE
r-devel-linux-x86_64-fedora-gcc 1.1-0 403.56 NOTE
r-devel-windows-ix86+x86_64 1.1-0 34.00 433.00 467.00 OK
r-patched-linux-x86_64 1.1-0 19.15 325.29 344.44 OK
r-patched-solaris-x86 1.1-0 473.20 NOTE
r-release-linux-x86_64 1.1-0 19.69 318.80 338.49 OK
r-release-windows-ix86+x86_64 1.1-0 43.00 455.00 498.00 OK
r-release-osx-x86_64 1.1-0 ERROR
r-oldrel-windows-ix86+x86_64 1.1-0 36.00 394.00 430.00 OK
r-oldrel-osx-x86_64 1.1-0 NOTE

Check Details

Version: 1.1-0
Check: data for non-ASCII characters
Result: NOTE
     Note: found 1 marked UTF-8 string
Flavors: r-devel-linux-x86_64-fedora-clang, r-devel-linux-x86_64-fedora-gcc, r-patched-solaris-x86, r-release-osx-x86_64, r-oldrel-osx-x86_64

Version: 1.1-0
Check: package dependencies
Result: NOTE
    Package suggested but not available for checking: ‘hasseDiagram’
Flavor: r-release-osx-x86_64

Version: 1.1-0
Check: dependencies in R code
Result: NOTE
    No protocol specified
Flavors: r-release-osx-x86_64, r-oldrel-osx-x86_64

Version: 1.1-0
Check: Rd cross-references
Result: NOTE
    Package unavailable to check Rd xrefs: ‘hasseDiagram’
Flavor: r-release-osx-x86_64

Version: 1.1-0
Check: examples
Result: ERROR
    Running examples in ‘netmeta-Ex.R’ failed
    The error most likely occurred in:
    
    > ### Name: hasse
    > ### Title: Hasse diagram
    > ### Aliases: hasse
    > ### Keywords: plot
    >
    > ### ** Examples
    >
    > # Use depression dataset
    > #
    > data(Linde2015)
    >
    > # Define order of treatments
    > #
    > trts <- c("TCA", "SSRI", "SNRI", "NRI",
    + "Low-dose SARI", "NaSSa", "rMAO-A", "Hypericum",
    + "Placebo")
    >
    > # Outcome labels
    > #
    > outcomes <- c("Early response", "Early remission")
    >
    > # (1) Early response
    > #
    > p1 <- pairwise(treat = list(treatment1, treatment2, treatment3),
    + event = list(resp1, resp2, resp3),
    + n = list(n1, n2, n3),
    + studlab = id, data = Linde2015, sm = "OR")
    > #
    > net1 <- netmeta(p1, comb.fixed = FALSE,
    + seq = trts, ref = "Placebo")
    Warning: Comparisons with missing TE / seTE or zero seTE not considered in network meta-analysis.
    Comparisons not considered in network meta-analysis:
     studlab treat1 treat2 TE seTE
     14 TCA SSRI NA NA
     18 TCA Placebo NA NA
     21 TCA rMAO-A NA NA
     27 SSRI Placebo NA NA
     51 TCA rMAO-A NA NA
     130 TCA NaSSa NA NA
     130 TCA Placebo NA NA
     130 NaSSa Placebo NA NA
     131 SSRI SNRI NA NA
    
    Warning: Note, treatments within a comparison have been re-sorted in increasing order.
    >
    > # (2) Early remission
    > #
    > p2 <- pairwise(treat = list(treatment1, treatment2, treatment3),
    + event = list(remi1, remi2, remi3),
    + n = list(n1, n2, n3),
    + studlab = id, data = Linde2015, sm = "OR")
    > #
    > net2 <- netmeta(p2, comb.fixed = FALSE,
    + seq = trts, ref = "Placebo")
    Warning: Comparisons with missing TE / seTE or zero seTE not considered in network meta-analysis.
    Comparisons not considered in network meta-analysis:
     studlab treat1 treat2 TE seTE
     1 TCA SNRI NA NA
     1 TCA Placebo NA NA
     1 SNRI Placebo NA NA
     11 TCA SSRI NA NA
     11 TCA Placebo NA NA
     11 SSRI Placebo NA NA
     14 TCA SSRI NA NA
     18 TCA Placebo NA NA
     20 TCA SSRI NA NA
     26 SSRI Placebo NA NA
     53 SSRI NaSSa NA NA
     53 SSRI Placebo NA NA
     53 NaSSa Placebo NA NA
     56 TCA SSRI NA NA
     73 Hypericum Placebo NA NA
     90 TCA SSRI NA NA
     96 TCA SSRI NA NA
     121 Low-dose SARI NaSSa NA NA
     130 TCA NaSSa NA NA
     130 TCA Placebo NA NA
     130 NaSSa Placebo NA NA
    
    Warning: Note, treatments within a comparison have been re-sorted in increasing order.
    >
    > # Partial order of treatment rankings
    > #
    > po <- netposet(netrank(net1, small.values = "bad"),
    + netrank(net2, small.values = "bad"),
    + outcomes = outcomes)
    >
    > # Hasse diagram
    > #
    > hasse(po)
    Error: Library 'hasseDiagram' missing.
     Please use the following R commands for installation:
     install.packages("BiocManager")
     BiocManager::install()
     BiocManager::install("Rgraphviz")
     install.packages("hasseDiagram")
    Execution halted
Flavor: r-release-osx-x86_64