CRAN Package Check Results for Package netmeta

Last updated on 2015-07-28 19:48:02.

Flavor Version Tinstall Tcheck Ttotal Status Flags
r-devel-linux-x86_64-debian-clang 0.8-0 0.79 25.47 26.26 NOTE
r-devel-linux-x86_64-debian-gcc 0.8-0 0.79 23.31 24.10 NOTE
r-devel-linux-x86_64-fedora-clang 0.8-0 49.96 NOTE
r-devel-linux-x86_64-fedora-gcc 0.8-0 47.52 NOTE
r-devel-osx-x86_64-clang 0.8-0 38.27 OK
r-devel-windows-ix86+x86_64 0.8-0 4.00 37.00 41.00 NOTE
r-patched-linux-x86_64 0.8-0 0.84 23.56 24.40 OK
r-patched-solaris-sparc 0.8-0 306.50 OK
r-patched-solaris-x86 0.8-0 62.70 OK
r-release-linux-x86_64 0.8-0 0.80 24.02 24.82 OK
r-release-osx-x86_64-mavericks 0.8-0 OK
r-release-windows-ix86+x86_64 0.8-0 6.00 37.00 43.00 OK
r-oldrel-windows-ix86+x86_64 0.8-0 5.00 70.00 75.00 OK

Check Details

Version: 0.8-0
Check: R code for possible problems
Result: NOTE
    as.data.frame.netmeta: no visible global function definition for
     ‘packageDescription’
    decomp.design: no visible global function definition for
     ‘packageDescription’
    decomp.tau: no visible global function definition for ‘pchisq’
    netgraph: no visible global function definition for ‘par’
    netgraph: no visible global function definition for ‘plot’
    netgraph: no visible global function definition for
     ‘installed.packages’
    netgraph : polysort: no visible global function definition for ‘sd’
    netgraph: no visible global function definition for ‘polygon’
    netgraph: no visible global function definition for ‘lines’
    netgraph: no visible global function definition for ‘text’
    netheat: no visible global function definition for ‘dist’
    netheat: no visible global function definition for ‘hclust’
    netheat: no visible global function definition for ‘heat.colors’
    netheat: no visible global function definition for ‘rgb’
    netheat : va.image: no visible global function definition for ‘par’
    netheat : va.image: no visible global function definition for ‘plot’
    netheat : va.image: no visible global function definition for ‘rect’
    netheat : va.image: no visible global function definition for ‘col2rgb’
    netheat : va.image : <anonymous>: no visible global function definition
     for ‘rgb’
    netheat : va.image: no visible global function definition for ‘text’
    netheat : va.image: no visible global function definition for ‘axis’
    netheat : legend.col: no visible global function definition for
     ‘polygon’
    netheat : legend.col: no visible global function definition for ‘plot’
    netheat : legend.col: no visible global function definition for ‘axis’
    netheat: no visible global function definition for ‘box’
    netmeta: no visible global function definition for ‘packageDescription’
    netrank: no visible global function definition for ‘packageDescription’
    nma.ruecker: no visible global function definition for ‘pchisq’
    nma.ruecker: no visible global function definition for
     ‘packageDescription’
    pairwise: no visible global function definition for
     ‘packageDescription’
    print.summary.netmeta: no visible global function definition for
     ‘pchisq’
    stress: no visible global function definition for ‘prcomp’
    stress: no visible global function definition for ‘rnorm’
    summary.netmeta: no visible global function definition for
     ‘packageDescription’
    Undefined global functions or variables:
     axis box col2rgb dist hclust heat.colors installed.packages lines
     packageDescription par pchisq plot polygon prcomp rect rgb rnorm sd
     text
    Consider adding
     importFrom("grDevices", "col2rgb", "heat.colors", "rgb")
     importFrom("graphics", "axis", "box", "lines", "par", "plot",
     "polygon", "rect", "text")
     importFrom("stats", "dist", "hclust", "pchisq", "prcomp", "rnorm",
     "sd")
     importFrom("utils", "installed.packages", "packageDescription")
    to your NAMESPACE.
Flavors: r-devel-linux-x86_64-debian-clang, r-devel-linux-x86_64-debian-gcc, r-devel-linux-x86_64-fedora-clang, r-devel-linux-x86_64-fedora-gcc, r-devel-windows-ix86+x86_64