CRAN Package Check Results for Package netmeta

Last updated on 2015-05-26 11:48:37.

Flavor Version Tinstall Tcheck Ttotal Status Flags
r-devel-linux-x86_64-debian-clang 0.7-0 0.89 24.42 25.31 NOTE
r-devel-linux-x86_64-debian-gcc 0.7-0 0.80 23.72 24.51 NOTE
r-devel-linux-x86_64-fedora-clang 0.7-0 48.89 NOTE
r-devel-linux-x86_64-fedora-gcc 0.7-0 47.35 NOTE
r-devel-osx-x86_64-clang 0.7-0 44.25 NOTE
r-devel-windows-ix86+x86_64 0.7-0 3.00 41.00 44.00 NOTE
r-patched-linux-x86_64 0.7-0 0.83 23.34 24.17 NOTE
r-patched-solaris-sparc 0.7-0 302.60 NOTE
r-patched-solaris-x86 0.7-0 63.10 NOTE
r-release-linux-x86_64 0.7-0 0.83 23.59 24.42 NOTE
r-release-osx-x86_64-mavericks 0.7-0 NOTE
r-release-osx-x86_64-snowleopard 0.7-0 NOTE
r-release-windows-ix86+x86_64 0.7-0 4.00 36.00 40.00 NOTE
r-oldrel-windows-ix86+x86_64 0.7-0 4.00 68.00 72.00 OK

Check Details

Version: 0.7-0
Check: DESCRIPTION meta-information
Result: NOTE
    Malformed Description field: should contain one or more complete sentences.
Flavors: r-devel-linux-x86_64-debian-clang, r-devel-linux-x86_64-debian-gcc, r-devel-linux-x86_64-fedora-clang, r-devel-linux-x86_64-fedora-gcc, r-devel-osx-x86_64-clang, r-devel-windows-ix86+x86_64, r-patched-linux-x86_64, r-patched-solaris-sparc, r-patched-solaris-x86, r-release-linux-x86_64, r-release-osx-x86_64-mavericks, r-release-osx-x86_64-snowleopard, r-release-windows-ix86+x86_64