CRAN Package Check Results for Package netmeta

Last updated on 2014-12-23 01:49:07.

Flavor Version Tinstall Tcheck Ttotal Status Flags
r-devel-linux-x86_64-debian-clang 0.6-0 0.94 23.92 24.86 NOTE
r-devel-linux-x86_64-debian-gcc 0.6-0 0.78 23.49 24.28 NOTE
r-devel-linux-x86_64-fedora-clang 0.6-0 49.85 NOTE
r-devel-linux-x86_64-fedora-gcc 0.6-0 47.41 NOTE
r-devel-osx-x86_64-clang 0.6-0 47.11 NOTE
r-devel-windows-ix86+x86_64 0.6-0 4.00 37.00 41.00 NOTE
r-patched-linux-x86_64 0.6-0 0.93 24.19 25.12 NOTE
r-patched-solaris-sparc 0.6-0 291.80 NOTE
r-patched-solaris-x86 0.6-0 62.90 NOTE
r-release-linux-ix86 0.6-0 1.18 31.40 32.58 NOTE
r-release-linux-x86_64 0.6-0 0.83 24.35 25.18 NOTE
r-release-osx-x86_64-mavericks 0.6-0 OK
r-release-osx-x86_64-snowleopard 0.6-0 OK
r-release-windows-ix86+x86_64 0.6-0 4.00 42.00 46.00 NOTE
r-oldrel-windows-ix86+x86_64 0.6-0 4.00 41.00 45.00 OK

Check Details

Version: 0.6-0
Check: R code for possible problems
Result: NOTE
    forest.netmeta: no visible global function definition for ‘metagen’
    nma.krahn: no visible global function definition for ‘metagen’
    nma.ruecker: no visible global function definition for ‘metagen’
Flavors: r-devel-linux-x86_64-debian-clang, r-devel-linux-x86_64-debian-gcc, r-devel-linux-x86_64-fedora-clang, r-devel-linux-x86_64-fedora-gcc, r-devel-osx-x86_64-clang, r-devel-windows-ix86+x86_64, r-patched-linux-x86_64, r-patched-solaris-sparc, r-patched-solaris-x86, r-release-linux-ix86, r-release-linux-x86_64, r-release-windows-ix86+x86_64