CRAN Package Check Results for Package netmeta

Last updated on 2015-01-26 03:52:30.

Flavor Version Tinstall Tcheck Ttotal Status Flags
r-devel-linux-x86_64-debian-clang 0.6-0 0.83 23.99 24.82 NOTE
r-devel-linux-x86_64-debian-gcc 0.6-0 0.82 21.81 22.63 NOTE
r-devel-linux-x86_64-fedora-clang 0.6-0 50.32 NOTE
r-devel-linux-x86_64-fedora-gcc 0.6-0 47.97 NOTE
r-devel-osx-x86_64-clang 0.6-0 47.73 NOTE
r-devel-windows-ix86+x86_64 0.6-0 5.00 36.00 41.00 NOTE
r-patched-linux-x86_64 0.6-0 1.06 24.29 25.36 NOTE
r-patched-solaris-sparc 0.6-0 291.90 NOTE
r-patched-solaris-x86 0.6-0 63.80 NOTE
r-release-linux-ix86 0.6-0 1.17 31.62 32.79 NOTE
r-release-linux-x86_64 0.6-0 0.87 24.50 25.38 NOTE
r-release-osx-x86_64-mavericks 0.6-0 NOTE
r-release-osx-x86_64-snowleopard 0.6-0 OK
r-release-windows-ix86+x86_64 0.6-0 4.00 40.00 44.00 NOTE
r-oldrel-windows-ix86+x86_64 0.6-0 4.00 37.00 41.00 OK

Check Details

Version: 0.6-0
Check: R code for possible problems
Result: NOTE
    forest.netmeta: no visible global function definition for ‘metagen’
    nma.krahn: no visible global function definition for ‘metagen’
    nma.ruecker: no visible global function definition for ‘metagen’
Flavors: r-devel-linux-x86_64-debian-clang, r-devel-linux-x86_64-debian-gcc, r-devel-linux-x86_64-fedora-clang, r-devel-linux-x86_64-fedora-gcc, r-devel-osx-x86_64-clang, r-devel-windows-ix86+x86_64, r-patched-linux-x86_64, r-patched-solaris-sparc, r-patched-solaris-x86, r-release-linux-ix86, r-release-linux-x86_64, r-release-osx-x86_64-mavericks, r-release-windows-ix86+x86_64