CRAN Package Check Results for Package netmeta

Last updated on 2015-03-28 16:47:16.

Flavor Version Tinstall Tcheck Ttotal Status Flags
r-devel-linux-x86_64-debian-clang 0.7-0 1.02 23.58 24.59 NOTE
r-devel-linux-x86_64-debian-gcc 0.7-0 0.85 23.56 24.41 NOTE
r-devel-linux-x86_64-fedora-clang 0.7-0 47.70 NOTE
r-devel-linux-x86_64-fedora-gcc 0.7-0 50.15 NOTE
r-devel-osx-x86_64-clang 0.7-0 50.95 NOTE
r-prerel-windows-ix86+x86_64 0.7-0 3.00 48.00 51.00 NOTE
r-prerel-linux-x86_64 0.7-0 0.84 24.02 24.86 NOTE
r-prerel-solaris-sparc 0.7-0 313.20 NOTE
r-prerel-solaris-x86 0.7-0 59.20 NOTE
r-release-linux-x86_64 0.7-0 1.24 26.61 27.85 OK
r-release-osx-x86_64-mavericks 0.7-0 OK
r-release-osx-x86_64-snowleopard 0.7-0 OK
r-release-windows-ix86+x86_64 0.7-0 3.00 40.00 43.00 OK
r-oldrel-windows-ix86+x86_64 0.7-0 4.00 58.00 62.00 OK

Check Details

Version: 0.7-0
Check: DESCRIPTION meta-information
Result: NOTE
    Malformed Description field: should contain one or more complete sentences.
Flavors: r-devel-linux-x86_64-debian-clang, r-devel-linux-x86_64-debian-gcc, r-devel-linux-x86_64-fedora-clang, r-devel-linux-x86_64-fedora-gcc, r-devel-osx-x86_64-clang, r-prerel-windows-ix86+x86_64, r-prerel-linux-x86_64, r-prerel-solaris-sparc, r-prerel-solaris-x86