CRAN Package Check Results for Package netmeta

Last updated on 2014-09-19 13:46:54.

Flavor Version Tinstall Tcheck Ttotal Status Flags
r-devel-linux-x86_64-debian-clang 0.6-0 0.82 23.20 24.02 NOTE
r-devel-linux-x86_64-debian-gcc 0.6-0 0.77 22.00 22.77 NOTE
r-devel-linux-x86_64-fedora-clang 0.6-0 47.65 NOTE
r-devel-linux-x86_64-fedora-gcc 0.6-0 44.04 NOTE
r-devel-osx-x86_64-clang 0.6-0 44.82 NOTE
r-devel-windows-ix86+x86_64 0.6-0 3.00 32.00 35.00 NOTE
r-patched-linux-x86_64 0.6-0 0.80 23.97 24.77 OK
r-patched-solaris-sparc 0.6-0 273.60 OK
r-patched-solaris-x86 0.6-0 59.90 OK
r-release-linux-ix86 0.6-0 1.19 31.37 32.56 OK
r-release-linux-x86_64 0.6-0 0.84 23.95 24.79 OK
r-release-osx-x86_64-mavericks 0.6-0 OK
r-release-osx-x86_64-snowleopard 0.6-0 OK
r-release-windows-ix86+x86_64 0.6-0 3.00 36.00 39.00 OK
r-oldrel-windows-ix86+x86_64 0.6-0 3.00 39.00 42.00 OK

Check Details

Version: 0.6-0
Check: R code for possible problems
Result: NOTE
    forest.netmeta: no visible global function definition for ‘metagen’
    nma.krahn: no visible global function definition for ‘metagen’
    nma.ruecker: no visible global function definition for ‘metagen’
Flavors: r-devel-linux-x86_64-debian-clang, r-devel-linux-x86_64-debian-gcc, r-devel-linux-x86_64-fedora-clang, r-devel-linux-x86_64-fedora-gcc, r-devel-osx-x86_64-clang, r-devel-windows-ix86+x86_64