CRAN Package Check Results for Package netmeta

Last updated on 2014-10-25 17:46:48.

Flavor Version Tinstall Tcheck Ttotal Status Flags
r-devel-linux-x86_64-debian-clang 0.6-0 1.06 23.21 24.28 NOTE
r-devel-linux-x86_64-debian-gcc 0.6-0 0.82 23.76 24.58 NOTE
r-devel-linux-x86_64-fedora-clang 0.6-0 47.32 NOTE
r-devel-linux-x86_64-fedora-gcc 0.6-0 45.90 NOTE
r-devel-osx-x86_64-clang 0.6-0 46.08 NOTE
r-devel-windows-ix86+x86_64 0.6-0 3.00 33.00 36.00 NOTE
r-patched-linux-x86_64 0.6-0 0.86 24.17 25.02 NOTE
r-patched-solaris-sparc 0.6-0 291.50 NOTE
r-patched-solaris-x86 0.6-0 62.90 NOTE
r-release-linux-ix86 0.6-0 1.17 30.79 31.96 OK
r-release-linux-x86_64 0.6-0 0.82 23.76 24.58 OK
r-release-osx-x86_64-mavericks 0.6-0 OK
r-release-osx-x86_64-snowleopard 0.6-0 OK
r-release-windows-ix86+x86_64 0.6-0 3.00 36.00 39.00 OK
r-oldrel-windows-ix86+x86_64 0.6-0 3.00 37.00 40.00 OK

Check Details

Version: 0.6-0
Check: R code for possible problems
Result: NOTE
    forest.netmeta: no visible global function definition for ‘metagen’
    nma.krahn: no visible global function definition for ‘metagen’
    nma.ruecker: no visible global function definition for ‘metagen’
Flavors: r-devel-linux-x86_64-debian-clang, r-devel-linux-x86_64-debian-gcc, r-devel-linux-x86_64-fedora-clang, r-devel-linux-x86_64-fedora-gcc, r-devel-osx-x86_64-clang, r-devel-windows-ix86+x86_64, r-patched-linux-x86_64, r-patched-solaris-sparc, r-patched-solaris-x86