CRAN Package Check Results for Package netmeta

Last updated on 2014-11-27 11:55:47.

Flavor Version Tinstall Tcheck Ttotal Status Flags
r-devel-linux-x86_64-debian-clang 0.6-0 0.81 23.71 24.52 NOTE
r-devel-linux-x86_64-debian-gcc 0.6-0 0.80 23.32 24.12 NOTE
r-devel-linux-x86_64-fedora-clang 0.6-0 50.93 NOTE
r-devel-linux-x86_64-fedora-gcc 0.6-0 51.61 NOTE
r-devel-osx-x86_64-clang 0.6-0 47.34 NOTE
r-devel-windows-ix86+x86_64 0.6-0 3.00 33.00 36.00 NOTE
r-patched-linux-x86_64 0.6-0 0.85 24.31 25.16 NOTE
r-patched-solaris-sparc 0.6-0 291.50 NOTE
r-patched-solaris-x86 0.6-0 62.70 NOTE
r-release-linux-ix86 0.6-0 1.16 31.68 32.85 NOTE
r-release-linux-x86_64 0.6-0 0.85 24.38 25.23 NOTE
r-release-osx-x86_64-mavericks 0.6-0 OK
r-release-osx-x86_64-snowleopard 0.6-0 OK
r-release-windows-ix86+x86_64 0.6-0 3.00 39.00 42.00 NOTE
r-oldrel-windows-ix86+x86_64 0.6-0 4.00 39.00 43.00 OK

Check Details

Version: 0.6-0
Check: R code for possible problems
Result: NOTE
    forest.netmeta: no visible global function definition for ‘metagen’
    nma.krahn: no visible global function definition for ‘metagen’
    nma.ruecker: no visible global function definition for ‘metagen’
Flavors: r-devel-linux-x86_64-debian-clang, r-devel-linux-x86_64-debian-gcc, r-devel-linux-x86_64-fedora-clang, r-devel-linux-x86_64-fedora-gcc, r-devel-osx-x86_64-clang, r-devel-windows-ix86+x86_64, r-patched-linux-x86_64, r-patched-solaris-sparc, r-patched-solaris-x86, r-release-linux-ix86, r-release-linux-x86_64, r-release-windows-ix86+x86_64