CRAN Package Check Results for Package netmhc2pan

Last updated on 2021-04-15 04:48:48 CEST.

Flavor Version Tinstall Tcheck Ttotal Status Flags
r-devel-linux-x86_64-debian-clang 1.3.1 3.13 32.23 35.36 NOTE
r-devel-linux-x86_64-debian-gcc 1.3.1 2.33 25.27 27.60 NOTE
r-devel-linux-x86_64-fedora-clang 1.3.1 53.60 NOTE
r-devel-linux-x86_64-fedora-gcc 1.3.1 46.05 NOTE
r-devel-windows-x86_64-gcc10-UCRT 1.3.1 NOTE
r-patched-linux-x86_64 1.3.1 3.43 31.42 34.85 OK
r-patched-solaris-x86 1.3.1 60.40 OK
r-release-linux-x86_64 1.3.1 3.40 31.11 34.51 OK
r-release-macos-x86_64 1.3.1 OK
r-release-windows-ix86+x86_64 1.3.1 28.00 56.00 84.00 OK
r-oldrel-macos-x86_64 1.3.1 OK
r-oldrel-windows-ix86+x86_64 1.3.1 6.00 39.00 45.00 OK

Check Details

Version: 1.3.1
Check: LazyData
Result: NOTE
     'LazyData' is specified without a 'data' directory
Flavors: r-devel-linux-x86_64-debian-clang, r-devel-linux-x86_64-debian-gcc, r-devel-linux-x86_64-fedora-clang, r-devel-linux-x86_64-fedora-gcc, r-devel-windows-x86_64-gcc10-UCRT