CRAN Package Check Results for Package netweavers

Last updated on 2015-05-22 09:47:40.

Flavor Version Tinstall Tcheck Ttotal Status Flags
r-devel-linux-x86_64-debian-clang 1.1 1.92 81.74 83.66 OK
r-devel-linux-x86_64-debian-gcc 1.1 1.97 81.34 83.31 OK
r-devel-linux-x86_64-fedora-clang 1.1 176.26 OK
r-devel-linux-x86_64-fedora-gcc 1.1 168.82 OK
r-devel-osx-x86_64-clang 1.1 158.50 OK
r-devel-windows-ix86+x86_64 1.1 8.00 126.00 134.00 OK
r-patched-linux-x86_64 1.1 1.98 82.85 84.83 OK
r-patched-solaris-sparc 1.1 385.40 OK --no-vignettes
r-patched-solaris-x86 1.1 224.00 OK
r-release-linux-x86_64 1.1 2.62 82.02 84.64 OK
r-release-osx-x86_64-mavericks 1.1 OK
r-release-osx-x86_64-snowleopard 1.1 ERROR
r-release-windows-ix86+x86_64 1.1 7.00 119.00 126.00 OK
r-oldrel-windows-ix86+x86_64 1.1 9.00 140.00 149.00 OK

Check Details

Version: 1.1
Check: package dependencies
Result: ERROR
    Packages required but not available: ‘BiocGenerics’ ‘Biobase’ ‘limma’
    
    See section ‘The DESCRIPTION file’ in the ‘Writing R Extensions’
    manual.
Flavor: r-release-osx-x86_64-snowleopard