CRAN Package Check Results for Package netweavers

Last updated on 2014-07-29 07:48:59.

Flavor Version Tinstall Tcheck Ttotal Status Flags
r-devel-linux-x86_64-debian-clang 1.0 2.83 32.90 35.73 NOTE
r-devel-linux-x86_64-debian-gcc 1.0 2.51 31.84 34.35 NOTE
r-devel-linux-x86_64-fedora-clang 1.0 86.33 NOTE
r-devel-linux-x86_64-fedora-gcc 1.0 74.29 NOTE
r-devel-osx-x86_64-clang 1.0 67.22 NOTE
r-devel-windows-ix86+x86_64 1.0 8.00 49.00 57.00 NOTE
r-patched-linux-x86_64 1.0 3.73 31.97 35.70 NOTE
r-patched-solaris-sparc 1.0 437.90 NOTE --no-vignettes
r-patched-solaris-x86 1.0 99.70 NOTE
r-release-linux-ix86 1.0 3.13 42.74 45.87 NOTE
r-release-linux-x86_64 1.0 2.71 35.24 37.95 NOTE
r-release-osx-x86_64-mavericks 1.0 NOTE
r-release-osx-x86_64-snowleopard 1.0 NOTE
r-release-windows-ix86+x86_64 1.0 7.00 52.00 59.00 NOTE
r-oldrel-windows-ix86+x86_64 1.0 8.00 312.00 320.00 NOTE

Check Details

Version: 1.0
Check: dependencies in R code
Result: NOTE
    Packages in Depends field not imported from:
     Biobase BiocGenerics igraph limma
     These packages need to be imported from (in the NAMESPACE file)
     for when this namespace is loaded but not attached.
    See the information on DESCRIPTION files in the chapter Creating R
    packages of the Writing R Extensions manual.
Flavors: r-devel-linux-x86_64-debian-clang, r-devel-linux-x86_64-debian-gcc, r-devel-linux-x86_64-fedora-clang, r-devel-linux-x86_64-fedora-gcc, r-devel-osx-x86_64-clang, r-devel-windows-ix86+x86_64, r-patched-linux-x86_64, r-patched-solaris-x86, r-release-linux-ix86, r-release-linux-x86_64, r-release-osx-x86_64-mavericks, r-release-osx-x86_64-snowleopard, r-release-windows-ix86+x86_64, r-oldrel-windows-ix86+x86_64

Version: 1.0
Check: for old-style vignette sources
Result: NOTE
    Vignette sources only in inst/doc :
     netweavers.Rnw
    A vignettes directory is required as from R 3.1.0
    and these will not be indexed nor checked
Flavors: r-devel-linux-x86_64-debian-clang, r-devel-linux-x86_64-debian-gcc, r-devel-linux-x86_64-fedora-clang, r-devel-linux-x86_64-fedora-gcc, r-devel-osx-x86_64-clang, r-devel-windows-ix86+x86_64, r-patched-linux-x86_64, r-patched-solaris-x86, r-release-linux-ix86, r-release-linux-x86_64, r-release-osx-x86_64-mavericks, r-release-osx-x86_64-snowleopard, r-release-windows-ix86+x86_64

Version: 1.0
Flags: --no-vignettes
Check: dependencies in R code
Result: NOTE
    Packages in Depends field not imported from:
     Biobase BiocGenerics igraph limma
     These packages need to be imported from (in the NAMESPACE file)
     for when this namespace is loaded but not attached.
    See the information on DESCRIPTION files in the chapter Creating R
    packages of the Writing R Extensions manual.
Flavor: r-patched-solaris-sparc

Version: 1.0
Flags: --no-vignettes
Check: for old-style vignette sources
Result: NOTE
    Vignette sources only in inst/doc :
     netweavers.Rnw
    A vignettes directory is required as from R 3.1.0
    and these will not be indexed nor checked
Flavor: r-patched-solaris-sparc

Version: 1.0
Check: for old-style vignette sources
Result: NOTE
    Vignette sources only in 'inst/doc':
     'netweavers.Rnw'
    A 'vignettes' directory will be required as from R 3.1.0
Flavor: r-oldrel-windows-ix86+x86_64