CRAN Package Check Results for Package netweavers

Last updated on 2015-01-30 08:51:30.

Flavor Version Tinstall Tcheck Ttotal Status Flags
r-devel-linux-x86_64-debian-clang 1.1 2.50 95.41 97.91 OK
r-devel-linux-x86_64-debian-gcc 1.1 2.40 93.26 95.66 OK
r-devel-linux-x86_64-fedora-clang 1.1 192.88 OK
r-devel-linux-x86_64-fedora-gcc 1.1 187.71 OK
r-devel-osx-x86_64-clang 1.1 183.87 OK
r-devel-windows-ix86+x86_64 1.1 10.00 138.00 148.00 OK
r-patched-linux-x86_64 1.1 2.56 105.10 107.65 OK
r-patched-solaris-sparc 1.1 468.80 OK --no-vignettes
r-patched-solaris-x86 1.1 256.10 OK
r-release-linux-ix86 1.1 3.00 122.54 125.54 OK
r-release-linux-x86_64 1.1 2.59 108.98 111.57 OK
r-release-osx-x86_64-mavericks 1.1 OK
r-release-osx-x86_64-snowleopard 1.1 OK
r-release-windows-ix86+x86_64 1.1 8.00 163.00 171.00 OK
r-oldrel-windows-ix86+x86_64 1.0 9.00 313.00 322.00 NOTE

Check Details

Version: 1.0
Check: dependencies in R code
Result: NOTE
    Packages in Depends field not imported from:
     'Biobase' 'BiocGenerics' 'igraph' 'limma'
     These packages need to be imported from (in the NAMESPACE file)
     for when this namespace is loaded but not attached.
    See the information on DESCRIPTION files in the chapter 'Creating R
    packages' of the 'Writing R Extensions' manual.
Flavor: r-oldrel-windows-ix86+x86_64

Version: 1.0
Check: for old-style vignette sources
Result: NOTE
    Vignette sources only in 'inst/doc':
     'netweavers.Rnw'
    A 'vignettes' directory will be required as from R 3.1.0
Flavor: r-oldrel-windows-ix86+x86_64