CRAN Package Check Results for Package netweavers

Last updated on 2015-07-29 17:48:07.

Flavor Version Tinstall Tcheck Ttotal Status Flags
r-devel-linux-x86_64-debian-clang 1.1 1.88 85.11 86.99 WARN
r-devel-linux-x86_64-debian-gcc 1.1 1.92 82.29 84.21 WARN
r-devel-linux-x86_64-fedora-clang 1.1 176.59 WARN
r-devel-linux-x86_64-fedora-gcc 1.1 171.90 WARN
r-devel-osx-x86_64-clang 1.1 137.34 WARN
r-devel-windows-ix86+x86_64 1.1 10.00 119.00 129.00 WARN
r-patched-linux-x86_64 1.1 1.88 81.56 83.44 WARN
r-patched-solaris-sparc 1.1 400.40 WARN --no-vignettes
r-patched-solaris-x86 1.1 220.70 WARN
r-release-linux-x86_64 1.1 1.91 82.52 84.43 WARN
r-release-osx-x86_64-mavericks 1.1 OK
r-release-windows-ix86+x86_64 1.1 9.00 130.00 139.00 WARN
r-oldrel-windows-ix86+x86_64 1.1 11.00 154.00 165.00 WARN

Check Details

Version: 1.1
Check: whether package can be installed
Result: WARN
    Found the following significant warnings:
     Warning: replacing previous import by ‘igraph::union’ when loading ‘netweavers’
     Warning: replacing previous import by ‘igraph::normalize’ when loading ‘netweavers’
Flavors: r-devel-linux-x86_64-debian-clang, r-devel-linux-x86_64-debian-gcc, r-devel-linux-x86_64-fedora-clang, r-devel-linux-x86_64-fedora-gcc, r-devel-osx-x86_64-clang, r-devel-windows-ix86+x86_64, r-patched-linux-x86_64, r-patched-solaris-x86, r-release-linux-x86_64, r-release-windows-ix86+x86_64

Version: 1.1
Check: R code for possible problems
Result: NOTE
    DEtest: no visible global function definition for ‘model.matrix’
    DEtest: no visible global function definition for ‘p.adjust’
    customSummarizer: no visible global function definition for ‘new’
    esetSummarizer: no visible global function definition for ‘new’
    fisherMethod: no visible global function definition for ‘pchisq’
    pvalueSummarizer: no visible global function definition for ‘aggregate’
    summarizer : <anonymous>: no visible global function definition for
     ‘aggregate’
    summarizer: no visible global function definition for ‘reshape’
    weightCalc: no visible global function definition for ‘aggregate’
    Undefined global functions or variables:
     aggregate model.matrix new p.adjust pchisq reshape
    Consider adding
     importFrom("methods", "new")
     importFrom("stats", "aggregate", "model.matrix", "p.adjust", "pchisq",
     "reshape")
    to your NAMESPACE.
Flavors: r-devel-linux-x86_64-debian-clang, r-devel-linux-x86_64-debian-gcc, r-devel-linux-x86_64-fedora-clang, r-devel-linux-x86_64-fedora-gcc, r-devel-windows-ix86+x86_64

Version: 1.1
Flags: --no-vignettes
Check: whether package can be installed
Result: WARN
    Found the following significant warnings:
     Warning: replacing previous import by ‘igraph::union’ when loading ‘netweavers’
     Warning: replacing previous import by ‘igraph::normalize’ when loading ‘netweavers’
Flavor: r-patched-solaris-sparc

Version: 1.1
Check: whether package can be installed
Result: WARN
    Found the following significant warnings:
     Warning: replacing previous import by 'igraph::normalize' when loading 'netweavers'
     Warning: replacing previous import by 'igraph::union' when loading 'netweavers'
Flavor: r-oldrel-windows-ix86+x86_64