CRAN Package Check Results for Package netweavers

Last updated on 2014-12-22 11:51:44.

Flavor Version Tinstall Tcheck Ttotal Status Flags
r-devel-linux-x86_64-debian-clang 1.1 2.52 97.56 100.08 OK
r-devel-linux-x86_64-debian-gcc 1.1 2.46 98.84 101.30 OK
r-devel-linux-x86_64-fedora-clang 1.1 212.86 OK
r-devel-linux-x86_64-fedora-gcc 1.1 206.25 OK
r-devel-osx-x86_64-clang 1.1 184.70 OK
r-devel-windows-ix86+x86_64 1.1 8.00 145.00 153.00 OK
r-patched-linux-x86_64 1.1 2.61 108.80 111.41 OK
r-patched-solaris-sparc 1.1 469.70 OK --no-vignettes
r-patched-solaris-x86 1.1 260.30 OK
r-release-linux-ix86 1.1 3.01 122.22 125.24 OK
r-release-linux-x86_64 1.1 3.29 108.57 111.86 OK
r-release-osx-x86_64-mavericks 1.1 OK
r-release-osx-x86_64-snowleopard 1.1 OK
r-release-windows-ix86+x86_64 1.1 8.00 167.00 175.00 OK
r-oldrel-windows-ix86+x86_64 1.0 9.00 313.00 322.00 NOTE

Check Details

Version: 1.0
Check: dependencies in R code
Result: NOTE
    Packages in Depends field not imported from:
     'Biobase' 'BiocGenerics' 'igraph' 'limma'
     These packages need to be imported from (in the NAMESPACE file)
     for when this namespace is loaded but not attached.
    See the information on DESCRIPTION files in the chapter 'Creating R
    packages' of the 'Writing R Extensions' manual.
Flavor: r-oldrel-windows-ix86+x86_64

Version: 1.0
Check: for old-style vignette sources
Result: NOTE
    Vignette sources only in 'inst/doc':
     'netweavers.Rnw'
    A 'vignettes' directory will be required as from R 3.1.0
Flavor: r-oldrel-windows-ix86+x86_64