CRAN Package Check Results for Package netweavers

Last updated on 2015-03-05 12:48:06.

Flavor Version Tinstall Tcheck Ttotal Status Flags
r-devel-linux-x86_64-debian-clang 1.1 1.90 82.79 84.69 OK
r-devel-linux-x86_64-debian-gcc 1.1 1.83 80.33 82.16 OK
r-devel-linux-x86_64-fedora-clang 1.1 171.01 OK
r-devel-linux-x86_64-fedora-gcc 1.1 165.71 OK
r-devel-osx-x86_64-clang 1.1 188.60 OK
r-devel-windows-ix86+x86_64 1.1 6.00 120.00 126.00 OK
r-patched-linux-x86_64 1.1 2.86 106.00 108.85 OK
r-patched-solaris-sparc 1.1 502.30 OK --no-vignettes
r-patched-solaris-x86 1.1 254.30 OK
r-release-linux-ix86 1.1 3.11 123.55 126.66 OK
r-release-linux-x86_64 1.1 2.71 108.54 111.26 OK
r-release-osx-x86_64-mavericks 1.1 OK
r-release-osx-x86_64-snowleopard 1.1 OK
r-release-windows-ix86+x86_64 1.1 7.00 166.00 173.00 OK
r-oldrel-windows-ix86+x86_64 1.0 9.00 313.00 322.00 NOTE

Check Details

Version: 1.0
Check: dependencies in R code
Result: NOTE
    Packages in Depends field not imported from:
     'Biobase' 'BiocGenerics' 'igraph' 'limma'
     These packages need to be imported from (in the NAMESPACE file)
     for when this namespace is loaded but not attached.
    See the information on DESCRIPTION files in the chapter 'Creating R
    packages' of the 'Writing R Extensions' manual.
Flavor: r-oldrel-windows-ix86+x86_64

Version: 1.0
Check: for old-style vignette sources
Result: NOTE
    Vignette sources only in 'inst/doc':
     'netweavers.Rnw'
    A 'vignettes' directory will be required as from R 3.1.0
Flavor: r-oldrel-windows-ix86+x86_64