CRAN Package Check Results for Package netweavers

Last updated on 2014-09-20 01:49:15.

Flavor Version Tinstall Tcheck Ttotal Status Flags
r-devel-linux-x86_64-debian-clang 1.1 2.49 101.17 103.66 OK
r-devel-linux-x86_64-debian-gcc 1.1 2.46 99.12 101.58 OK
r-devel-linux-x86_64-fedora-clang 1.1 215.20 OK
r-devel-linux-x86_64-fedora-gcc 1.1 207.88 OK
r-devel-osx-x86_64-clang 1.1 173.73 OK
r-devel-windows-ix86+x86_64 1.1 8.00 142.00 150.00 OK
r-patched-linux-x86_64 1.1 2.60 113.80 116.40 OK
r-patched-solaris-sparc 1.1 431.30 OK --no-vignettes
r-patched-solaris-x86 1.1 214.70 OK
r-release-linux-ix86 1.1 3.14 132.58 135.71 OK
r-release-linux-x86_64 1.1 2.86 109.34 112.20 OK
r-release-osx-x86_64-mavericks 1.1 OK
r-release-osx-x86_64-snowleopard 1.0 NOTE
r-release-windows-ix86+x86_64 1.1 9.00 159.00 168.00 OK
r-oldrel-windows-ix86+x86_64 1.0 9.00 313.00 322.00 NOTE

Check Details

Version: 1.0
Check: dependencies in R code
Result: NOTE
    Packages in Depends field not imported from:
     ‘Biobase’ ‘BiocGenerics’ ‘igraph’ ‘limma’
     These packages need to be imported from (in the NAMESPACE file)
     for when this namespace is loaded but not attached.
    See the information on DESCRIPTION files in the chapter ‘Creating R
    packages’ of the ‘Writing R Extensions’ manual.
Flavors: r-release-osx-x86_64-snowleopard, r-oldrel-windows-ix86+x86_64

Version: 1.0
Check: for old-style vignette sources
Result: NOTE
    Vignette sources only in ‘inst/doc’:
     ‘netweavers.Rnw’
    A ‘vignettes’ directory is required as from R 3.1.0
    and these will not be indexed nor checked
Flavor: r-release-osx-x86_64-snowleopard

Version: 1.0
Check: for old-style vignette sources
Result: NOTE
    Vignette sources only in 'inst/doc':
     'netweavers.Rnw'
    A 'vignettes' directory will be required as from R 3.1.0
Flavor: r-oldrel-windows-ix86+x86_64