CRAN Package Check Results for Package netweavers

Last updated on 2015-09-05 17:48:06.

Flavor Version Tinstall Tcheck Ttotal Status Flags
r-devel-linux-x86_64-debian-clang 1.1 1.82 79.34 81.16 WARN
r-devel-linux-x86_64-debian-gcc 1.1 1.76 78.84 80.60 WARN
r-devel-linux-x86_64-fedora-clang 1.1 169.08 WARN
r-devel-linux-x86_64-fedora-gcc 1.1 165.13 WARN
r-devel-osx-x86_64-clang 1.1 142.37 WARN
r-devel-windows-ix86+x86_64 1.1 11.00 135.00 146.00 WARN
r-patched-linux-x86_64 1.1 1.94 82.85 84.78 WARN
r-patched-solaris-sparc 1.1 400.40 WARN --no-vignettes
r-patched-solaris-x86 1.1 221.10 WARN
r-release-linux-x86_64 1.1 1.89 82.60 84.50 WARN
r-release-osx-x86_64-mavericks 1.1 OK
r-release-windows-ix86+x86_64 1.1 10.00 184.00 194.00 WARN
r-oldrel-windows-ix86+x86_64 1.1 9.00 185.00 194.00 WARN

Check Details

Version: 1.1
Check: whether package can be installed
Result: WARN
    Found the following significant warnings:
     Warning: replacing previous import by ‘igraph::union’ when loading ‘netweavers’
     Warning: replacing previous import by ‘igraph::normalize’ when loading ‘netweavers’
Flavors: r-devel-linux-x86_64-debian-clang, r-devel-linux-x86_64-debian-gcc, r-devel-linux-x86_64-fedora-clang, r-devel-linux-x86_64-fedora-gcc, r-devel-osx-x86_64-clang, r-devel-windows-ix86+x86_64, r-patched-linux-x86_64, r-patched-solaris-x86, r-release-linux-x86_64, r-release-windows-ix86+x86_64

Version: 1.1
Check: R code for possible problems
Result: NOTE
    DEtest: no visible global function definition for ‘model.matrix’
    DEtest: no visible global function definition for ‘p.adjust’
    customSummarizer: no visible global function definition for ‘new’
    esetSummarizer: no visible global function definition for ‘new’
    fisherMethod: no visible global function definition for ‘pchisq’
    pvalueSummarizer: no visible global function definition for ‘aggregate’
    summarizer : <anonymous>: no visible global function definition for
     ‘aggregate’
    summarizer: no visible global function definition for ‘reshape’
    weightCalc: no visible global function definition for ‘aggregate’
    Undefined global functions or variables:
     aggregate model.matrix new p.adjust pchisq reshape
    Consider adding
     importFrom("methods", "new")
     importFrom("stats", "aggregate", "model.matrix", "p.adjust", "pchisq",
     "reshape")
    to your NAMESPACE (and ensure that your DESCRIPTION Imports field
    contains 'methods').
Flavors: r-devel-linux-x86_64-debian-clang, r-devel-linux-x86_64-debian-gcc, r-devel-linux-x86_64-fedora-clang, r-devel-linux-x86_64-fedora-gcc, r-devel-windows-ix86+x86_64

Version: 1.1
Flags: --no-vignettes
Check: whether package can be installed
Result: WARN
    Found the following significant warnings:
     Warning: replacing previous import by ‘igraph::union’ when loading ‘netweavers’
     Warning: replacing previous import by ‘igraph::normalize’ when loading ‘netweavers’
Flavor: r-patched-solaris-sparc

Version: 1.1
Check: whether package can be installed
Result: WARN
    Found the following significant warnings:
     Warning: replacing previous import by 'igraph::normalize' when loading 'netweavers'
     Warning: replacing previous import by 'igraph::union' when loading 'netweavers'
Flavor: r-oldrel-windows-ix86+x86_64