CRAN Package Check Results for Package netweavers

Last updated on 2014-11-01 11:49:07.

Flavor Version Tinstall Tcheck Ttotal Status Flags
r-devel-linux-x86_64-debian-clang 1.1 2.51 100.44 102.94 OK
r-devel-linux-x86_64-debian-gcc 1.1 2.54 95.79 98.32 OK
r-devel-linux-x86_64-fedora-clang 1.1 211.08 OK
r-devel-linux-x86_64-fedora-gcc 1.1 205.44 OK
r-devel-osx-x86_64-clang 1.1 182.01 OK
r-devel-windows-ix86+x86_64 1.1 7.00 143.00 150.00 OK
r-patched-linux-x86_64 1.1 2.90 109.30 112.20 OK
r-patched-solaris-sparc 1.1 431.30 OK --no-vignettes
r-patched-solaris-x86 1.1 261.90 OK
r-release-linux-ix86 1.1 3.61 128.80 132.41 OK
r-release-linux-x86_64 1.1 2.92 111.37 114.29 OK
r-release-osx-x86_64-mavericks 1.1 OK
r-release-osx-x86_64-snowleopard 1.1 OK
r-release-windows-ix86+x86_64 1.1 8.00 161.00 169.00 OK
r-oldrel-windows-ix86+x86_64 1.0 9.00 313.00 322.00 NOTE

Check Details

Version: 1.0
Check: dependencies in R code
Result: NOTE
    Packages in Depends field not imported from:
     'Biobase' 'BiocGenerics' 'igraph' 'limma'
     These packages need to be imported from (in the NAMESPACE file)
     for when this namespace is loaded but not attached.
    See the information on DESCRIPTION files in the chapter 'Creating R
    packages' of the 'Writing R Extensions' manual.
Flavor: r-oldrel-windows-ix86+x86_64

Version: 1.0
Check: for old-style vignette sources
Result: NOTE
    Vignette sources only in 'inst/doc':
     'netweavers.Rnw'
    A 'vignettes' directory will be required as from R 3.1.0
Flavor: r-oldrel-windows-ix86+x86_64