CRAN Package Check Results for Package network

Last updated on 2017-05-24 09:48:08.

Flavor Version Tinstall Tcheck Ttotal Status Flags
r-devel-linux-x86_64-debian-clang 1.13.0 2.93 48.95 51.88 OK
r-devel-linux-x86_64-debian-gcc 1.13.0 2.96 47.72 50.68 OK
r-devel-linux-x86_64-fedora-clang 1.13.0 93.71 OK --no-stop-on-test-error
r-devel-linux-x86_64-fedora-gcc 1.13.0 89.62 OK --no-stop-on-test-error
r-devel-windows-ix86+x86_64 1.13.0 14.00 111.00 125.00 OK
r-patched-linux-x86_64 1.13.0 2.70 47.58 50.28 OK
r-patched-solaris-sparc 1.13.0 549.80 OK
r-patched-solaris-x86 1.13.0 106.50 OK
r-release-linux-x86_64 1.13.0 2.77 48.11 50.88 OK
r-release-windows-ix86+x86_64 1.13.0 16.00 161.00 177.00 OK
r-release-osx-x86_64 1.13.0 OK
r-oldrel-windows-ix86+x86_64 1.13.0 34.00 116.00 150.00 OK
r-oldrel-osx-x86_64 1.13.0 ERROR

Additional issues

valgrind

Check Details

Version: 1.13.0
Check: examples
Result: ERROR
    Running examples in ‘network-Ex.R’ failed
    The error most likely occurred in:
    
    > ### Name: read.paj
    > ### Title: Read a Pajek Project or Network File and Convert to an R
    > ### 'Network' Object
    > ### Aliases: read.paj read.paj.simplify switchArcDirection
    > ### readAndVectorizeLine
    > ### Keywords: datasets
    >
    > ### ** Examples
    >
    >
    > require(network)
    >
    > par(mfrow=c(2,2))
    >
    > test.net.1 <- read.paj("http://vlado.fmf.uni-lj.si/pub/networks/data/GD/gd98/A98.net")
    Warning in file(file, "rt") :
     cannot open URL 'http://vlado.fmf.uni-lj.si/pub/networks/data/GD/gd98/A98.net': HTTP status was '0 (null)'
    Error in file(file, "rt") : cannot open the connection
    Calls: read.paj -> file
    Execution halted
Flavor: r-oldrel-osx-x86_64

Version: 1.13.0
Check: tests
Result: ERROR
    Running the tests in ‘tests/read.paj_tests.R’ failed.
    Last 13 lines of output:
     >
     >
     >
     > # this file has character encoding issues
     > scotland<-tempfile('scotland',fileext='.zip')
     > download.file('http://vlado.fmf.uni-lj.si/pub/networks/data/esna/scotland.zip',scotland)
     trying URL 'http://vlado.fmf.uni-lj.si/pub/networks/data/esna/scotland.zip'
     Error in download.file("http://vlado.fmf.uni-lj.si/pub/networks/data/esna/scotland.zip", :
     cannot open URL 'http://vlado.fmf.uni-lj.si/pub/networks/data/esna/scotland.zip'
     In addition: Warning message:
     In download.file("http://vlado.fmf.uni-lj.si/pub/networks/data/esna/scotland.zip", :
     cannot open URL 'http://vlado.fmf.uni-lj.si/pub/networks/data/esna/scotland.zip': HTTP status was '0 (null)'
     Execution halted
Flavor: r-oldrel-osx-x86_64