CRAN Package Check Results for Package network

Last updated on 2015-03-03 22:48:24.

Flavor Version Tinstall Tcheck Ttotal Status Flags
r-devel-linux-x86_64-debian-clang 1.11.3 2.21 37.37 39.58 NOTE
r-devel-linux-x86_64-debian-gcc 1.11.3 3.02 36.69 39.72 NOTE
r-devel-linux-x86_64-fedora-clang 1.11.3 77.08 NOTE
r-devel-linux-x86_64-fedora-gcc 1.11.3 73.67 NOTE
r-devel-osx-x86_64-clang 1.11.3 77.54 NOTE
r-devel-windows-ix86+x86_64 1.11.3 12.00 72.00 84.00 OK
r-patched-linux-x86_64 1.11.3 2.84 39.03 41.86 OK
r-patched-solaris-sparc 1.11.3 542.00 OK
r-patched-solaris-x86 1.11.3 122.10 OK
r-release-linux-ix86 1.11.3 3.64 50.92 54.55 OK
r-release-linux-x86_64 1.11.3 2.69 39.97 42.66 OK
r-release-osx-x86_64-mavericks 1.11.3 NOTE
r-release-osx-x86_64-snowleopard 1.11.3 OK
r-release-windows-ix86+x86_64 1.11.3 17.00 70.00 87.00 OK
r-oldrel-windows-ix86+x86_64 1.11.3 13.00 80.00 93.00 OK

Check Details

Version: 1.11.3
Check: S3 generic/method consistency
Result: NOTE
    Found the following apparent S3 methods exported but not registered:
     !.network %c%.network &.network *.network +.network -.network
     add.edge.network add.edges.network add.vertices.network
     as.matrix.network as.matrix.network.adjacency
     as.matrix.network.edgelist as.matrix.network.incidence
     as.network.default as.network.matrix as.network.network is.na.network
     plot.network plot.network.default print.mixingmatrix print.network
     print.summary.character print.summary.network prod.network
     sum.network summary.character summary.network |.network
    See section ‘Registering S3 methods’ in the ‘Writing R Extensions’
    manual.
Flavors: r-devel-linux-x86_64-debian-clang, r-devel-linux-x86_64-debian-gcc, r-devel-linux-x86_64-fedora-clang, r-devel-linux-x86_64-fedora-gcc, r-devel-osx-x86_64-clang

Version: 1.11.3
Check: re-building of vignette outputs
Result: NOTE
    Error in re-building vignettes:
     ...
     first element used of 'each' argument
    Error in texi2dvi(file = file, pdf = TRUE, clean = clean, quiet = quiet, :
     Running 'texi2dvi' on 'networkVignette.tex' failed.
    LaTeX errors:
    ! Undefined control sequence.
    l.15 x<9c><ed>\Mk
     ^^S<df>^^Z^^?Lo<8d>#2<93>C<b9>қ?m<c2><80><b4>\B^^S^^Xt!HE^^J
    The control sequence at the end of the top line
    of your error message was never \def'ed. If you have
    ! Undefined control sequence.
    l.15 x<9c><ed>\Mk^^S<df>^^Z^^?Lo<8d>#2<93>C<b9>қ?m<c2><80><b4>\B
     ^^S^^Xt!HE^^J
    The control sequence at the end of the top line
    of your error message was never \def'ed. If you have
    ! LaTeX Error: Missing \begin{document}.
    
    See the LaTeX manual or LaTeX Companion for explanation.
    Type H <return> for immediate help.
     ...
    ! Extra }, or forgotten \endgroup.
    l.16 ...NMD<86>a<cc><cf><cf><0b>!8<e7><e3><e3><e3>+++^^O^^^<<98><9b><9b>c<8c><e1>4<b3><b3><b3><a6>ibb6<9b>}
     <fc><f8>1p^^[^^_^^_<af><d5>j+++O<9e><^^A>...
    I've deleted a group-closing symbol becaus
    Calls: buildVignettes -> texi2pdf -> texi2dvi
    Execution halted
Flavor: r-release-osx-x86_64-mavericks