CRAN Package Check Results for Package network

Last updated on 2016-07-24 17:49:11.

Flavor Version Tinstall Tcheck Ttotal Status Flags
r-devel-linux-x86_64-debian-clang 1.13.0 3.28 44.82 48.10 OK
r-devel-linux-x86_64-debian-gcc 1.13.0 3.49 42.71 46.20 OK
r-devel-linux-x86_64-fedora-clang 1.13.0 69.42 OK
r-devel-linux-x86_64-fedora-gcc 1.13.0 65.34 OK
r-devel-osx-x86_64-clang 1.13.0 56.27 OK
r-devel-windows-ix86+x86_64 1.13.0 11.00 91.00 102.00 OK
r-patched-linux-x86_64 1.13.0 3.02 42.94 45.96 OK
r-patched-solaris-sparc 1.13.0 420.60 OK
r-patched-solaris-x86 1.13.0 91.80 OK
r-release-linux-x86_64 1.13.0 3.21 43.63 46.83 OK
r-release-osx-x86_64-mavericks 1.13.0 ERROR
r-release-windows-ix86+x86_64 1.13.0 14.00 92.00 106.00 OK
r-oldrel-windows-ix86+x86_64 1.13.0 18.00 95.00 113.00 OK

Check Details

Version: 1.13.0
Check: examples
Result: ERROR
    Running examples in ‘network-Ex.R’ failed
    The error most likely occurred in:
    
    > ### Name: read.paj
    > ### Title: Read a Pajek Project or Network File and Convert to an R
    > ### 'Network' Object
    > ### Aliases: read.paj read.paj.simplify switchArcDirection
    > ### readAndVectorizeLine
    > ### Keywords: datasets
    >
    > ### ** Examples
    >
    >
    > require(network)
    >
    > par(mfrow=c(2,2))
    >
    > test.net.1 <- read.paj("http://vlado.fmf.uni-lj.si/pub/networks/data/GD/gd98/A98.net")
    Warning in file(file, "rt") :
     cannot open URL 'http://vlado.fmf.uni-lj.si/pub/networks/data/GD/gd98/A98.net': HTTP status was '0 (null)'
    Error in file(file, "rt") : cannot open the connection
    Calls: read.paj -> file
    Execution halted
Flavor: r-release-osx-x86_64-mavericks

Version: 1.13.0
Check: tests
Result: ERROR
    Running the tests in ‘tests/read.paj_tests.R’ failed.
    Last 13 lines of output:
     >
     >
     >
     > # this file has character encoding issues
     > scotland<-tempfile('scotland',fileext='.zip')
     > download.file('http://vlado.fmf.uni-lj.si/pub/networks/data/esna/scotland.zip',scotland)
     trying URL 'http://vlado.fmf.uni-lj.si/pub/networks/data/esna/scotland.zip'
     Error in download.file("http://vlado.fmf.uni-lj.si/pub/networks/data/esna/scotland.zip", :
     cannot open URL 'http://vlado.fmf.uni-lj.si/pub/networks/data/esna/scotland.zip'
     In addition: Warning message:
     In download.file("http://vlado.fmf.uni-lj.si/pub/networks/data/esna/scotland.zip", :
     cannot open URL 'http://vlado.fmf.uni-lj.si/pub/networks/data/esna/scotland.zip': HTTP status was '0 (null)'
     Execution halted
Flavor: r-release-osx-x86_64-mavericks