CRAN Package Check Results for Package network

Last updated on 2015-01-30 14:48:54.

Flavor Version Tinstall Tcheck Ttotal Status Flags
r-devel-linux-x86_64-debian-clang 1.11.3 2.19 38.77 40.96 NOTE
r-devel-linux-x86_64-debian-gcc 1.11.3 2.64 37.61 40.25 NOTE
r-devel-linux-x86_64-fedora-clang 1.11.3 88.58 NOTE
r-devel-linux-x86_64-fedora-gcc 1.11.3 83.61 NOTE
r-devel-osx-x86_64-clang 1.11.3 82.77 NOTE
r-devel-windows-ix86+x86_64 1.11.3 20.00 65.00 85.00 OK
r-patched-linux-x86_64 1.11.3 2.70 39.00 41.70 OK
r-patched-solaris-sparc 1.11.3 508.30 OK
r-patched-solaris-x86 1.11.3 121.60 OK
r-release-linux-ix86 1.11.3 3.60 48.11 51.71 OK
r-release-linux-x86_64 1.11.3 2.89 38.86 41.76 OK
r-release-osx-x86_64-mavericks 1.11.3 NOTE
r-release-osx-x86_64-snowleopard 1.11.3 OK
r-release-windows-ix86+x86_64 1.11.3 14.00 73.00 87.00 OK
r-oldrel-windows-ix86+x86_64 1.11.3 14.00 75.00 89.00 OK

Check Details

Version: 1.11.3
Check: S3 generic/method consistency
Result: NOTE
    Found the following apparent S3 methods exported but not registered:
     %c%.network add.edge.network add.edges.network add.vertices.network
     as.network.default as.network.matrix as.network.network
     as.matrix.network as.matrix.network.adjacency
     as.matrix.network.edgelist as.matrix.network.incidence
     print.mixingmatrix print.network print.summary.character
     print.summary.network summary.character summary.network plot.network
     plot.network.default is.na.network +.network -.network *.network
     &.network |.network !.network sum.network prod.network
    See section ‘Registering S3 methods’ in the ‘Writing R Extensions’
    manual.
Flavors: r-devel-linux-x86_64-debian-clang, r-devel-linux-x86_64-debian-gcc, r-devel-linux-x86_64-fedora-clang, r-devel-linux-x86_64-fedora-gcc, r-devel-osx-x86_64-clang

Version: 1.11.3
Check: re-building of vignette outputs
Result: NOTE
    Error in re-building vignettes:
     ...
     first element used of 'each' argument
    Error in texi2dvi(file = file, pdf = TRUE, clean = clean, quiet = quiet, :
     Running 'texi2dvi' on 'networkVignette.tex' failed.
    LaTeX errors:
    ! Undefined control sequence.
    l.15 x<9c><ed>\Mk
     ^^S<df>^^Z^^?Lo<8d>#2<93>C<b9>қ?m<c2><80><b4>\B^^S^^Xt!HE^^J
    The control sequence at the end of the top line
    of your error message was never \def'ed. If you have
    ! Undefined control sequence.
    l.15 x<9c><ed>\Mk^^S<df>^^Z^^?Lo<8d>#2<93>C<b9>қ?m<c2><80><b4>\B
     ^^S^^Xt!HE^^J
    The control sequence at the end of the top line
    of your error message was never \def'ed. If you have
    ! LaTeX Error: Missing \begin{document}.
    
    See the LaTeX manual or LaTeX Companion for explanation.
    Type H <return> for immediate help.
     ...
    ! Extra }, or forgotten \endgroup.
    l.16 ...NMD<86>a<cc><cf><cf><0b>!8<e7><e3><e3><e3>+++^^O^^^<<98><9b><9b>c<8c><e1>4<b3><b3><b3><a6>ibb6<9b>}
     <fc><f8>1p^^[^^_^^_<af><d5>j+++O<9e><^^A>...
    I've deleted a group-closing symbol becaus
    Calls: buildVignettes -> texi2pdf -> texi2dvi
    Execution halted
Flavor: r-release-osx-x86_64-mavericks