CRAN Package Check Results for Package network

Last updated on 2014-09-21 03:49:07.

Flavor Version Tinstall Tcheck Ttotal Status Flags
r-devel-linux-x86_64-debian-clang 1.10.2 2.12 51.30 53.42 NOTE
r-devel-linux-x86_64-debian-gcc 1.10.2 2.58 53.98 56.56 NOTE
r-devel-linux-x86_64-fedora-clang 1.10.2 132.55 NOTE
r-devel-linux-x86_64-fedora-gcc 1.10.2 125.07 NOTE
r-devel-osx-x86_64-clang 1.10.2 108.17 NOTE
r-devel-windows-ix86+x86_64 1.10.2 10.00 105.00 115.00 NOTE
r-patched-linux-x86_64 1.10.2 2.62 55.10 57.71 OK
r-patched-solaris-sparc 1.10.2 700.00 OK
r-patched-solaris-x86 1.10.2 174.50 OK
r-release-linux-ix86 1.10.2 3.61 63.20 66.80 OK
r-release-linux-x86_64 1.10.2 2.64 53.77 56.41 OK
r-release-osx-x86_64-mavericks 1.10.2 OK
r-release-osx-x86_64-snowleopard 1.10.2 OK
r-release-windows-ix86+x86_64 1.10.2 11.00 112.00 123.00 OK
r-oldrel-windows-ix86+x86_64 1.10.2 12.00 124.00 136.00 OK

Memtest notes: UBSAN

Check Details

Version: 1.10.2
Check: R code for possible problems
Result: NOTE
    network.layout.kamadakawai: no visible global function definition for
     ‘geodist’
    network.layout.kamadakawai: no visible global function definition for
     ‘symmetrize’
Flavors: r-devel-linux-x86_64-debian-clang, r-devel-linux-x86_64-debian-gcc, r-devel-linux-x86_64-fedora-clang, r-devel-linux-x86_64-fedora-gcc, r-devel-osx-x86_64-clang, r-devel-windows-ix86+x86_64