CRAN Package Check Results for Package network

Last updated on 2017-12-16 13:48:20 CET.

Flavor Version Tinstall Tcheck Ttotal Status Flags
r-devel-linux-x86_64-debian-clang 1.13.0 3.14 76.11 79.25 NOTE
r-devel-linux-x86_64-debian-gcc 1.13.0 3.16 60.02 63.18 NOTE
r-devel-linux-x86_64-fedora-clang 1.13.0 93.25 NOTE
r-devel-linux-x86_64-fedora-gcc 1.13.0 90.86 NOTE
r-devel-windows-ix86+x86_64 1.13.0 23.00 110.00 133.00 OK
r-patched-linux-x86_64 1.13.0 3.60 75.33 78.93 NOTE
r-patched-solaris-x86 1.13.0 106.70 NOTE
r-release-linux-x86_64 1.13.0 3.66 75.24 78.90 NOTE
r-release-windows-ix86+x86_64 1.13.0 14.00 109.00 123.00 OK
r-release-osx-x86_64 1.13.0 OK
r-oldrel-windows-ix86+x86_64 1.13.0 22.00 127.00 149.00 OK
r-oldrel-osx-x86_64 1.13.0 ERROR

Additional issues

rchk

Check Details

Version: 1.13.0
Check: S3 generic/method consistency
Result: NOTE
    Found the following apparent S3 methods exported but not registered:
     [.network [<-.network
    See section ‘Registering S3 methods’ in the ‘Writing R Extensions’
    manual.
Flavors: r-devel-linux-x86_64-debian-clang, r-devel-linux-x86_64-debian-gcc, r-devel-linux-x86_64-fedora-clang, r-devel-linux-x86_64-fedora-gcc, r-patched-linux-x86_64, r-patched-solaris-x86, r-release-linux-x86_64

Version: 1.13.0
Check: examples
Result: ERROR
    Running examples in ‘network-Ex.R’ failed
    The error most likely occurred in:
    
    > ### Name: read.paj
    > ### Title: Read a Pajek Project or Network File and Convert to an R
    > ### 'Network' Object
    > ### Aliases: read.paj read.paj.simplify switchArcDirection
    > ### readAndVectorizeLine
    > ### Keywords: datasets
    >
    > ### ** Examples
    >
    >
    > require(network)
    >
    > par(mfrow=c(2,2))
    >
    > test.net.1 <- read.paj("http://vlado.fmf.uni-lj.si/pub/networks/data/GD/gd98/A98.net")
    Warning in file(file, "rt") :
     cannot open URL 'http://vlado.fmf.uni-lj.si/pub/networks/data/GD/gd98/A98.net': HTTP status was '0 (null)'
    Error in file(file, "rt") : cannot open the connection
    Calls: read.paj -> file
    Execution halted
Flavor: r-oldrel-osx-x86_64

Version: 1.13.0
Check: tests
Result: ERROR
    Running the tests in ‘tests/read.paj_tests.R’ failed.
    Last 13 lines of output:
     >
     >
     >
     > # this file has character encoding issues
     > scotland<-tempfile('scotland',fileext='.zip')
     > download.file('http://vlado.fmf.uni-lj.si/pub/networks/data/esna/scotland.zip',scotland)
     trying URL 'http://vlado.fmf.uni-lj.si/pub/networks/data/esna/scotland.zip'
     Error in download.file("http://vlado.fmf.uni-lj.si/pub/networks/data/esna/scotland.zip", :
     cannot open URL 'http://vlado.fmf.uni-lj.si/pub/networks/data/esna/scotland.zip'
     In addition: Warning message:
     In download.file("http://vlado.fmf.uni-lj.si/pub/networks/data/esna/scotland.zip", :
     cannot open URL 'http://vlado.fmf.uni-lj.si/pub/networks/data/esna/scotland.zip': HTTP status was '0 (null)'
     Execution halted
Flavor: r-oldrel-osx-x86_64