CRAN Package Check Results for Package network

Last updated on 2016-05-01 18:47:31.

Flavor Version Tinstall Tcheck Ttotal Status Flags
r-devel-linux-x86_64-debian-gcc 1.13.0 2.73 36.13 38.85 OK
r-devel-linux-x86_64-fedora-clang 1.13.0 68.22 OK
r-devel-linux-x86_64-fedora-gcc 1.13.0 66.24 OK
r-devel-osx-x86_64-clang 1.13.0 77.62 OK
r-devel-windows-ix86+x86_64 1.13.0 13.00 86.00 99.00 OK
r-patched-linux-x86_64 1.13.0 2.72 35.85 38.57 OK
r-patched-solaris-sparc 1.13.0 415.90 OK
r-patched-solaris-x86 1.13.0 95.10 OK
r-release-linux-x86_64 1.13.0 2.80 40.71 43.51 OK
r-release-osx-x86_64-mavericks 1.13.0 OK
r-release-windows-ix86+x86_64 1.13.0 13.00 116.00 129.00 OK
r-oldrel-windows-ix86+x86_64 1.13.0 22.00 121.00 143.00 NOTE

Check Details

Version: 1.13.0
Check: re-building of vignette outputs
Result: NOTE
    Error in re-building vignettes:
     ...
    c/dvips/cm-super/cm-super-ts1.enc}<D:/Compiler/texmf/fonts/type1/public/amsfont
    s/cm/cmb10.pfb><D:/Compiler/texmf/fonts/type1/public/amsfonts/cm/cmbx10.pfb><D:
    /Compiler/texmf/fonts/type1/public/amsfonts/cm/cmbx12.pfb><D:/Compiler/texmf/fo
    nts/type1/public/amsfonts/cm/cmbx9.pfb><D:/Compiler/texmf/fonts/type1/public/am
    sfonts/cm/cmbxsl10.pfb><D:/Compiler/texmf/fonts/type1/public/amsfonts/cm/cmex10
    .pfb><D:/Compiler/texmf/fonts/type1/public/amsfonts/cm/cmmi10.pfb><D:/Compiler/
    texmf/fonts/type1/public/amsfonts/cm/cmr10.pfb><D:/Compiler/texmf/fonts/type1/p
    ublic/amsfonts/cm/cmr6.pfb><D:/Compiler/texmf/fonts/type1/public/amsfonts/cm/cm
    r8.pfb><D:/Compiler/texmf/fonts/type1/public/amsfonts/cm/cmr9.pfb><D:/Compiler/
    texmf/fonts/type1/public/amsfonts/cm/cmsl10.pfb><D:/Compiler/texmf/fonts/type1/
    public/amsfonts/cm/cmss10.pfb><D:/Compiler/texmf/fonts/type1/public/amsfonts/cm
    /cmssbx10.pfb><D:/Compiler/texmf/fonts/type1/public/amsfonts/cm/cmssi10.pfb><D:
    /Compiler/texmf/fonts/type1/public/amsfonts/cm/cmsy10.pfb><D:/Compiler/texmf/fo
    nts/type1/public/amsfonts/cm/cmti10.pfb><D:/Compiler/texmf/fonts/type1/public/a
    msfonts/cm/cmti12.pfb><D:/Compiler/texmf/fonts/type1/public/amsfonts/cm/cmtt10.
    pfb><D:/Compiler/texmf/fonts/type1/public/amsfonts/cm/cmtt12.pfb><D:/Compiler/t
    exmf/fonts/type1/public/amsfonts/cm/cmtt9.pfb><D:/Compiler/texmf/fonts/type1/pu
    blic/cm-super/sftt1095.pfb>
    Output written on networkVignette.pdf (38 pages, 451925 bytes).
    Transcript written on networkVignette.log.
    Warning: running command '"pdflatex" -interaction=nonstopmode "networkVignette.tex"' had status 1
    Error in texi2dvi(file = file, pdf = TRUE, clean = clean, quiet = quiet, :
     unable to run 'pdflatex' on 'networkVignette.tex'
    Calls: buildVignettes -> texi2pdf -> texi2dvi
    Execution halted
Flavor: r-oldrel-windows-ix86+x86_64