CRAN Package Check Results for Package network

Last updated on 2014-04-24 03:47:49.

Flavor Version Tinstall Tcheck Ttotal Status Flags
r-devel-linux-x86_64-debian-clang 1.9.0 2.12 33.13 35.25 OK
r-devel-linux-x86_64-debian-gcc 1.9.0 2.65 33.01 35.66 OK
r-devel-linux-x86_64-fedora-clang 1.9.0 76.09 OK
r-devel-linux-x86_64-fedora-gcc 1.9.0 74.59 OK
r-devel-osx-x86_64-clang 1.9.0 69.46 OK
r-devel-osx-x86_64-gcc 1.9.0 OK
r-devel-windows-ix86+x86_64 1.9.0 12.00 53.00 65.00 OK
r-patched-linux-x86_64 1.9.0 2.65 32.93 35.58 OK
r-patched-solaris-sparc 1.9.0 394.00 OK
r-patched-solaris-x86 1.9.0 87.90 OK
r-release-linux-ix86 1.9.0 5.00 59.00 64.00 OK
r-release-linux-x86_64 1.9.0 2.51 32.92 35.43 OK
r-release-osx-x86_64-mavericks 1.9.0 WARN
r-release-osx-x86_64-snowleopard 1.9.0 OK
r-release-windows-ix86+x86_64 1.9.0 12.00 57.00 69.00 OK
r-oldrel-windows-ix86+x86_64 1.9.0 12.00 54.00 66.00 OK

Memtest notes: UBSAN

Check Details

Version: 1.9.0
Check: re-building of vignette outputs
Result: NOTE
    Error in re-building vignettes:
     ...
     %c%
    
    Warning in rep(c(2, 5), each = c(27, 2)) :
     first element used of 'each' argument
    Warning in rep(c(3, 4), each = c(27, 2)) :
     first element used of 'each' argument
    Warning in rep(c(0.5, 1), each = c(27, 2)) :
     first element used of 'each' argument
    Warning in rep(c(2, 5), each = c(27, 2)) :
     first element used of 'each' argument
    Warning in rep(c(3, 4), each = c(27, 2)) :
     first element used of 'each' argument
    Warning in rep(c(0.5, 1), each = c(27, 2)) :
     first element used of 'each' argument
    Error in texi2dvi(file = file, pdf = TRUE, clean = clean, quiet = quiet, :
     Running 'texi2dvi' on 'networkVignette.tex' failed.
    LaTeX errors:
    ! LaTeX Error: File `a4wide.sty' not found.
    
    Type X to quit or <RETURN> to proceed,
    or enter new name. (Default extension: sty)
    
    ./jssmod.cls:64: ==> Fatal error occurred, no output PDF file produced!
    Calls: buildVignettes -> texi2pdf -> texi2dvi
    Execution halted
Flavor: r-release-osx-x86_64-mavericks

Version: 1.9.0
Check: PDF version of manual
Result: WARNING
    LaTeX errors when creating PDF version.
    This typically indicates Rd problems.
    LaTeX errors found:
    ! LaTeX Error: File `upquote.sty' not found.
    
    Type X to quit or <RETURN> to proceed,
    or enter new name. (Default extension: sty)
    
    5dc09d7/Rd2.tex:8: ==> Fatal error occurred, no output PDF file produced!
Flavor: r-release-osx-x86_64-mavericks