CRAN Package Check Results for Package network

Last updated on 2014-08-20 15:50:20.

Flavor Version Tinstall Tcheck Ttotal Status Flags
r-devel-linux-x86_64-debian-clang 1.10.2 1.96 49.76 51.73 OK
r-devel-linux-x86_64-debian-gcc 1.10.2 2.51 49.01 51.52 OK
r-devel-linux-x86_64-fedora-clang 1.10.2 136.65 NOTE
r-devel-linux-x86_64-fedora-gcc 1.10.2 129.16 NOTE
r-devel-osx-x86_64-clang 1.10.2 109.16 NOTE
r-devel-windows-ix86+x86_64 1.10.2 12.00 94.00 106.00 OK
r-patched-linux-x86_64 1.10.2 2.62 50.44 53.06 OK
r-patched-solaris-sparc 1.10.2 700.00 OK
r-patched-solaris-x86 1.10.2 177.70 OK
r-release-linux-ix86 1.10.2 3.60 65.04 68.64 OK
r-release-linux-x86_64 1.10.2 2.64 51.31 53.96 OK
r-release-osx-x86_64-mavericks 1.10.2 OK
r-release-osx-x86_64-snowleopard 1.10.2 OK
r-release-windows-ix86+x86_64 1.10.2 12.00 94.00 106.00 OK
r-oldrel-windows-ix86+x86_64 1.10.2 11.00 114.00 125.00 OK

Memtest notes: UBSAN

Check Details

Version: 1.10.2
Check: R code for possible problems
Result: NOTE
    network.layout.kamadakawai: no visible global function definition for
     ‘geodist’
    network.layout.kamadakawai: no visible global function definition for
     ‘symmetrize’
Flavors: r-devel-linux-x86_64-fedora-clang, r-devel-linux-x86_64-fedora-gcc, r-devel-osx-x86_64-clang