CRAN Package Check Results for Package network

Last updated on 2015-05-26 12:47:22.

Flavor Version Tinstall Tcheck Ttotal Status Flags
r-devel-linux-x86_64-debian-clang 1.12.0 2.20 38.24 40.44 OK
r-devel-linux-x86_64-debian-gcc 1.12.0 2.78 36.96 39.74 OK
r-devel-linux-x86_64-fedora-clang 1.12.0 80.87 OK
r-devel-linux-x86_64-fedora-gcc 1.12.0 76.61 OK
r-devel-osx-x86_64-clang 1.12.0 75.10 OK
r-devel-windows-ix86+x86_64 1.12.0 14.00 69.00 83.00 OK
r-patched-linux-x86_64 1.12.0 2.70 36.49 39.19 OK
r-patched-solaris-sparc 1.12.0 500.20 OK
r-patched-solaris-x86 1.12.0 107.40 OK
r-release-linux-x86_64 1.12.0 3.06 36.99 40.06 OK
r-release-osx-x86_64-mavericks 1.12.0 NOTE
r-release-osx-x86_64-snowleopard 1.12.0 OK
r-release-windows-ix86+x86_64 1.12.0 15.00 74.00 89.00 OK
r-oldrel-windows-ix86+x86_64 1.12.0 15.00 64.00 79.00 OK

Check Details

Version: 1.12.0
Check: Rd cross-references
Result: NOTE
    Package unavailable to check Rd xrefs: ‘ergm’
Flavor: r-release-osx-x86_64-mavericks

Version: 1.12.0
Check: re-building of vignette outputs
Result: NOTE
    Error in re-building vignettes:
     ...
     first element used of 'each' argument
    Error in texi2dvi(file = file, pdf = TRUE, clean = clean, quiet = quiet, :
     Running 'texi2dvi' on 'networkVignette.tex' failed.
    LaTeX errors:
    ! Undefined control sequence.
    l.15 x<9c><ed>\Mk
     ^^S<df>^^Z^^?Lo<8d>#2<93>C<b9>қ?m<c2><80><b4>\B^^S^^Xt!HE^^J
    The control sequence at the end of the top line
    of your error message was never \def'ed. If you have
    ! Undefined control sequence.
    l.15 x<9c><ed>\Mk^^S<df>^^Z^^?Lo<8d>#2<93>C<b9>қ?m<c2><80><b4>\B
     ^^S^^Xt!HE^^J
    The control sequence at the end of the top line
    of your error message was never \def'ed. If you have
    ! LaTeX Error: Missing \begin{document}.
    
    See the LaTeX manual or LaTeX Companion for explanation.
    Type H <return> for immediate help.
     ...
    ! Extra }, or forgotten \endgroup.
    l.16 ...NMD<86>a<cc><cf><cf><0b>!8<e7><e3><e3><e3>+++^^O^^^<<98><9b><9b>c<8c><e1>4<b3><b3><b3><a6>ibb6<9b>}
     <fc><f8>1p^^[^^_^^_<af><d5>j+++O<9e><^^A>...
    I've deleted a group-closing symbol becaus
    Calls: buildVignettes -> texi2pdf -> texi2dvi
    Execution halted
Flavor: r-release-osx-x86_64-mavericks