CRAN Package Check Results for Package networkDynamic

Last updated on 2015-08-29 20:48:08.

Flavor Version Tinstall Tcheck Ttotal Status Flags
r-devel-linux-x86_64-debian-clang 0.7.1 2.23 49.86 52.10 NOTE
r-devel-linux-x86_64-debian-gcc 0.7.1 2.39 49.05 51.44 NOTE
r-devel-linux-x86_64-fedora-clang 0.7.1 112.95 NOTE
r-devel-linux-x86_64-fedora-gcc 0.7.1 103.91 NOTE
r-devel-osx-x86_64-clang 0.7.1 92.87 NOTE
r-devel-windows-ix86+x86_64 0.7.1 22.00 116.00 138.00 NOTE
r-patched-linux-x86_64 0.7.1 2.41 56.70 59.12 NOTE
r-patched-solaris-sparc 0.7.1 766.90 NOTE
r-patched-solaris-x86 0.7.1 159.40 NOTE
r-release-linux-x86_64 0.7.1 2.60 56.91 59.50 NOTE
r-release-osx-x86_64-mavericks 0.7.1 OK
r-release-windows-ix86+x86_64 0.7.1 18.00 142.00 160.00 OK
r-oldrel-windows-ix86+x86_64 0.7.1 21.00 152.00 173.00 OK

Check Details

Version: 0.7.1
Check: S3 generic/method consistency
Result: NOTE
    Found the following apparent S3 methods exported but not registered:
     add.edge.networkDynamic add.edges.active add.edges.networkDynamic
     add.vertices.active add.vertices.networkDynamic
     as.data.frame.networkDynamic as.network.networkDynamic
     as.networkDynamic.network as.networkDynamic.networkDynamic
     print.networkDynamic
    See section ‘Registering S3 methods’ in the ‘Writing R Extensions’
    manual.
Flavors: r-devel-linux-x86_64-debian-clang, r-devel-linux-x86_64-debian-gcc, r-devel-linux-x86_64-fedora-clang, r-devel-linux-x86_64-fedora-gcc, r-devel-osx-x86_64-clang, r-patched-linux-x86_64, r-patched-solaris-sparc, r-patched-solaris-x86, r-release-linux-x86_64

Version: 0.7.1
Check: R code for possible problems
Result: NOTE
    deactive.spell.attribute: no visible global function definition for
     ‘na.omit’
    get.edge.value.active: no visible binding for global variable ‘el’
    networkDynamic: no visible global function definition for ‘tail’
    read.son: no visible global function definition for ‘read.table’
    Undefined global functions or variables:
     el na.omit read.table tail
    Consider adding
     importFrom("methods", "el")
     importFrom("stats", "na.omit")
     importFrom("utils", "read.table", "tail")
    to your NAMESPACE (and ensure that your DESCRIPTION Imports field
    contains 'methods').
Flavors: r-devel-linux-x86_64-debian-clang, r-devel-linux-x86_64-debian-gcc, r-devel-linux-x86_64-fedora-clang, r-devel-linux-x86_64-fedora-gcc, r-devel-windows-ix86+x86_64