CRAN Package Check Results for Package networkDynamic

Last updated on 2015-04-26 09:46:31.

Flavor Version Tinstall Tcheck Ttotal Status Flags
r-devel-linux-x86_64-debian-clang 0.7.1 2.21 59.09 61.30 NOTE
r-devel-linux-x86_64-debian-gcc 0.7.1 2.46 57.48 59.94 NOTE
r-devel-linux-x86_64-fedora-clang 0.7.1 128.08 NOTE
r-devel-linux-x86_64-fedora-gcc 0.7.1 118.74 NOTE
r-devel-osx-x86_64-clang 0.7.1 114.74 NOTE
r-devel-windows-ix86+x86_64 0.7.1 15.00 129.00 144.00 OK
r-patched-linux-x86_64 0.7.1 2.56 57.86 60.42 NOTE
r-patched-solaris-sparc 0.7.1 788.20 OK
r-patched-solaris-x86 0.7.1 149.80 NOTE
r-release-linux-x86_64 0.7.1 2.58 57.45 60.03 NOTE
r-release-osx-x86_64-mavericks 0.7.1 OK
r-release-osx-x86_64-snowleopard 0.7.1 OK
r-release-windows-ix86+x86_64 0.7.1 16.00 111.00 127.00 OK
r-oldrel-windows-ix86+x86_64 0.7.1 12.00 115.00 127.00 OK

Check Details

Version: 0.7.1
Check: S3 generic/method consistency
Result: NOTE
    Found the following apparent S3 methods exported but not registered:
     add.edge.networkDynamic add.edges.active add.edges.networkDynamic
     add.vertices.active add.vertices.networkDynamic
     as.data.frame.networkDynamic as.network.networkDynamic
     as.networkDynamic.network as.networkDynamic.networkDynamic
     print.networkDynamic
    See section ‘Registering S3 methods’ in the ‘Writing R Extensions’
    manual.
Flavor: r-devel-linux-x86_64-fedora-gcc