CRAN Package Check Results for Package networkDynamic

Last updated on 2018-06-25 16:50:02 CEST.

Flavor Version Tinstall Tcheck Ttotal Status Flags
r-devel-linux-x86_64-debian-clang 0.9.0 7.81 77.67 85.48 OK
r-devel-linux-x86_64-debian-gcc 0.9.0 7.63 65.61 73.24 OK
r-devel-linux-x86_64-fedora-clang 0.9.0 113.68 OK
r-devel-linux-x86_64-fedora-gcc 0.9.0 108.00 OK
r-devel-windows-ix86+x86_64 0.9.0 29.00 139.00 168.00 OK
r-patched-linux-x86_64 0.9.0 8.20 82.59 90.79 OK
r-patched-solaris-x86 0.9.0 146.40 OK
r-release-linux-x86_64 0.9.0 8.87 81.69 90.56 OK
r-release-windows-ix86+x86_64 0.9.0 26.00 188.00 214.00 OK
r-release-osx-x86_64 0.9.0 OK
r-oldrel-windows-ix86+x86_64 0.9.0 16.00 165.00 181.00 OK
r-oldrel-osx-x86_64 0.9.0 NOTE

Check Details

Version: 0.9.0
Check: re-building of vignette outputs
Result: NOTE
    Error in re-building vignettes:
     ...
    
    trying URL 'http://vlado.fmf.uni-lj.si/pub/networks/data/esna/Sampson.zip'
    Content type 'application/zip' length 2182 bytes
    ==================================================
    downloaded 2182 bytes
    
    Warning in get.vertex.attribute.active(net, "happiness", onset = 2.5, terminus = 4.5) :
     Multiple attribute values matched query spell for attribute happiness.active on some vertices. Only earliest value used
    
    Error in texi2dvi(file = file, pdf = TRUE, clean = clean, quiet = quiet, :
     Running 'texi2dvi' on 'networkDynamic.tex' failed.
    LaTeX errors:
    ! LaTeX Error: File `comment.sty' not found.
    
    Type X to quit or <RETURN> to proceed,
    or enter new name. (Default extension: sty)
    
    ! Emergency stop.
    <read *>
    
    l.6 \usepackage
     {color}^^M
    ! ==> Fatal error occurred, no output PDF file produced!
    Calls: buildVignettes -> texi2pdf -> texi2dvi
    Execution halted
Flavor: r-oldrel-osx-x86_64