CRAN Package Check Results for Package networkDynamic

Last updated on 2015-03-29 19:48:46.

Flavor Version Tinstall Tcheck Ttotal Status Flags
r-devel-linux-x86_64-debian-clang 0.7.1 2.30 61.76 64.06 NOTE
r-devel-linux-x86_64-debian-gcc 0.7.1 2.44 59.16 61.61 NOTE
r-devel-linux-x86_64-fedora-clang 0.7.1 127.02 NOTE
r-devel-linux-x86_64-fedora-gcc 0.7.1 135.11 NOTE
r-devel-osx-x86_64-clang 0.7.1 125.56 NOTE
r-prerel-windows-ix86+x86_64 0.7.1 19.00 113.00 132.00 OK
r-prerel-linux-x86_64 0.7.1 2.46 58.41 60.87 NOTE
r-prerel-solaris-sparc 0.7.1 788.20 OK
r-prerel-solaris-x86 0.7.1 151.40 OK
r-release-linux-x86_64 0.7.1 2.56 63.12 65.67 OK
r-release-osx-x86_64-mavericks 0.7.1 OK
r-release-osx-x86_64-snowleopard 0.7.1 OK
r-release-windows-ix86+x86_64 0.7.1 17.00 123.00 140.00 OK
r-oldrel-windows-ix86+x86_64 0.7.1 15.00 206.00 221.00 OK

Check Details

Version: 0.7.1
Check: S3 generic/method consistency
Result: NOTE
    Found the following apparent S3 methods exported but not registered:
     add.edge.networkDynamic add.edges.active add.edges.networkDynamic
     add.vertices.active add.vertices.networkDynamic
     as.data.frame.networkDynamic as.network.networkDynamic
     as.networkDynamic.network as.networkDynamic.networkDynamic
     print.networkDynamic
    See section ‘Registering S3 methods’ in the ‘Writing R Extensions’
    manual.
Flavors: r-devel-linux-x86_64-debian-clang, r-devel-linux-x86_64-debian-gcc, r-devel-linux-x86_64-fedora-clang, r-devel-linux-x86_64-fedora-gcc, r-devel-osx-x86_64-clang, r-prerel-linux-x86_64