CRAN Package Check Results for Package networkDynamic

Last updated on 2015-05-28 12:48:00.

Flavor Version Tinstall Tcheck Ttotal Status Flags
r-devel-linux-x86_64-debian-clang 0.7.1 2.22 58.94 61.17 NOTE
r-devel-linux-x86_64-debian-gcc 0.7.1 2.43 57.01 59.44 NOTE
r-devel-linux-x86_64-fedora-clang 0.7.1 127.39 NOTE
r-devel-linux-x86_64-fedora-gcc 0.7.1 122.75 NOTE
r-devel-osx-x86_64-clang 0.7.1 109.97 NOTE
r-devel-windows-ix86+x86_64 0.7.1 13.00 126.00 139.00 OK
r-patched-linux-x86_64 0.7.1 2.48 56.52 59.00 NOTE
r-patched-solaris-sparc 0.7.1 767.20 NOTE
r-patched-solaris-x86 0.7.1 156.40 NOTE
r-release-linux-x86_64 0.7.1 2.60 58.10 60.70 NOTE
r-release-osx-x86_64-mavericks 0.7.1 OK
r-release-osx-x86_64-snowleopard 0.7.1 OK
r-release-windows-ix86+x86_64 0.7.1 14.00 120.00 134.00 OK
r-oldrel-windows-ix86+x86_64 0.7.1 14.00 117.00 131.00 OK

Check Details

Version: 0.7.1
Check: S3 generic/method consistency
Result: NOTE
    Found the following apparent S3 methods exported but not registered:
     add.edge.networkDynamic add.edges.active add.edges.networkDynamic
     add.vertices.active add.vertices.networkDynamic
     as.data.frame.networkDynamic as.network.networkDynamic
     as.networkDynamic.network as.networkDynamic.networkDynamic
     print.networkDynamic
    See section ‘Registering S3 methods’ in the ‘Writing R Extensions’
    manual.
Flavors: r-devel-linux-x86_64-debian-clang, r-devel-linux-x86_64-debian-gcc, r-devel-linux-x86_64-fedora-clang, r-devel-linux-x86_64-fedora-gcc, r-devel-osx-x86_64-clang, r-patched-linux-x86_64, r-patched-solaris-sparc, r-patched-solaris-x86, r-release-linux-x86_64