CRAN Package Check Results for Package networkDynamic

Last updated on 2015-02-28 12:51:18.

Flavor Version Tinstall Tcheck Ttotal Status Flags
r-devel-linux-x86_64-debian-clang 0.7.1 2.19 58.73 60.92 NOTE
r-devel-linux-x86_64-debian-gcc 0.7.1 2.47 57.65 60.12 NOTE
r-devel-linux-x86_64-fedora-clang 0.7.1 125.95 NOTE
r-devel-linux-x86_64-fedora-gcc 0.7.1 117.34 NOTE
r-devel-osx-x86_64-clang 0.7.1 115.73 NOTE
r-devel-windows-ix86+x86_64 0.7.1 21.00 119.00 140.00 OK
r-patched-linux-x86_64 0.7.1 2.58 63.09 65.66 OK
r-patched-solaris-sparc 0.7.1 770.50 OK
r-patched-solaris-x86 0.7.1 161.30 OK
r-release-linux-ix86 0.7.1 3.68 74.99 78.67 OK
r-release-linux-x86_64 0.7.1 2.69 61.53 64.22 OK
r-release-osx-x86_64-mavericks 0.7.1 OK
r-release-osx-x86_64-snowleopard 0.7.1 OK
r-release-windows-ix86+x86_64 0.7.1 13.00 127.00 140.00 OK
r-oldrel-windows-ix86+x86_64 0.7.1 17.00 213.00 230.00 OK

Check Details

Version: 0.7.1
Check: S3 generic/method consistency
Result: NOTE
    Found the following apparent S3 methods exported but not registered:
     add.edge.networkDynamic add.edges.active add.edges.networkDynamic
     add.vertices.active add.vertices.networkDynamic
     as.data.frame.networkDynamic as.network.networkDynamic
     as.networkDynamic.network as.networkDynamic.networkDynamic
     print.networkDynamic
    See section ‘Registering S3 methods’ in the ‘Writing R Extensions’
    manual.
Flavors: r-devel-linux-x86_64-debian-clang, r-devel-linux-x86_64-debian-gcc, r-devel-linux-x86_64-fedora-clang, r-devel-linux-x86_64-fedora-gcc, r-devel-osx-x86_64-clang