CRAN Package Check Results for Package networkDynamic

Last updated on 2015-07-29 23:47:17.

Flavor Version Tinstall Tcheck Ttotal Status Flags
r-devel-linux-x86_64-debian-clang 0.7.1 2.30 56.45 58.75 NOTE
r-devel-linux-x86_64-debian-gcc 0.7.1 2.52 57.07 59.60 NOTE
r-devel-linux-x86_64-fedora-clang 0.7.1 124.52 NOTE
r-devel-linux-x86_64-fedora-gcc 0.7.1 118.91 NOTE
r-devel-osx-x86_64-clang 0.7.1 97.79 NOTE
r-devel-windows-ix86+x86_64 0.7.1 20.00 119.00 139.00 NOTE
r-patched-linux-x86_64 0.7.1 2.45 58.17 60.62 NOTE
r-patched-solaris-sparc 0.7.1 766.90 NOTE
r-patched-solaris-x86 0.7.1 152.50 NOTE
r-release-linux-x86_64 0.7.1 2.48 56.93 59.40 NOTE
r-release-osx-x86_64-mavericks 0.7.1 OK
r-release-windows-ix86+x86_64 0.7.1 17.00 111.00 128.00 OK
r-oldrel-windows-ix86+x86_64 0.7.1 20.00 122.00 142.00 OK

Check Details

Version: 0.7.1
Check: S3 generic/method consistency
Result: NOTE
    Found the following apparent S3 methods exported but not registered:
     add.edge.networkDynamic add.edges.active add.edges.networkDynamic
     add.vertices.active add.vertices.networkDynamic
     as.data.frame.networkDynamic as.network.networkDynamic
     as.networkDynamic.network as.networkDynamic.networkDynamic
     print.networkDynamic
    See section ‘Registering S3 methods’ in the ‘Writing R Extensions’
    manual.
Flavors: r-devel-linux-x86_64-debian-clang, r-devel-linux-x86_64-debian-gcc, r-devel-linux-x86_64-fedora-clang, r-devel-linux-x86_64-fedora-gcc, r-devel-osx-x86_64-clang, r-patched-linux-x86_64, r-patched-solaris-sparc, r-patched-solaris-x86, r-release-linux-x86_64

Version: 0.7.1
Check: R code for possible problems
Result: NOTE
    deactive.spell.attribute: no visible global function definition for
     ‘na.omit’
    get.edge.value.active: no visible binding for global variable ‘el’
    networkDynamic: no visible global function definition for ‘tail’
    read.son: no visible global function definition for ‘read.table’
    Undefined global functions or variables:
     el na.omit read.table tail
    Consider adding
     importFrom("methods", "el")
     importFrom("stats", "na.omit")
     importFrom("utils", "read.table", "tail")
    to your NAMESPACE.
Flavors: r-devel-linux-x86_64-debian-clang, r-devel-linux-x86_64-debian-gcc, r-devel-linux-x86_64-fedora-clang, r-devel-linux-x86_64-fedora-gcc, r-devel-windows-ix86+x86_64