CRAN Package Check Results for Package networkDynamic

Last updated on 2014-04-24 17:49:48.

Flavor Version Tinstall Tcheck Ttotal Status Flags
r-devel-linux-x86_64-debian-clang 0.6.3 2.30 49.40 51.70 OK
r-devel-linux-x86_64-debian-gcc 0.6.3 2.43 49.96 52.38 OK
r-devel-linux-x86_64-fedora-clang 0.6.3 108.56 OK
r-devel-linux-x86_64-fedora-gcc 0.6.3 104.56 OK
r-devel-osx-x86_64-clang 0.6.3 93.15 OK
r-devel-osx-x86_64-gcc 0.6.3 OK
r-devel-windows-ix86+x86_64 0.6.3 12.00 88.00 100.00 OK
r-patched-linux-x86_64 0.6.3 2.44 49.19 51.64 OK
r-patched-solaris-sparc 0.6.3 596.50 OK
r-patched-solaris-x86 0.6.3 125.20 OK
r-release-linux-ix86 0.6.3 4.00 80.00 84.00 OK
r-release-linux-x86_64 0.6.3 2.55 50.08 52.64 OK
r-release-osx-x86_64-mavericks 0.6.3 WARN
r-release-osx-x86_64-snowleopard 0.6.3 OK
r-release-windows-ix86+x86_64 0.6.3 13.00 88.00 101.00 OK
r-oldrel-windows-ix86+x86_64 0.6.3 12.00 99.00 111.00 OK

Check Details

Version: 0.6.3
Check: re-building of vignette outputs
Result: NOTE
    Error in re-building vignettes:
     ...
     Zack Almquist, University of California -- Irvine
     David R. Hunter, Penn State University
     Li Wang
     Kirk Li, University of Washington
     Steven M. Goodreau, University of Washington
     Martina Morris, University of Washington
    Based on "statnet" project software (statnet.org).
    For license and citation information see statnet.org/attribution
    or type citation("networkDynamic").
    
    Warning in get.vertex.attribute.active(net, "happiness", onset = 2.5, terminus = 4.5) :
     Multiple attribute values matched query spell for attribute happiness.active on some vertices. Only earliest value used
    
    Error in texi2dvi(file = file, pdf = TRUE, clean = clean, quiet = quiet, :
     Running 'texi2dvi' on 'networkDynamic.tex' failed.
    LaTeX errors:
    ! LaTeX Error: File `comment.sty' not found.
    
    Type X to quit or <RETURN> to proceed,
    or enter new name. (Default extension: sty)
    
    ck/vign_test/networkDynamic/vignettes/networkDynamic.tex:6: ==> Fatal error oc
    curred, no output PDF file produced!
    Calls: buildVignettes -> texi2pdf -> texi2dvi
    Execution halted
Flavor: r-release-osx-x86_64-mavericks

Version: 0.6.3
Check: PDF version of manual
Result: WARNING
    LaTeX errors when creating PDF version.
    This typically indicates Rd problems.
    LaTeX errors found:
    ! LaTeX Error: File `upquote.sty' not found.
    
    Type X to quit or <RETURN> to proceed,
    or enter new name. (Default extension: sty)
    
    24ff944/Rd2.tex:8: ==> Fatal error occurred, no output PDF file produced!
Flavor: r-release-osx-x86_64-mavericks