CRAN Package Check Results for Package networkDynamicData

Last updated on 2015-04-01 17:48:42.

Flavor Version Tinstall Tcheck Ttotal Status Flags
r-devel-linux-x86_64-debian-clang 0.1.0 0.98 16.82 17.80 NOTE
r-devel-linux-x86_64-debian-gcc 0.1.0 1.02 16.08 17.10 NOTE
r-devel-linux-x86_64-fedora-clang 0.1.0 33.55 NOTE
r-devel-linux-x86_64-fedora-gcc 0.1.0 35.26 NOTE
r-devel-osx-x86_64-clang 0.1.0 36.41 NOTE
r-prerel-windows-ix86+x86_64 0.1.0 3.00 27.00 30.00 NOTE
r-prerel-linux-x86_64 0.1.0 0.94 16.32 17.26 NOTE
r-prerel-solaris-sparc 0.1.0 265.50 NOTE
r-prerel-solaris-x86 0.1.0 47.20 NOTE
r-release-linux-x86_64 0.1.0 1.10 18.60 19.70 OK
r-release-osx-x86_64-mavericks 0.1.0 OK
r-release-osx-x86_64-snowleopard 0.1.0 OK
r-release-windows-ix86+x86_64 0.1.0 4.00 30.00 34.00 OK
r-oldrel-windows-ix86+x86_64 0.1.0 5.00 42.00 47.00 OK

Check Details

Version: 0.1.0
Check: DESCRIPTION meta-information
Result: NOTE
    Malformed Description field: should contain one or more complete sentences.
Flavors: r-devel-linux-x86_64-debian-clang, r-devel-linux-x86_64-debian-gcc, r-devel-linux-x86_64-fedora-clang, r-devel-linux-x86_64-fedora-gcc, r-devel-osx-x86_64-clang, r-prerel-windows-ix86+x86_64, r-prerel-linux-x86_64, r-prerel-solaris-sparc, r-prerel-solaris-x86