CRAN Package Check Results for Package networkDynamicData

Last updated on 2015-07-02 21:46:53.

Flavor Version Tinstall Tcheck Ttotal Status Flags
r-devel-linux-x86_64-debian-clang 0.1.0 1.00 17.04 18.04 NOTE
r-devel-linux-x86_64-debian-gcc 0.1.0 0.96 15.96 16.92 NOTE
r-devel-linux-x86_64-fedora-clang 0.1.0 33.73 NOTE
r-devel-linux-x86_64-fedora-gcc 0.1.0 32.16 NOTE
r-devel-osx-x86_64-clang 0.1.0 30.34 NOTE
r-devel-windows-ix86+x86_64 0.1.0 3.00 28.00 31.00 NOTE
r-patched-linux-x86_64 0.1.0 0.95 16.10 17.04 NOTE
r-patched-solaris-sparc 0.1.0 258.70 NOTE
r-patched-solaris-x86 0.1.0 47.80 NOTE
r-release-linux-x86_64 0.1.0 0.95 16.18 17.13 NOTE
r-release-osx-x86_64-mavericks 0.1.0 NOTE
r-release-windows-ix86+x86_64 0.1.0 3.00 31.00 34.00 NOTE
r-oldrel-windows-ix86+x86_64 0.1.0 4.00 30.00 34.00 OK

Check Details

Version: 0.1.0
Check: DESCRIPTION meta-information
Result: NOTE
    Malformed Description field: should contain one or more complete sentences.
Flavors: r-devel-linux-x86_64-debian-clang, r-devel-linux-x86_64-debian-gcc, r-devel-linux-x86_64-fedora-clang, r-devel-linux-x86_64-fedora-gcc, r-devel-osx-x86_64-clang, r-devel-windows-ix86+x86_64, r-patched-linux-x86_64, r-patched-solaris-sparc, r-patched-solaris-x86, r-release-linux-x86_64, r-release-osx-x86_64-mavericks, r-release-windows-ix86+x86_64