CRAN Package Check Results for Package networkDynamicData

Last updated on 2015-08-04 19:50:39.

Flavor Version Tinstall Tcheck Ttotal Status Flags
r-devel-linux-x86_64-debian-clang 0.1.0 0.92 16.20 17.12 NOTE
r-devel-linux-x86_64-debian-gcc 0.1.0 1.06 16.30 17.36 NOTE
r-devel-linux-x86_64-fedora-clang 0.1.0 33.33 NOTE
r-devel-linux-x86_64-fedora-gcc 0.1.0 33.16 NOTE
r-devel-osx-x86_64-clang 0.1.0 28.18 NOTE
r-devel-windows-ix86+x86_64 0.1.0 4.00 39.00 43.00 NOTE
r-patched-linux-x86_64 0.1.0 0.93 16.09 17.02 NOTE
r-patched-solaris-sparc 0.1.0 260.90 NOTE
r-patched-solaris-x86 0.1.0 47.80 NOTE
r-release-linux-x86_64 0.1.0 1.07 16.52 17.59 NOTE
r-release-osx-x86_64-mavericks 0.1.0 NOTE
r-release-windows-ix86+x86_64 0.1.0 4.00 42.00 46.00 NOTE
r-oldrel-windows-ix86+x86_64 0.1.0 6.00 33.00 39.00 OK

Check Details

Version: 0.1.0
Check: DESCRIPTION meta-information
Result: NOTE
    Malformed Description field: should contain one or more complete sentences.
Flavors: r-devel-linux-x86_64-debian-clang, r-devel-linux-x86_64-debian-gcc, r-devel-linux-x86_64-fedora-clang, r-devel-linux-x86_64-fedora-gcc, r-devel-osx-x86_64-clang, r-devel-windows-ix86+x86_64, r-patched-linux-x86_64, r-patched-solaris-sparc, r-patched-solaris-x86, r-release-linux-x86_64, r-release-osx-x86_64-mavericks, r-release-windows-ix86+x86_64