CRAN Package Check Results for Package networkDynamicData

Last updated on 2015-09-04 14:47:08.

Flavor Version Tinstall Tcheck Ttotal Status Flags
r-devel-linux-x86_64-debian-clang 0.1.0 0.92 16.56 17.48 NOTE
r-devel-linux-x86_64-debian-gcc 0.1.0 0.95 16.59 17.54 NOTE
r-devel-linux-x86_64-fedora-clang 0.1.0 32.79 NOTE
r-devel-linux-x86_64-fedora-gcc 0.1.0 31.09 NOTE
r-devel-osx-x86_64-clang 0.1.0 27.54 NOTE
r-devel-windows-ix86+x86_64 0.1.0 3.00 40.00 43.00 NOTE
r-patched-linux-x86_64 0.1.0 1.46 16.38 17.84 NOTE
r-patched-solaris-sparc 0.1.0 260.90 NOTE
r-patched-solaris-x86 0.1.0 48.40 NOTE
r-release-linux-x86_64 0.1.0 1.03 16.24 17.28 NOTE
r-release-osx-x86_64-mavericks 0.1.0 NOTE
r-release-windows-ix86+x86_64 0.1.0 5.00 37.00 42.00 NOTE
r-oldrel-windows-ix86+x86_64 0.1.0 4.00 33.00 37.00 OK

Check Details

Version: 0.1.0
Check: DESCRIPTION meta-information
Result: NOTE
    Malformed Description field: should contain one or more complete sentences.
Flavors: r-devel-linux-x86_64-debian-clang, r-devel-linux-x86_64-debian-gcc, r-devel-linux-x86_64-fedora-clang, r-devel-linux-x86_64-fedora-gcc, r-devel-osx-x86_64-clang, r-devel-windows-ix86+x86_64, r-patched-linux-x86_64, r-patched-solaris-sparc, r-patched-solaris-x86, r-release-linux-x86_64, r-release-osx-x86_64-mavericks, r-release-windows-ix86+x86_64