CRAN Package Check Results for Package networkDynamicData

Last updated on 2015-03-05 06:46:42.

Flavor Version Tinstall Tcheck Ttotal Status Flags
r-devel-linux-x86_64-debian-clang 0.1.0 1.02 17.63 18.66 NOTE
r-devel-linux-x86_64-debian-gcc 0.1.0 1.05 16.47 17.52 NOTE
r-devel-linux-x86_64-fedora-clang 0.1.0 33.75 NOTE
r-devel-linux-x86_64-fedora-gcc 0.1.0 32.72 NOTE
r-devel-osx-x86_64-clang 0.1.0 37.81 NOTE
r-devel-windows-ix86+x86_64 0.1.0 3.00 29.00 32.00 NOTE
r-patched-linux-x86_64 0.1.0 1.10 17.83 18.94 OK
r-patched-solaris-sparc 0.1.0 287.30 OK
r-patched-solaris-x86 0.1.0 52.30 OK
r-release-linux-ix86 0.1.0 1.59 24.94 26.53 OK
r-release-linux-x86_64 0.1.0 1.24 18.01 19.25 OK
r-release-osx-x86_64-mavericks 0.1.0 OK
r-release-osx-x86_64-snowleopard 0.1.0 OK
r-release-windows-ix86+x86_64 0.1.0 4.00 30.00 34.00 OK
r-oldrel-windows-ix86+x86_64 0.1.0 5.00 35.00 40.00 OK

Check Details

Version: 0.1.0
Check: DESCRIPTION meta-information
Result: NOTE
    Malformed Description field: should contain one or more complete sentences.
Flavors: r-devel-linux-x86_64-debian-clang, r-devel-linux-x86_64-debian-gcc, r-devel-linux-x86_64-fedora-clang, r-devel-linux-x86_64-fedora-gcc, r-devel-osx-x86_64-clang, r-devel-windows-ix86+x86_64