CRAN Package Check Results for Package networkDynamicData

Last updated on 2015-05-23 14:47:03.

Flavor Version Tinstall Tcheck Ttotal Status Flags
r-devel-linux-x86_64-debian-clang 0.1.0 0.97 16.61 17.58 NOTE
r-devel-linux-x86_64-debian-gcc 0.1.0 0.94 16.13 17.07 NOTE
r-devel-linux-x86_64-fedora-clang 0.1.0 33.69 NOTE
r-devel-linux-x86_64-fedora-gcc 0.1.0 32.99 NOTE
r-devel-osx-x86_64-clang 0.1.0 31.59 NOTE
r-devel-windows-ix86+x86_64 0.1.0 3.00 29.00 32.00 NOTE
r-patched-linux-x86_64 0.1.0 0.95 16.28 17.22 NOTE
r-patched-solaris-sparc 0.1.0 258.70 NOTE
r-patched-solaris-x86 0.1.0 49.80 NOTE
r-release-linux-x86_64 0.1.0 1.05 16.95 18.00 NOTE
r-release-osx-x86_64-mavericks 0.1.0 NOTE
r-release-osx-x86_64-snowleopard 0.1.0 NOTE
r-release-windows-ix86+x86_64 0.1.0 4.00 27.00 31.00 NOTE
r-oldrel-windows-ix86+x86_64 0.1.0 4.00 32.00 36.00 OK

Check Details

Version: 0.1.0
Check: DESCRIPTION meta-information
Result: NOTE
    Malformed Description field: should contain one or more complete sentences.
Flavors: r-devel-linux-x86_64-debian-clang, r-devel-linux-x86_64-debian-gcc, r-devel-linux-x86_64-fedora-clang, r-devel-linux-x86_64-fedora-gcc, r-devel-osx-x86_64-clang, r-devel-windows-ix86+x86_64, r-patched-linux-x86_64, r-patched-solaris-sparc, r-patched-solaris-x86, r-release-linux-x86_64, r-release-osx-x86_64-mavericks, r-release-osx-x86_64-snowleopard, r-release-windows-ix86+x86_64