Last updated on 2023-12-03 04:56:14 CET.
Flavor | Version | Tinstall | Tcheck | Ttotal | Status | Flags |
---|---|---|---|---|---|---|
r-devel-linux-x86_64-debian-clang | 0.2.1 | 4.54 | 39.95 | 44.49 | NOTE | |
r-devel-linux-x86_64-debian-gcc | 0.2.1 | 3.27 | 29.97 | 33.24 | NOTE | |
r-devel-linux-x86_64-fedora-clang | 0.2.1 | 56.23 | OK | |||
r-devel-linux-x86_64-fedora-gcc | 0.2.1 | 52.98 | OK | |||
r-devel-windows-x86_64 | 0.2.1 | 4.00 | 54.00 | 58.00 | OK | |
r-patched-linux-x86_64 | 0.2.1 | 9.34 | 38.24 | 47.58 | OK | |
r-release-linux-x86_64 | 0.2.1 | 2.40 | 38.75 | 41.15 | OK | |
r-release-macos-arm64 | 0.2.1 | 22.00 | OK | |||
r-release-macos-x86_64 | 0.2.1 | 32.00 | OK | |||
r-release-windows-x86_64 | 0.2.1 | 5.00 | 59.00 | 64.00 | OK | |
r-oldrel-macos-arm64 | 0.2.1 | 21.00 | OK | |||
r-oldrel-macos-x86_64 | 0.2.1 | 28.00 | OK | |||
r-oldrel-windows-x86_64 | 0.2.1 | 6.00 | 59.00 | 65.00 | OK |
Version: 0.2.1
Check: Rd files
Result: NOTE
checkRd: (-1) harry_potter.Rd:44: Lost braces in \itemize; meant \describe ?
checkRd: (-1) harry_potter.Rd:45: Lost braces in \itemize; meant \describe ?
checkRd: (-1) harry_potter.Rd:46: Lost braces in \itemize; meant \describe ?
checkRd: (-1) harry_potter.Rd:47-48: Lost braces in \itemize; meant \describe ?
checkRd: (-1) harry_potter.Rd:49: Lost braces in \itemize; meant \describe ?
checkRd: (-1) vanDeBunt_students.Rd:46: Lost braces in \itemize; meant \describe ?
checkRd: (-1) vanDeBunt_students.Rd:47: Lost braces in \itemize; meant \describe ?
checkRd: (-1) vanDeBunt_students.Rd:48: Lost braces in \itemize; meant \describe ?
checkRd: (-1) vanDeBunt_students.Rd:49: Lost braces in \itemize; meant \describe ?
Flavors: r-devel-linux-x86_64-debian-clang, r-devel-linux-x86_64-debian-gcc