CRAN Package Check Results for Package networkDynamicData

Last updated on 2016-05-25 11:50:07.

Flavor Version Tinstall Tcheck Ttotal Status Flags
r-devel-linux-x86_64-debian-gcc 0.2.1 0.78 12.59 13.36 OK
r-devel-linux-x86_64-fedora-clang 0.2.1 23.19 NOTE
r-devel-linux-x86_64-fedora-gcc 0.2.1 23.19 NOTE
r-devel-osx-x86_64-clang 0.2.1 27.47 NOTE
r-devel-windows-ix86+x86_64 0.2.1 3.00 38.00 41.00 OK
r-patched-linux-x86_64 0.2.1 0.71 12.11 12.83 OK
r-patched-solaris-sparc 0.2.1 158.80 OK
r-patched-solaris-x86 0.2.1 31.80 OK
r-release-linux-x86_64 0.2.1 0.71 11.94 12.65 OK
r-release-osx-x86_64-mavericks 0.2.1 OK
r-release-windows-ix86+x86_64 0.2.1 3.00 38.00 41.00 OK
r-oldrel-windows-ix86+x86_64 0.2.1 3.00 40.00 43.00 OK

Check Details

Version: 0.2.1
Check: DESCRIPTION meta-information
Result: NOTE
    Authors@R field gives no person with name and author role
Flavors: r-devel-linux-x86_64-fedora-clang, r-devel-linux-x86_64-fedora-gcc, r-devel-osx-x86_64-clang