CRAN Package Check Results for Package networkGen

Last updated on 2019-06-20 09:47:53 CEST.

Flavor Version Tinstall Tcheck Ttotal Status Flags
r-devel-linux-x86_64-debian-clang 0.1.1 2.49 26.54 29.03 NOTE
r-devel-linux-x86_64-debian-gcc 0.1.1 2.32 21.30 23.62 NOTE
r-devel-linux-x86_64-fedora-clang 0.1.1 35.58 NOTE
r-devel-linux-x86_64-fedora-gcc 0.1.1 34.53 NOTE
r-devel-windows-ix86+x86_64 0.1.1 7.00 49.00 56.00 OK
r-patched-linux-x86_64 0.1.1 2.36 26.74 29.10 OK
r-patched-solaris-x86 0.1.1 57.70 NOTE
r-release-linux-x86_64 0.1.1 3.13 26.79 29.92 OK
r-release-windows-ix86+x86_64 0.1.1 8.00 54.00 62.00 OK
r-release-osx-x86_64 0.1.1 NOTE
r-oldrel-windows-ix86+x86_64 0.1.1 3.00 51.00 54.00 OK
r-oldrel-osx-x86_64 0.1.1 NOTE

Check Details

Version: 0.1.1
Check: for non-standard things in the check directory
Result: NOTE
    Found the following files/directories:
     'map.png' 'maze.html'
Flavors: r-devel-linux-x86_64-debian-clang, r-devel-linux-x86_64-debian-gcc, r-devel-linux-x86_64-fedora-clang, r-devel-linux-x86_64-fedora-gcc

Version: 0.1.1
Check: dependencies in R code
Result: NOTE
    Namespaces in Imports field not imported from:
     ‘mgcv’ ‘stats’
     All declared Imports should be used.
Flavors: r-devel-linux-x86_64-fedora-clang, r-devel-linux-x86_64-fedora-gcc, r-patched-solaris-x86, r-release-osx-x86_64, r-oldrel-osx-x86_64