CRAN Package Check Results for Package networkGen

Last updated on 2020-09-19 10:48:10 CEST.

Flavor Version Tinstall Tcheck Ttotal Status Flags
r-devel-linux-x86_64-debian-clang 0.1.1 3.46 29.45 32.91 NOTE
r-devel-linux-x86_64-debian-gcc 0.1.1 2.61 23.32 25.93 NOTE
r-devel-linux-x86_64-fedora-clang 0.1.1 49.37 NOTE
r-devel-linux-x86_64-fedora-gcc 0.1.1 40.35 NOTE
r-devel-windows-ix86+x86_64 0.1.1 6.00 53.00 59.00 OK
r-patched-linux-x86_64 0.1.1 3.51 29.03 32.54 NOTE
r-patched-solaris-x86 0.1.1 60.20 NOTE
r-release-linux-x86_64 0.1.1 2.90 29.22 32.12 NOTE
r-release-macos-x86_64 0.1.1 NOTE
r-release-windows-ix86+x86_64 0.1.1 7.00 40.00 47.00 OK
r-oldrel-macos-x86_64 0.1.1 NOTE
r-oldrel-windows-ix86+x86_64 0.1.1 4.00 47.00 51.00 OK

Check Details

Version: 0.1.1
Check: for non-standard things in the check directory
Result: NOTE
    Found the following files/directories:
     'map.png' 'maze.html'
Flavors: r-devel-linux-x86_64-debian-clang, r-devel-linux-x86_64-debian-gcc, r-devel-linux-x86_64-fedora-clang, r-devel-linux-x86_64-fedora-gcc, r-patched-linux-x86_64, r-patched-solaris-x86, r-release-linux-x86_64

Version: 0.1.1
Check: dependencies in R code
Result: NOTE
    Namespaces in Imports field not imported from:
     ‘mgcv’ ‘stats’
     All declared Imports should be used.
Flavors: r-devel-linux-x86_64-fedora-clang, r-devel-linux-x86_64-fedora-gcc, r-patched-solaris-x86, r-release-macos-x86_64, r-oldrel-macos-x86_64