CRAN Package Check Results for Package networkGen

Last updated on 2019-09-20 09:51:27 CEST.

Flavor Version Tinstall Tcheck Ttotal Status Flags
r-devel-linux-x86_64-debian-clang 0.1.1 2.62 26.14 28.76 NOTE
r-devel-linux-x86_64-debian-gcc 0.1.1 2.57 21.23 23.80 NOTE
r-devel-linux-x86_64-fedora-clang 0.1.1 36.58 NOTE
r-devel-linux-x86_64-fedora-gcc 0.1.1 38.66 NOTE
r-devel-windows-ix86+x86_64 0.1.1 8.00 38.00 46.00 OK
r-patched-linux-x86_64 0.1.1 2.60 25.77 28.37 OK
r-patched-solaris-x86 0.1.1 64.20 NOTE
r-release-linux-x86_64 0.1.1 2.31 26.39 28.70 OK
r-release-windows-ix86+x86_64 0.1.1 6.00 43.00 49.00 OK
r-release-osx-x86_64 0.1.1 NOTE
r-oldrel-windows-ix86+x86_64 0.1.1 3.00 42.00 45.00 OK
r-oldrel-osx-x86_64 0.1.1 NOTE

Check Details

Version: 0.1.1
Check: for non-standard things in the check directory
Result: NOTE
    Found the following files/directories:
     'map.png' 'maze.html'
Flavors: r-devel-linux-x86_64-debian-clang, r-devel-linux-x86_64-debian-gcc, r-devel-linux-x86_64-fedora-clang, r-devel-linux-x86_64-fedora-gcc

Version: 0.1.1
Check: dependencies in R code
Result: NOTE
    Namespaces in Imports field not imported from:
     ‘mgcv’ ‘stats’
     All declared Imports should be used.
Flavors: r-devel-linux-x86_64-fedora-clang, r-devel-linux-x86_64-fedora-gcc, r-patched-solaris-x86, r-release-osx-x86_64, r-oldrel-osx-x86_64