CRAN Package Check Results for Package networkTomography

Last updated on 2015-04-26 17:47:44.

Flavor Version Tinstall Tcheck Ttotal Status Flags
r-devel-linux-x86_64-debian-clang 0.3 1.76 24.28 26.04 OK
r-devel-linux-x86_64-debian-gcc 0.3 1.69 24.38 26.08 OK
r-devel-linux-x86_64-fedora-clang 0.3 52.17 OK
r-devel-linux-x86_64-fedora-gcc 0.3 47.22 OK
r-devel-osx-x86_64-clang 0.3 48.91 OK
r-devel-windows-ix86+x86_64 0.3 7.00 51.00 58.00 OK
r-patched-linux-x86_64 0.3 1.63 24.57 26.20 OK
r-patched-solaris-sparc 0.3 341.80 OK
r-patched-solaris-x86 0.3 73.00 OK
r-release-linux-x86_64 0.3 1.64 23.73 25.37 OK
r-release-osx-x86_64-mavericks 0.3 ERROR
r-release-osx-x86_64-snowleopard 0.3 ERROR
r-release-windows-ix86+x86_64 0.3 8.00 46.00 54.00 OK
r-oldrel-windows-ix86+x86_64 0.3 9.00 73.00 82.00 OK

Check Details

Version: 0.3
Check: package dependencies
Result: ERROR
    Package required but not available: ‘Rglpk’
    
    See section ‘The DESCRIPTION file’ in the ‘Writing R Extensions’
    manual.
Flavor: r-release-osx-x86_64-mavericks

Version: 0.3
Check: package dependencies
Result: ERROR
    Package required but not available: ‘igraph’
    
    See section ‘The DESCRIPTION file’ in the ‘Writing R Extensions’
    manual.
Flavor: r-release-osx-x86_64-snowleopard