CRAN Package Check Results for Package networkTomography

Last updated on 2014-04-18 11:47:21.

Flavor Version Tinstall Tcheck Ttotal Status Flags
r-devel-linux-x86_64-debian-clang 0.3 2.44 30.63 33.07 OK
r-devel-linux-x86_64-debian-gcc OK
r-devel-linux-x86_64-fedora-clang 0.3 64.91 OK
r-devel-linux-x86_64-fedora-gcc 0.3 61.22 OK
r-devel-macosx-x86_64-clang 0.3 61.58 OK
r-devel-macosx-x86_64-gcc 0.3 ERROR
r-devel-windows-ix86+x86_64 0.3 9.00 64.00 73.00 OK
r-patched-linux-x86_64 0.3 2.53 31.10 33.63 OK
r-patched-solaris-sparc 0.3 385.60 OK
r-patched-solaris-x86 0.3 88.90 OK
r-release-linux-ix86 0.3 6.00 55.00 61.00 OK
r-release-linux-x86_64 0.3 2.46 31.05 33.51 OK
r-release-macosx-x86_64 0.3 OK
r-release-windows-ix86+x86_64 0.3 10.00 83.00 93.00 OK
r-oldrel-windows-ix86+x86_64 0.3 10.00 68.00 78.00 OK

Check Details

Version: 0.3
Check: package dependencies
Result: ERROR
    Package required but not available: ‘igraph’
    
    See the information on DESCRIPTION files in the chapter ‘Creating R
    packages’ of the ‘Writing R Extensions’ manual.
Flavor: r-devel-macosx-x86_64-gcc