CRAN Package Check Results for Package networkTomography

Last updated on 2015-07-02 17:47:29.

Flavor Version Tinstall Tcheck Ttotal Status Flags
r-devel-linux-x86_64-debian-clang 0.3 1.67 24.00 25.68 NOTE
r-devel-linux-x86_64-debian-gcc 0.3 2.03 23.32 25.35 NOTE
r-devel-linux-x86_64-fedora-clang 0.3 52.70 NOTE
r-devel-linux-x86_64-fedora-gcc 0.3 50.42 NOTE
r-devel-osx-x86_64-clang 0.3 48.19 OK
r-devel-windows-ix86+x86_64 0.3 7.00 50.00 57.00 NOTE
r-patched-linux-x86_64 0.3 1.62 23.65 25.28 OK
r-patched-solaris-sparc 0.3 343.00 OK
r-patched-solaris-x86 0.3 77.40 OK
r-release-linux-x86_64 0.3 1.65 24.24 25.90 OK
r-release-osx-x86_64-mavericks 0.3 OK
r-release-windows-ix86+x86_64 0.3 9.00 62.00 71.00 OK
r-oldrel-windows-ix86+x86_64 0.3 13.00 68.00 81.00 OK

Check Details

Version: 0.3
Check: R code for possible problems
Result: NOTE
    agg: no visible binding for global variable ‘sd’
    agg : <anonymous>: no visible global function definition for ‘quantile’
    bayesianDynamicFilter: no visible global function definition for
     ‘rnorm’
    bayesianDynamicFilter: no visible global function definition for
     ‘rgamma’
    bayesianDynamicFilter: no visible global function definition for
     ‘pnorm’
    bayesianDynamicFilter: no visible global function definition for
     ‘dnorm’
    bayesianDynamicFilter: no visible binding for global variable ‘median’
    bayesianDynamicFilter: no visible binding for global variable ‘sd’
    buildPrior: no visible binding for global variable ‘runmed’
    buildPrior: no visible global function definition for ‘tail’
    buildPrior: no visible global function definition for ‘head’
    calibration_ssm: no visible global function definition for ‘optim’
    llCalibration: no visible global function definition for ‘as.ts’
    llCalibration: no visible global function definition for ‘logLik’
    locally_iid_EM: no visible global function definition for ‘optim’
    mle_filter: no visible global function definition for ‘as.ts’
    move_step: no visible global function definition for ‘pnorm’
    move_step: no visible global function definition for ‘rnorm’
    move_step: no visible global function definition for ‘dnorm’
    move_step: no visible global function definition for ‘runif’
    move_step: no visible global function definition for ‘rgamma’
    move_step: no visible global function definition for ‘dgamma’
    phi_init: no visible global function definition for ‘cov’
    smoothed_EM: no visible global function definition for ‘optim’
    tomogravity.fit: no visible global function definition for ‘optim’
    twMCMC: no visible global function definition for ‘rnorm’
    twMCMC: no visible global function definition for ‘rgamma’
    twMCMC: no visible global function definition for ‘runif’
    twMCMC: no visible global function definition for ‘tail’
Flavors: r-devel-linux-x86_64-debian-clang, r-devel-linux-x86_64-debian-gcc, r-devel-windows-ix86+x86_64

Version: 0.3
Check: R code for possible problems
Result: NOTE
    agg: no visible binding for global variable ‘sd’
    agg : <anonymous>: no visible global function definition for ‘quantile’
    bayesianDynamicFilter: no visible global function definition for
     ‘rnorm’
    bayesianDynamicFilter: no visible global function definition for
     ‘rgamma’
    bayesianDynamicFilter: no visible global function definition for
     ‘pnorm’
    bayesianDynamicFilter: no visible global function definition for
     ‘dnorm’
    bayesianDynamicFilter: no visible binding for global variable ‘median’
    bayesianDynamicFilter: no visible binding for global variable ‘sd’
    buildPrior: no visible binding for global variable ‘runmed’
    buildPrior: no visible global function definition for ‘tail’
    buildPrior: no visible global function definition for ‘head’
    calibration_ssm: no visible global function definition for ‘optim’
    llCalibration: no visible global function definition for ‘as.ts’
    llCalibration: no visible global function definition for ‘logLik’
    locally_iid_EM: no visible global function definition for ‘optim’
    mle_filter: no visible global function definition for ‘as.ts’
    move_step: no visible global function definition for ‘pnorm’
    move_step: no visible global function definition for ‘rnorm’
    move_step: no visible global function definition for ‘dnorm’
    move_step: no visible global function definition for ‘runif’
    move_step: no visible global function definition for ‘rgamma’
    move_step: no visible global function definition for ‘dgamma’
    phi_init: no visible global function definition for ‘cov’
    smoothed_EM: no visible global function definition for ‘optim’
    tomogravity.fit: no visible global function definition for ‘optim’
    twMCMC: no visible global function definition for ‘rnorm’
    twMCMC: no visible global function definition for ‘rgamma’
    twMCMC: no visible global function definition for ‘runif’
    twMCMC: no visible global function definition for ‘tail’
    Undefined global functions or variables:
     as.ts cov dgamma dnorm head logLik median optim pnorm quantile rgamma
     rnorm runif runmed sd tail
Flavors: r-devel-linux-x86_64-fedora-clang, r-devel-linux-x86_64-fedora-gcc