CRAN Package Check Results for Package networkTomography

Last updated on 2017-07-23 17:47:18.

Flavor Version Tinstall Tcheck Ttotal Status Flags
r-devel-linux-x86_64-debian-clang 0.3 1.90 36.55 38.45 NOTE
r-devel-linux-x86_64-debian-gcc 0.3 1.76 36.02 37.78 NOTE
r-devel-linux-x86_64-fedora-clang 0.3 55.52 NOTE
r-devel-linux-x86_64-fedora-gcc 0.3 53.75 NOTE
r-devel-windows-ix86+x86_64 0.3 12.00 73.00 85.00 NOTE
r-patched-linux-x86_64 0.3 1.87 36.42 38.29 NOTE
r-patched-solaris-x86 0.3 75.00 NOTE
r-release-linux-x86_64 0.3 1.90 36.32 38.22 NOTE
r-release-windows-ix86+x86_64 0.3 10.00 111.00 121.00 NOTE
r-release-osx-x86_64 0.3 ERROR
r-oldrel-windows-ix86+x86_64 0.3 17.00 87.00 104.00 NOTE
r-oldrel-osx-x86_64 0.3 NOTE

Check Details

Version: 0.3
Check: R code for possible problems
Result: NOTE
    agg: no visible binding for global variable ‘sd’
    agg : <anonymous>: no visible global function definition for ‘quantile’
    bayesianDynamicFilter: no visible global function definition for
     ‘rnorm’
    bayesianDynamicFilter: no visible global function definition for
     ‘rgamma’
    bayesianDynamicFilter: no visible global function definition for
     ‘pnorm’
    bayesianDynamicFilter: no visible global function definition for
     ‘dnorm’
    bayesianDynamicFilter: no visible binding for global variable ‘median’
    bayesianDynamicFilter: no visible binding for global variable ‘sd’
    buildPrior: no visible binding for global variable ‘runmed’
    buildPrior: no visible global function definition for ‘tail’
    buildPrior: no visible global function definition for ‘head’
    calibration_ssm: no visible global function definition for ‘optim’
    llCalibration: no visible global function definition for ‘as.ts’
    llCalibration: no visible global function definition for ‘logLik’
    locally_iid_EM: no visible global function definition for ‘optim’
    mle_filter: no visible global function definition for ‘as.ts’
    move_step: no visible global function definition for ‘pnorm’
    move_step: no visible global function definition for ‘rnorm’
    move_step: no visible global function definition for ‘dnorm’
    move_step: no visible global function definition for ‘runif’
    move_step: no visible global function definition for ‘rgamma’
    move_step: no visible global function definition for ‘dgamma’
    phi_init: no visible global function definition for ‘cov’
    smoothed_EM: no visible global function definition for ‘optim’
    tomogravity.fit: no visible global function definition for ‘optim’
    twMCMC: no visible global function definition for ‘rnorm’
    twMCMC: no visible global function definition for ‘rgamma’
    twMCMC: no visible global function definition for ‘runif’
    twMCMC: no visible global function definition for ‘tail’
    Undefined global functions or variables:
     as.ts cov dgamma dnorm head logLik median optim pnorm quantile rgamma
     rnorm runif runmed sd tail
    Consider adding
     importFrom("stats", "as.ts", "cov", "dgamma", "dnorm", "logLik",
     "median", "optim", "pnorm", "quantile", "rgamma", "rnorm",
     "runif", "runmed", "sd")
     importFrom("utils", "head", "tail")
    to your NAMESPACE file.
Flavors: r-devel-linux-x86_64-debian-clang, r-devel-linux-x86_64-debian-gcc, r-devel-linux-x86_64-fedora-clang, r-devel-linux-x86_64-fedora-gcc, r-devel-windows-ix86+x86_64, r-patched-linux-x86_64, r-patched-solaris-x86, r-release-linux-x86_64, r-release-windows-ix86+x86_64, r-oldrel-windows-ix86+x86_64, r-oldrel-osx-x86_64

Version: 0.3
Check: compiled code
Result: NOTE
    File ‘networkTomography/libs/networkTomography.so’:
     Found no calls to: ‘R_registerRoutines’, ‘R_useDynamicSymbols’
    
    It is good practice to register native routines and to disable symbol
    search.
    
    See ‘Writing portable packages’ in the ‘Writing R Extensions’ manual.
Flavors: r-devel-linux-x86_64-debian-clang, r-devel-linux-x86_64-debian-gcc, r-devel-linux-x86_64-fedora-clang, r-devel-linux-x86_64-fedora-gcc, r-patched-linux-x86_64, r-release-linux-x86_64

Version: 0.3
Check: package dependencies
Result: ERROR
    Package required but not available: ‘Rglpk’
    
    See section ‘The DESCRIPTION file’ in the ‘Writing R Extensions’
    manual.
Flavor: r-release-osx-x86_64