CRAN Package Check Results for Package networkTomography

Last updated on 2015-09-03 19:47:20.

Flavor Version Tinstall Tcheck Ttotal Status Flags
r-devel-linux-x86_64-debian-clang 0.3 1.98 24.13 26.11 NOTE
r-devel-linux-x86_64-debian-gcc 0.3 2.02 24.11 26.13 NOTE
r-devel-linux-x86_64-fedora-clang 0.3 54.00 NOTE
r-devel-linux-x86_64-fedora-gcc 0.3 48.66 NOTE
r-devel-osx-x86_64-clang 0.3 45.18 OK
r-devel-windows-ix86+x86_64 0.3 11.00 57.00 68.00 NOTE
r-patched-linux-x86_64 0.3 1.66 24.92 26.58 OK
r-patched-solaris-sparc 0.3 350.80 OK
r-patched-solaris-x86 0.3 80.10 OK
r-release-linux-x86_64 0.3 1.64 24.85 26.49 OK
r-release-osx-x86_64-mavericks 0.3 OK
r-release-windows-ix86+x86_64 0.3 11.00 56.00 67.00 OK
r-oldrel-windows-ix86+x86_64 0.3 19.00 90.00 109.00 OK

Check Details

Version: 0.3
Check: R code for possible problems
Result: NOTE
    agg: no visible binding for global variable ‘sd’
    agg : <anonymous>: no visible global function definition for ‘quantile’
    bayesianDynamicFilter: no visible global function definition for
     ‘rnorm’
    bayesianDynamicFilter: no visible global function definition for
     ‘rgamma’
    bayesianDynamicFilter: no visible global function definition for
     ‘pnorm’
    bayesianDynamicFilter: no visible global function definition for
     ‘dnorm’
    bayesianDynamicFilter: no visible binding for global variable ‘median’
    bayesianDynamicFilter: no visible binding for global variable ‘sd’
    buildPrior: no visible binding for global variable ‘runmed’
    buildPrior: no visible global function definition for ‘tail’
    buildPrior: no visible global function definition for ‘head’
    calibration_ssm: no visible global function definition for ‘optim’
    llCalibration: no visible global function definition for ‘as.ts’
    llCalibration: no visible global function definition for ‘logLik’
    locally_iid_EM: no visible global function definition for ‘optim’
    mle_filter: no visible global function definition for ‘as.ts’
    move_step: no visible global function definition for ‘pnorm’
    move_step: no visible global function definition for ‘rnorm’
    move_step: no visible global function definition for ‘dnorm’
    move_step: no visible global function definition for ‘runif’
    move_step: no visible global function definition for ‘rgamma’
    move_step: no visible global function definition for ‘dgamma’
    phi_init: no visible global function definition for ‘cov’
    smoothed_EM: no visible global function definition for ‘optim’
    tomogravity.fit: no visible global function definition for ‘optim’
    twMCMC: no visible global function definition for ‘rnorm’
    twMCMC: no visible global function definition for ‘rgamma’
    twMCMC: no visible global function definition for ‘runif’
    twMCMC: no visible global function definition for ‘tail’
    Undefined global functions or variables:
     as.ts cov dgamma dnorm head logLik median optim pnorm quantile rgamma
     rnorm runif runmed sd tail
    Consider adding
     importFrom("stats", "as.ts", "cov", "dgamma", "dnorm", "logLik",
     "median", "optim", "pnorm", "quantile", "rgamma", "rnorm",
     "runif", "runmed", "sd")
     importFrom("utils", "head", "tail")
    to your NAMESPACE.
Flavors: r-devel-linux-x86_64-debian-clang, r-devel-linux-x86_64-debian-gcc, r-devel-linux-x86_64-fedora-clang, r-devel-linux-x86_64-fedora-gcc, r-devel-windows-ix86+x86_64