CRAN Package Check Results for Package networkTomography

Last updated on 2015-05-28 23:47:51.

Flavor Version Tinstall Tcheck Ttotal Status Flags
r-devel-linux-x86_64-debian-clang 0.3 1.69 24.22 25.91 OK
r-devel-linux-x86_64-debian-gcc 0.3 1.72 24.59 26.31 OK
r-devel-linux-x86_64-fedora-clang 0.3 51.43 OK
r-devel-linux-x86_64-fedora-gcc 0.3 49.58 OK
r-devel-osx-x86_64-clang 0.3 47.22 OK
r-devel-windows-ix86+x86_64 0.3 7.00 53.00 60.00 OK
r-patched-linux-x86_64 0.3 1.62 23.79 25.41 OK
r-patched-solaris-sparc 0.3 343.00 OK
r-patched-solaris-x86 0.3 77.60 OK
r-release-linux-x86_64 0.3 1.63 23.69 25.32 OK
r-release-osx-x86_64-mavericks 0.3 OK
r-release-osx-x86_64-snowleopard 0.3 ERROR
r-release-windows-ix86+x86_64 0.3 8.00 50.00 58.00 OK
r-oldrel-windows-ix86+x86_64 0.3 12.00 66.00 78.00 OK

Check Details

Version: 0.3
Check: package dependencies
Result: ERROR
    Package required but not available: ‘igraph’
    
    See section ‘The DESCRIPTION file’ in the ‘Writing R Extensions’
    manual.
Flavor: r-release-osx-x86_64-snowleopard