CRAN Package Check Results for Package networksis

Last updated on 2016-09-28 21:48:20.

Flavor Version Tinstall Tcheck Ttotal Status Flags
r-devel-linux-x86_64-debian-clang 2.1-3 1.31 11.26 12.57 NOTE
r-devel-linux-x86_64-debian-gcc 2.1-3 1.25 11.07 12.32 NOTE
r-devel-linux-x86_64-fedora-clang 2.1-3 20.35 NOTE
r-devel-linux-x86_64-fedora-gcc 2.1-3 19.32 NOTE
r-devel-macos-x86_64-clang 2.1-3 18.08 NOTE
r-devel-windows-ix86+x86_64 2.1-3 6.00 42.00 48.00 NOTE
r-patched-linux-x86_64 2.1-3 1.16 10.84 11.99 NOTE
r-patched-solaris-sparc 2.1-3 113.50 NOTE
r-patched-solaris-x86 2.1-3 28.70 NOTE
r-release-linux-x86_64 2.1-3 1.22 11.38 12.61 NOTE
r-release-osx-x86_64-mavericks 2.1-3 NOTE
r-release-windows-ix86+x86_64 2.1-3 9.00 28.00 37.00 NOTE
r-oldrel-windows-ix86+x86_64 2.1-3 10.00 29.00 39.00 OK

Check Details

Version: 2.1-3
Check: R code for possible problems
Result: NOTE
    simulate.sisnetwork: no visible global function definition for ‘var’
    Undefined global functions or variables:
     var
    Consider adding
     importFrom("stats", "var")
    to your NAMESPACE file.
Flavors: r-devel-linux-x86_64-debian-clang, r-devel-linux-x86_64-debian-gcc, r-devel-linux-x86_64-fedora-clang, r-devel-linux-x86_64-fedora-gcc, r-devel-macos-x86_64-clang, r-devel-windows-ix86+x86_64, r-patched-linux-x86_64, r-patched-solaris-sparc, r-patched-solaris-x86, r-release-linux-x86_64, r-release-osx-x86_64-mavericks, r-release-windows-ix86+x86_64