CRAN Package Check Results for Package networksis

Last updated on 2015-07-30 11:48:44.

Flavor Version Tinstall Tcheck Ttotal Status Flags
r-devel-linux-x86_64-debian-clang 2.1-3 1.02 10.00 11.02 NOTE
r-devel-linux-x86_64-debian-gcc 2.1-3 1.09 10.48 11.57 NOTE
r-devel-linux-x86_64-fedora-clang 2.1-3 21.48 NOTE
r-devel-linux-x86_64-fedora-gcc 2.1-3 19.82 NOTE
r-devel-osx-x86_64-clang 2.1-3 20.49 OK
r-devel-windows-ix86+x86_64 2.1-3 12.00 25.00 37.00 NOTE
r-patched-linux-x86_64 2.1-3 1.20 10.04 11.23 OK
r-patched-solaris-sparc 2.1-3 146.30 OK
r-patched-solaris-x86 2.1-3 35.30 OK
r-release-linux-x86_64 2.1-3 1.33 10.12 11.44 OK
r-release-osx-x86_64-mavericks 2.1-3 OK
r-release-windows-ix86+x86_64 2.1-3 10.00 43.00 53.00 OK
r-oldrel-windows-ix86+x86_64 2.1-3 10.00 30.00 40.00 OK

Check Details

Version: 2.1-3
Check: R code for possible problems
Result: NOTE
    simulate.sisnetwork: no visible global function definition for ‘var’
    Undefined global functions or variables:
     var
    Consider adding
     importFrom("stats", "var")
    to your NAMESPACE.
Flavors: r-devel-linux-x86_64-debian-clang, r-devel-linux-x86_64-debian-gcc, r-devel-linux-x86_64-fedora-clang, r-devel-linux-x86_64-fedora-gcc, r-devel-windows-ix86+x86_64