CRAN Package Check Results for Package networksis

Last updated on 2016-12-04 20:47:10.

Flavor Version Tinstall Tcheck Ttotal Status Flags
r-devel-linux-x86_64-debian-clang 2.1-3 1.36 12.48 13.83 NOTE
r-devel-linux-x86_64-debian-gcc 2.1-3 1.24 13.01 14.25 NOTE
r-devel-linux-x86_64-fedora-clang 2.1-3 25.20 NOTE --no-stop-on-test-error
r-devel-linux-x86_64-fedora-gcc 2.1-3 23.80 NOTE --no-stop-on-test-error
r-devel-macos-x86_64-clang 2.1-3 21.86 NOTE
r-devel-windows-ix86+x86_64 2.1-3 7.00 46.00 53.00 NOTE
r-patched-linux-x86_64 2.1-3 1.13 11.07 12.20 NOTE
r-patched-solaris-sparc 2.1-3 113.50 NOTE
r-patched-solaris-x86 2.1-3 29.10 NOTE
r-release-linux-x86_64 2.1-3 1.25 11.24 12.49 NOTE
r-release-osx-x86_64-mavericks 2.1-3 NOTE
r-release-windows-ix86+x86_64 2.1-3 9.00 32.00 41.00 NOTE
r-oldrel-windows-ix86+x86_64 2.1-3 7.00 31.00 38.00 OK

Check Details

Version: 2.1-3
Check: R code for possible problems
Result: NOTE
    simulate.sisnetwork: no visible global function definition for ‘var’
    Undefined global functions or variables:
     var
    Consider adding
     importFrom("stats", "var")
    to your NAMESPACE file.
Flavors: r-devel-linux-x86_64-debian-clang, r-devel-linux-x86_64-debian-gcc, r-devel-macos-x86_64-clang, r-devel-windows-ix86+x86_64, r-patched-linux-x86_64, r-patched-solaris-sparc, r-patched-solaris-x86, r-release-linux-x86_64, r-release-osx-x86_64-mavericks, r-release-windows-ix86+x86_64

Version: 2.1-3
Flags: --no-stop-on-test-error
Check: R code for possible problems
Result: NOTE
    simulate.sisnetwork: no visible global function definition for ‘var’
    Undefined global functions or variables:
     var
    Consider adding
     importFrom("stats", "var")
    to your NAMESPACE file.
Flavors: r-devel-linux-x86_64-fedora-clang, r-devel-linux-x86_64-fedora-gcc