CRAN Package Check Results for Package networksis

Last updated on 2016-06-30 12:52:46.

Flavor Version Tinstall Tcheck Ttotal Status Flags
r-devel-linux-x86_64-debian-gcc 2.1-3 1.39 11.79 13.17 NOTE
r-devel-linux-x86_64-fedora-clang 2.1-3 19.34 NOTE
r-devel-linux-x86_64-fedora-gcc 2.1-3 17.86 NOTE
r-devel-osx-x86_64-clang 2.1-3 18.06 NOTE
r-devel-windows-ix86+x86_64 2.1-3 6.00 30.00 36.00 NOTE
r-patched-linux-x86_64 2.1-3 1.36 12.33 13.69 NOTE
r-patched-solaris-sparc 2.1-3 113.50 NOTE
r-patched-solaris-x86 2.1-3 30.00 NOTE
r-release-linux-x86_64 2.1-3 1.26 11.33 12.59 NOTE
r-release-osx-x86_64-mavericks 2.1-3 NOTE
r-release-windows-ix86+x86_64 2.1-3 8.00 40.00 48.00 NOTE
r-oldrel-windows-ix86+x86_64 2.1-3 8.00 32.00 40.00 OK

Check Details

Version: 2.1-3
Check: R code for possible problems
Result: NOTE
    simulate.sisnetwork: no visible global function definition for ‘var’
    Undefined global functions or variables:
     var
    Consider adding
     importFrom("stats", "var")
    to your NAMESPACE file.
Flavors: r-devel-linux-x86_64-debian-gcc, r-devel-linux-x86_64-fedora-clang, r-devel-linux-x86_64-fedora-gcc, r-devel-osx-x86_64-clang, r-devel-windows-ix86+x86_64, r-patched-linux-x86_64, r-patched-solaris-sparc, r-patched-solaris-x86, r-release-linux-x86_64, r-release-osx-x86_64-mavericks, r-release-windows-ix86+x86_64