CRAN Package Check Results for Package networksis

Last updated on 2015-03-06 09:49:38.

Flavor Version Tinstall Tcheck Ttotal Status Flags
r-devel-linux-x86_64-debian-clang 2.1-2 3.22 33.00 36.22 NOTE
r-devel-linux-x86_64-debian-gcc 2.1-2 3.22 32.77 36.00 NOTE
r-devel-linux-x86_64-fedora-clang 2.1-2 73.88 NOTE
r-devel-linux-x86_64-fedora-gcc 2.1-2 70.07 NOTE
r-devel-osx-x86_64-clang 2.1-2 80.56 NOTE
r-devel-windows-ix86+x86_64 2.1-2 13.00 67.00 80.00 OK
r-patched-linux-x86_64 2.1-2 4.45 42.78 47.23 OK
r-patched-solaris-sparc 2.1-2 600.40 OK
r-patched-solaris-x86 2.1-2 146.20 OK
r-release-linux-ix86 2.1-2 5.17 51.49 56.66 OK
r-release-linux-x86_64 2.1-2 4.45 42.88 47.33 OK
r-release-osx-x86_64-mavericks 2.1-2 OK
r-release-osx-x86_64-snowleopard 2.1-2 OK
r-release-windows-ix86+x86_64 2.1-2 15.00 91.00 106.00 OK
r-oldrel-windows-ix86+x86_64 2.1-2 17.00 92.00 109.00 OK

Check Details

Version: 2.1-2
Check: S3 generic/method consistency
Result: NOTE
    Found the following apparent S3 methods exported but not registered:
     simulate.network simulate.sisnetwork
    See section ‘Registering S3 methods’ in the ‘Writing R Extensions’
    manual.
Flavors: r-devel-linux-x86_64-debian-clang, r-devel-linux-x86_64-debian-gcc, r-devel-linux-x86_64-fedora-clang, r-devel-linux-x86_64-fedora-gcc, r-devel-osx-x86_64-clang