CRAN Package Check Results for Package networksis

Last updated on 2017-06-23 03:48:56.

Flavor Version Tinstall Tcheck Ttotal Status Flags
r-devel-linux-x86_64-debian-clang 2.1-3 1.40 13.55 14.94 NOTE
r-devel-linux-x86_64-debian-gcc 2.1-3 1.42 13.16 14.58 NOTE
r-devel-linux-x86_64-fedora-clang 2.1-3 25.03 NOTE
r-devel-linux-x86_64-fedora-gcc 2.1-3 23.54 NOTE
r-devel-windows-ix86+x86_64 2.1-3 9.00 35.00 44.00 NOTE
r-patched-linux-x86_64 2.1-3 1.36 13.61 14.97 NOTE
r-patched-solaris-sparc 2.1-3 144.70 NOTE
r-patched-solaris-x86 2.1-3 33.70 NOTE
r-release-linux-x86_64 2.1-3 1.28 13.80 15.08 NOTE
r-release-windows-ix86+x86_64 2.1-3 9.00 51.00 60.00 NOTE
r-release-osx-x86_64 2.1-3 NOTE
r-oldrel-windows-ix86+x86_64 2.1-3 12.00 34.00 46.00 NOTE
r-oldrel-osx-x86_64 2.1-3 NOTE

Check Details

Version: 2.1-3
Check: R code for possible problems
Result: NOTE
    simulate.sisnetwork: no visible global function definition for ‘var’
    Undefined global functions or variables:
     var
    Consider adding
     importFrom("stats", "var")
    to your NAMESPACE file.
Flavors: r-devel-linux-x86_64-debian-clang, r-devel-linux-x86_64-debian-gcc, r-devel-linux-x86_64-fedora-clang, r-devel-linux-x86_64-fedora-gcc, r-devel-windows-ix86+x86_64, r-patched-linux-x86_64, r-patched-solaris-sparc, r-patched-solaris-x86, r-release-linux-x86_64, r-release-windows-ix86+x86_64, r-release-osx-x86_64, r-oldrel-windows-ix86+x86_64, r-oldrel-osx-x86_64

Version: 2.1-3
Check: compiled code
Result: NOTE
    File ‘networksis/libs/networksis.so’:
     Found no calls to: ‘R_registerRoutines’, ‘R_useDynamicSymbols’
    
    It is good practice to register native routines and to disable symbol
    search.
    
    See ‘Writing portable packages’ in the ‘Writing R Extensions’ manual.
Flavors: r-devel-linux-x86_64-debian-clang, r-devel-linux-x86_64-debian-gcc, r-devel-linux-x86_64-fedora-clang, r-devel-linux-x86_64-fedora-gcc, r-patched-linux-x86_64, r-release-linux-x86_64