CRAN Package Check Results for Package networksis

Last updated on 2017-02-20 11:50:48.

Flavor Version Tinstall Tcheck Ttotal Status Flags
r-devel-linux-x86_64-debian-clang 2.1-3 1.33 13.03 14.36 NOTE
r-devel-linux-x86_64-debian-gcc 2.1-3 1.35 12.81 14.15 NOTE
r-devel-linux-x86_64-fedora-clang 2.1-3 24.25 NOTE --no-stop-on-test-error
r-devel-linux-x86_64-fedora-gcc 2.1-3 23.00 NOTE --no-stop-on-test-error
r-devel-macos-x86_64-clang 2.1-3 21.51 NOTE --no-stop-on-test-error
r-devel-windows-ix86+x86_64 2.1-3 8.00 45.00 53.00 NOTE
r-patched-linux-x86_64 2.1-3 1.24 10.90 12.14 NOTE
r-patched-solaris-sparc 2.1-3 111.80 NOTE
r-patched-solaris-x86 2.1-3 29.20 NOTE
r-release-linux-x86_64 2.1-3 1.13 10.58 11.71 NOTE
r-release-osx-x86_64-mavericks 2.1-3 NOTE
r-release-windows-ix86+x86_64 2.1-3 6.00 33.00 39.00 NOTE
r-oldrel-windows-ix86+x86_64 2.1-3 8.00 45.00 53.00 OK

Check Details

Version: 2.1-3
Check: R code for possible problems
Result: NOTE
    simulate.sisnetwork: no visible global function definition for ‘var’
    Undefined global functions or variables:
     var
    Consider adding
     importFrom("stats", "var")
    to your NAMESPACE file.
Flavors: r-devel-linux-x86_64-debian-clang, r-devel-linux-x86_64-debian-gcc, r-devel-windows-ix86+x86_64, r-patched-linux-x86_64, r-patched-solaris-sparc, r-patched-solaris-x86, r-release-linux-x86_64, r-release-osx-x86_64-mavericks, r-release-windows-ix86+x86_64

Version: 2.1-3
Check: compiled code
Result: NOTE
    File ‘networksis/libs/networksis.so’:
     Found no calls to: ‘R_registerRoutines’, ‘R_useDynamicSymbols’
    
    It is good practice to register native routines and to disable symbol
    search.
    
    See ‘Writing portable packages’ in the ‘Writing R Extensions’ manual.
Flavors: r-devel-linux-x86_64-debian-clang, r-devel-linux-x86_64-debian-gcc

Version: 2.1-3
Flags: --no-stop-on-test-error
Check: R code for possible problems
Result: NOTE
    simulate.sisnetwork: no visible global function definition for ‘var’
    Undefined global functions or variables:
     var
    Consider adding
     importFrom("stats", "var")
    to your NAMESPACE file.
Flavors: r-devel-linux-x86_64-fedora-clang, r-devel-linux-x86_64-fedora-gcc, r-devel-macos-x86_64-clang

Version: 2.1-3
Flags: --no-stop-on-test-error
Check: compiled code
Result: NOTE
    File ‘networksis/libs/networksis.so’:
     Found no calls to: ‘R_registerRoutines’, ‘R_useDynamicSymbols’
    
    It is good practice to register native routines and to disable symbol
    search.
    
    See ‘Writing portable packages’ in the ‘Writing R Extensions’ manual.
Flavors: r-devel-linux-x86_64-fedora-clang, r-devel-linux-x86_64-fedora-gcc, r-devel-macos-x86_64-clang