CRAN Package Check Results for Package networksis

Last updated on 2016-05-29 23:47:44.

Flavor Version Tinstall Tcheck Ttotal Status Flags
r-devel-linux-x86_64-debian-gcc 2.1-3 1.21 11.07 12.28 NOTE
r-devel-linux-x86_64-fedora-clang 2.1-3 19.57 NOTE
r-devel-linux-x86_64-fedora-gcc 2.1-3 18.15 NOTE
r-devel-osx-x86_64-clang 2.1-3 23.66 NOTE
r-devel-windows-ix86+x86_64 2.1-3 8.00 32.00 40.00 NOTE
r-patched-linux-x86_64 2.1-3 1.18 10.78 11.96 NOTE
r-patched-solaris-sparc 2.1-3 111.10 NOTE
r-patched-solaris-x86 2.1-3 29.80 NOTE
r-release-linux-x86_64 2.1-3 1.17 10.70 11.87 NOTE
r-release-osx-x86_64-mavericks 2.1-3 NOTE
r-release-windows-ix86+x86_64 2.1-3 10.00 32.00 42.00 NOTE
r-oldrel-windows-ix86+x86_64 2.1-3 7.00 42.00 49.00 OK

Check Details

Version: 2.1-3
Check: R code for possible problems
Result: NOTE
    simulate.sisnetwork: no visible global function definition for ‘var’
    Undefined global functions or variables:
     var
    Consider adding
     importFrom("stats", "var")
    to your NAMESPACE file.
Flavors: r-devel-linux-x86_64-debian-gcc, r-devel-linux-x86_64-fedora-clang, r-devel-linux-x86_64-fedora-gcc, r-devel-osx-x86_64-clang, r-devel-windows-ix86+x86_64, r-patched-linux-x86_64, r-patched-solaris-sparc, r-patched-solaris-x86, r-release-linux-x86_64, r-release-osx-x86_64-mavericks, r-release-windows-ix86+x86_64