CRAN Package Check Results for Package networksis

Last updated on 2017-04-29 19:48:54.

Flavor Version Tinstall Tcheck Ttotal Status Flags
r-devel-linux-x86_64-debian-clang 2.1-3 1.30 13.24 14.54 NOTE
r-devel-linux-x86_64-debian-gcc 2.1-3 1.27 13.05 14.31 NOTE
r-devel-linux-x86_64-fedora-clang 2.1-3 24.84 NOTE --no-stop-on-test-error
r-devel-linux-x86_64-fedora-gcc 2.1-3 23.51 NOTE --no-stop-on-test-error
r-devel-windows-ix86+x86_64 2.1-3 14.00 47.00 61.00 NOTE
r-patched-linux-x86_64 2.1-3 1.21 12.92 14.13 NOTE
r-patched-solaris-sparc 2.1-3 144.70 NOTE
r-patched-solaris-x86 2.1-3 37.40 NOTE
r-release-linux-x86_64 2.1-3 1.20 13.12 14.32 NOTE
r-release-windows-ix86+x86_64 2.1-3 10.00 37.00 47.00 NOTE
r-release-osx-x86_64 2.1-3 NOTE
r-oldrel-windows-ix86+x86_64 2.1-3 18.00 43.00 61.00 NOTE
r-oldrel-osx-x86_64 2.1-3 NOTE

Check Details

Version: 2.1-3
Check: R code for possible problems
Result: NOTE
    simulate.sisnetwork: no visible global function definition for ‘var’
    Undefined global functions or variables:
     var
    Consider adding
     importFrom("stats", "var")
    to your NAMESPACE file.
Flavors: r-devel-linux-x86_64-debian-clang, r-devel-linux-x86_64-debian-gcc, r-devel-windows-ix86+x86_64, r-patched-linux-x86_64, r-patched-solaris-sparc, r-patched-solaris-x86, r-release-linux-x86_64, r-release-windows-ix86+x86_64, r-release-osx-x86_64, r-oldrel-windows-ix86+x86_64, r-oldrel-osx-x86_64

Version: 2.1-3
Check: compiled code
Result: NOTE
    File ‘networksis/libs/networksis.so’:
     Found no calls to: ‘R_registerRoutines’, ‘R_useDynamicSymbols’
    
    It is good practice to register native routines and to disable symbol
    search.
    
    See ‘Writing portable packages’ in the ‘Writing R Extensions’ manual.
Flavors: r-devel-linux-x86_64-debian-clang, r-devel-linux-x86_64-debian-gcc, r-patched-linux-x86_64, r-release-linux-x86_64

Version: 2.1-3
Flags: --no-stop-on-test-error
Check: R code for possible problems
Result: NOTE
    simulate.sisnetwork: no visible global function definition for ‘var’
    Undefined global functions or variables:
     var
    Consider adding
     importFrom("stats", "var")
    to your NAMESPACE file.
Flavors: r-devel-linux-x86_64-fedora-clang, r-devel-linux-x86_64-fedora-gcc

Version: 2.1-3
Flags: --no-stop-on-test-error
Check: compiled code
Result: NOTE
    File ‘networksis/libs/networksis.so’:
     Found no calls to: ‘R_registerRoutines’, ‘R_useDynamicSymbols’
    
    It is good practice to register native routines and to disable symbol
    search.
    
    See ‘Writing portable packages’ in the ‘Writing R Extensions’ manual.
Flavors: r-devel-linux-x86_64-fedora-clang, r-devel-linux-x86_64-fedora-gcc