CRAN Package Check Results for Package networksis

Last updated on 2017-12-13 03:48:02 CET.

Flavor Version Tinstall Tcheck Ttotal Status Flags
r-devel-linux-x86_64-debian-clang 2.1-3 1.46 17.55 19.01 NOTE
r-devel-linux-x86_64-debian-gcc 2.1-3 1.36 14.62 15.98 NOTE
r-devel-linux-x86_64-fedora-clang 2.1-3 22.92 NOTE
r-devel-windows-ix86+x86_64 2.1-3 11.00 35.00 46.00 NOTE
r-patched-linux-x86_64 2.1-3 1.63 17.91 19.54 NOTE
r-patched-solaris-x86 2.1-3 34.20 NOTE
r-release-linux-x86_64 2.1-3 1.48 17.79 19.27 NOTE
r-release-windows-ix86+x86_64 2.1-3 9.00 46.00 55.00 NOTE
r-release-osx-x86_64 2.1-3 NOTE
r-oldrel-windows-ix86+x86_64 2.1-3 9.00 52.00 61.00 NOTE
r-oldrel-osx-x86_64 2.1-3 NOTE

Check Details

Version: 2.1-3
Check: R code for possible problems
Result: NOTE
    simulate.sisnetwork: no visible global function definition for ‘var’
    Undefined global functions or variables:
     var
    Consider adding
     importFrom("stats", "var")
    to your NAMESPACE file.
Flavors: r-devel-linux-x86_64-debian-clang, r-devel-linux-x86_64-debian-gcc, r-devel-linux-x86_64-fedora-clang, r-devel-windows-ix86+x86_64, r-patched-linux-x86_64, r-patched-solaris-x86, r-release-linux-x86_64, r-release-windows-ix86+x86_64, r-release-osx-x86_64, r-oldrel-windows-ix86+x86_64, r-oldrel-osx-x86_64

Version: 2.1-3
Check: compiled code
Result: NOTE
    File ‘networksis/libs/networksis.so’:
     Found no calls to: ‘R_registerRoutines’, ‘R_useDynamicSymbols’
    
    It is good practice to register native routines and to disable symbol
    search.
    
    See ‘Writing portable packages’ in the ‘Writing R Extensions’ manual.
Flavors: r-devel-linux-x86_64-debian-clang, r-devel-linux-x86_64-debian-gcc, r-devel-linux-x86_64-fedora-clang, r-patched-linux-x86_64, r-release-linux-x86_64