CRAN Package Check Results for Package networksis

Last updated on 2016-04-30 11:49:08.

Flavor Version Tinstall Tcheck Ttotal Status Flags
r-devel-linux-x86_64-debian-gcc 2.1-3 1.09 10.54 11.63 NOTE
r-devel-linux-x86_64-fedora-clang 2.1-3 19.18 NOTE
r-devel-linux-x86_64-fedora-gcc 2.1-3 18.07 NOTE
r-devel-osx-x86_64-clang 2.1-3 23.34 NOTE
r-devel-windows-ix86+x86_64 2.1-3 6.00 76.00 82.00 NOTE
r-patched-linux-x86_64 2.1-3 1.20 10.66 11.86 NOTE
r-patched-solaris-sparc 2.1-3 110.20 NOTE
r-patched-solaris-x86 2.1-3 30.20 NOTE
r-release-linux-x86_64 2.1-3 1.21 11.45 12.66 OK
r-release-osx-x86_64-mavericks 2.1-3 OK
r-release-windows-ix86+x86_64 2.1-3 7.00 30.00 37.00 OK
r-oldrel-windows-ix86+x86_64 2.1-3 12.00 43.00 55.00 OK

Check Details

Version: 2.1-3
Check: R code for possible problems
Result: NOTE
    simulate.sisnetwork: no visible global function definition for ‘var’
    Undefined global functions or variables:
     var
    Consider adding
     importFrom("stats", "var")
    to your NAMESPACE file.
Flavors: r-devel-linux-x86_64-debian-gcc, r-devel-linux-x86_64-fedora-clang, r-devel-linux-x86_64-fedora-gcc, r-devel-osx-x86_64-clang, r-devel-windows-ix86+x86_64, r-patched-linux-x86_64, r-patched-solaris-sparc, r-patched-solaris-x86