CRAN Package Check Results for Package networksis

Last updated on 2015-01-31 04:47:59.

Flavor Version Tinstall Tcheck Ttotal Status Flags
r-devel-linux-x86_64-debian-clang 2.1-2 3.39 31.84 35.23 NOTE
r-devel-linux-x86_64-debian-gcc 2.1-2 3.53 30.66 34.20 NOTE
r-devel-linux-x86_64-fedora-clang 2.1-2 102.95 NOTE
r-devel-linux-x86_64-fedora-gcc 2.1-2 99.53 NOTE
r-devel-osx-x86_64-clang 2.1-2 92.71 NOTE
r-devel-windows-ix86+x86_64 2.1-2 17.00 64.00 81.00 OK
r-patched-linux-x86_64 2.1-2 7.30 42.61 49.91 OK
r-patched-solaris-sparc 2.1-2 579.00 OK
r-patched-solaris-x86 2.1-2 147.70 OK
r-release-linux-ix86 2.1-2 4.92 51.14 56.06 OK
r-release-linux-x86_64 2.1-2 4.15 42.35 46.50 OK
r-release-osx-x86_64-mavericks 2.1-2 OK
r-release-osx-x86_64-snowleopard 2.1-2 OK
r-release-windows-ix86+x86_64 2.1-2 16.00 84.00 100.00 OK
r-oldrel-windows-ix86+x86_64 2.1-2 15.00 86.00 101.00 OK

Check Details

Version: 2.1-2
Check: S3 generic/method consistency
Result: NOTE
    Found the following apparent S3 methods exported but not registered:
     simulate.network simulate.sisnetwork
    See section ‘Registering S3 methods’ in the ‘Writing R Extensions’
    manual.
Flavors: r-devel-linux-x86_64-debian-clang, r-devel-linux-x86_64-debian-gcc, r-devel-linux-x86_64-fedora-clang, r-devel-linux-x86_64-fedora-gcc, r-devel-osx-x86_64-clang