CRAN Package Check Results for Package networksis

Last updated on 2017-01-17 08:48:06.

Flavor Version Tinstall Tcheck Ttotal Status Flags
r-devel-linux-x86_64-debian-clang 2.1-3 1.40 13.06 14.46 NOTE
r-devel-linux-x86_64-debian-gcc 2.1-3 1.36 13.05 14.41 NOTE
r-devel-linux-x86_64-fedora-clang 2.1-3 23.89 NOTE --no-stop-on-test-error
r-devel-linux-x86_64-fedora-gcc 2.1-3 22.84 NOTE --no-stop-on-test-error
r-devel-macos-x86_64-clang 2.1-3 20.99 NOTE --no-stop-on-test-error
r-devel-windows-ix86+x86_64 2.1-3 11.00 35.00 46.00 NOTE
r-patched-linux-x86_64 2.1-3 1.18 10.68 11.86 NOTE
r-patched-solaris-sparc 2.1-3 111.80 NOTE
r-patched-solaris-x86 2.1-3 29.10 NOTE
r-release-linux-x86_64 2.1-3 1.26 11.77 13.03 NOTE
r-release-osx-x86_64-mavericks 2.1-3 NOTE
r-release-windows-ix86+x86_64 2.1-3 10.00 38.00 48.00 NOTE
r-oldrel-windows-ix86+x86_64 2.1-3 8.00 38.00 46.00 OK

Check Details

Version: 2.1-3
Check: R code for possible problems
Result: NOTE
    simulate.sisnetwork: no visible global function definition for ‘var’
    Undefined global functions or variables:
     var
    Consider adding
     importFrom("stats", "var")
    to your NAMESPACE file.
Flavors: r-devel-linux-x86_64-debian-clang, r-devel-linux-x86_64-debian-gcc, r-devel-windows-ix86+x86_64, r-patched-linux-x86_64, r-patched-solaris-sparc, r-patched-solaris-x86, r-release-linux-x86_64, r-release-osx-x86_64-mavericks, r-release-windows-ix86+x86_64

Version: 2.1-3
Flags: --no-stop-on-test-error
Check: R code for possible problems
Result: NOTE
    simulate.sisnetwork: no visible global function definition for ‘var’
    Undefined global functions or variables:
     var
    Consider adding
     importFrom("stats", "var")
    to your NAMESPACE file.
Flavors: r-devel-linux-x86_64-fedora-clang, r-devel-linux-x86_64-fedora-gcc, r-devel-macos-x86_64-clang