CRAN Package Check Results for Package networksis

Last updated on 2014-04-24 11:48:50.

Flavor Version Tinstall Tcheck Ttotal Status Flags
r-devel-linux-x86_64-debian-clang 2.1-2 4.07 42.22 46.29 OK
r-devel-linux-x86_64-debian-gcc 2.1-2 4.27 42.35 46.62 OK
r-devel-linux-x86_64-fedora-clang 2.1-2 107.26 OK
r-devel-linux-x86_64-fedora-gcc 2.1-2 102.34 OK
r-devel-osx-x86_64-clang 2.1-2 89.85 OK
r-devel-osx-x86_64-gcc 2.1-2 ERROR
r-devel-windows-ix86+x86_64 2.1-2 14.00 76.00 90.00 OK
r-patched-linux-x86_64 2.1-2 4.32 41.72 46.04 OK
r-patched-solaris-sparc 2.1-2 561.30 OK
r-patched-solaris-x86 2.1-2 136.50 OK
r-release-linux-ix86 2.1-2 7.00 70.00 77.00 OK
r-release-linux-x86_64 2.1-2 4.44 41.91 46.35 OK
r-release-osx-x86_64-mavericks 2.1-2 WARN
r-release-osx-x86_64-snowleopard 2.1-2 OK
r-release-windows-ix86+x86_64 2.1-2 13.00 79.00 92.00 OK
r-oldrel-windows-ix86+x86_64 2.1-2 14.00 80.00 94.00 OK

Check Details

Version: 2.1-2
Check: package dependencies
Result: ERROR
    Package required but not available: ‘ergm’
    
    Package suggested but not available for checking: ‘Hmisc’
    
    See the information on DESCRIPTION files in the chapter ‘Creating R
    packages’ of the ‘Writing R Extensions’ manual.
Flavor: r-devel-osx-x86_64-gcc

Version: 2.1-2
Check: PDF version of manual
Result: WARNING
    LaTeX errors when creating PDF version.
    This typically indicates Rd problems.
    LaTeX errors found:
    ! LaTeX Error: File `upquote.sty' not found.
    
    Type X to quit or <RETURN> to proceed,
    or enter new name. (Default extension: sty)
    
    188aaed/Rd2.tex:8: ==> Fatal error occurred, no output PDF file produced!
Flavor: r-release-osx-x86_64-mavericks