CRAN Package Check Results for Package networksis

Last updated on 2017-03-26 21:48:00.

Flavor Version Tinstall Tcheck Ttotal Status Flags
r-devel-linux-x86_64-debian-clang 2.1-3 1.38 13.10 14.47 NOTE
r-devel-linux-x86_64-debian-gcc 2.1-3 1.21 12.82 14.03 NOTE
r-devel-linux-x86_64-fedora-clang 2.1-3 24.39 NOTE --no-stop-on-test-error
r-devel-linux-x86_64-fedora-gcc 2.1-3 23.59 NOTE --no-stop-on-test-error
r-devel-macos-x86_64-clang 2.1-3 21.40 NOTE --no-stop-on-test-error
r-devel-windows-ix86+x86_64 2.1-3 7.00 51.00 58.00 NOTE
r-patched-linux-x86_64 2.1-3 1.23 12.75 13.98 NOTE
r-patched-solaris-sparc 2.1-3 144.70 NOTE
r-patched-solaris-x86 2.1-3 37.60 NOTE
r-release-linux-x86_64 2.1-3 1.16 10.37 11.53 NOTE
r-release-osx-x86_64-mavericks 2.1-3 NOTE
r-release-windows-ix86+x86_64 2.1-3 12.00 33.00 45.00 NOTE
r-oldrel-windows-ix86+x86_64 2.1-3 8.00 28.00 36.00 OK

Check Details

Version: 2.1-3
Check: R code for possible problems
Result: NOTE
    simulate.sisnetwork: no visible global function definition for ‘var’
    Undefined global functions or variables:
     var
    Consider adding
     importFrom("stats", "var")
    to your NAMESPACE file.
Flavors: r-devel-linux-x86_64-debian-clang, r-devel-linux-x86_64-debian-gcc, r-devel-windows-ix86+x86_64, r-patched-linux-x86_64, r-patched-solaris-sparc, r-patched-solaris-x86, r-release-linux-x86_64, r-release-osx-x86_64-mavericks, r-release-windows-ix86+x86_64

Version: 2.1-3
Check: compiled code
Result: NOTE
    File ‘networksis/libs/networksis.so’:
     Found no calls to: ‘R_registerRoutines’, ‘R_useDynamicSymbols’
    
    It is good practice to register native routines and to disable symbol
    search.
    
    See ‘Writing portable packages’ in the ‘Writing R Extensions’ manual.
Flavors: r-devel-linux-x86_64-debian-clang, r-devel-linux-x86_64-debian-gcc, r-patched-linux-x86_64

Version: 2.1-3
Flags: --no-stop-on-test-error
Check: R code for possible problems
Result: NOTE
    simulate.sisnetwork: no visible global function definition for ‘var’
    Undefined global functions or variables:
     var
    Consider adding
     importFrom("stats", "var")
    to your NAMESPACE file.
Flavors: r-devel-linux-x86_64-fedora-clang, r-devel-linux-x86_64-fedora-gcc, r-devel-macos-x86_64-clang

Version: 2.1-3
Flags: --no-stop-on-test-error
Check: compiled code
Result: NOTE
    File ‘networksis/libs/networksis.so’:
     Found no calls to: ‘R_registerRoutines’, ‘R_useDynamicSymbols’
    
    It is good practice to register native routines and to disable symbol
    search.
    
    See ‘Writing portable packages’ in the ‘Writing R Extensions’ manual.
Flavors: r-devel-linux-x86_64-fedora-clang, r-devel-linux-x86_64-fedora-gcc, r-devel-macos-x86_64-clang