CRAN Package Check Results for Package networksis

Last updated on 2018-04-25 09:50:10 CEST.

Flavor Version Tinstall Tcheck Ttotal Status Flags
r-devel-linux-x86_64-debian-clang 2.1-3 2.18 18.82 21.00 NOTE
r-devel-linux-x86_64-debian-gcc 2.1-3 1.42 15.04 16.46 NOTE
r-devel-linux-x86_64-fedora-clang 2.1-3 25.21 NOTE
r-devel-linux-x86_64-fedora-gcc 2.1-3 23.47 NOTE
r-devel-windows-ix86+x86_64 2.1-3 11.00 38.00 49.00 NOTE
r-patched-linux-x86_64 2.1-3 1.68 18.57 20.25 NOTE
r-patched-solaris-x86 2.1-3 41.60 NOTE
r-release-linux-x86_64 2.1-3 1.57 18.44 20.01 NOTE
r-release-windows-ix86+x86_64 2.1-3 11.00 38.00 49.00 NOTE
r-release-osx-x86_64 2.1-3 NOTE
r-oldrel-windows-ix86+x86_64 2.1-3 9.00 53.00 62.00 NOTE
r-oldrel-osx-x86_64 2.1-3 NOTE

Check Details

Version: 2.1-3
Check: R code for possible problems
Result: NOTE
    simulate.sisnetwork: no visible global function definition for ‘var’
    Undefined global functions or variables:
     var
    Consider adding
     importFrom("stats", "var")
    to your NAMESPACE file.
Flavors: r-devel-linux-x86_64-debian-clang, r-devel-linux-x86_64-debian-gcc, r-devel-linux-x86_64-fedora-clang, r-devel-linux-x86_64-fedora-gcc, r-devel-windows-ix86+x86_64, r-patched-linux-x86_64, r-patched-solaris-x86, r-release-linux-x86_64, r-release-windows-ix86+x86_64, r-release-osx-x86_64, r-oldrel-windows-ix86+x86_64, r-oldrel-osx-x86_64

Version: 2.1-3
Check: compiled code
Result: NOTE
    File ‘networksis/libs/networksis.so’:
     Found no calls to: ‘R_registerRoutines’, ‘R_useDynamicSymbols’
    
    It is good practice to register native routines and to disable symbol
    search.
    
    See ‘Writing portable packages’ in the ‘Writing R Extensions’ manual.
Flavors: r-devel-linux-x86_64-debian-clang, r-devel-linux-x86_64-debian-gcc, r-devel-linux-x86_64-fedora-clang, r-devel-linux-x86_64-fedora-gcc, r-patched-linux-x86_64, r-release-linux-x86_64