CRAN Package Check Results for Package networksis

Last updated on 2015-09-03 03:48:34.

Flavor Version Tinstall Tcheck Ttotal Status Flags
r-devel-linux-x86_64-debian-clang 2.1-3 0.97 9.81 10.78 NOTE
r-devel-linux-x86_64-debian-gcc 2.1-3 1.11 9.70 10.82 NOTE
r-devel-linux-x86_64-fedora-clang 2.1-3 21.59 NOTE
r-devel-linux-x86_64-fedora-gcc 2.1-3 19.22 NOTE
r-devel-osx-x86_64-clang 2.1-3 21.31 OK
r-devel-windows-ix86+x86_64 2.1-3 10.00 26.00 36.00 NOTE
r-patched-linux-x86_64 2.1-3 1.16 10.29 11.45 OK
r-patched-solaris-sparc 2.1-3 146.30 OK
r-patched-solaris-x86 2.1-3 35.00 OK
r-release-linux-x86_64 2.1-3 1.16 10.29 11.45 OK
r-release-osx-x86_64-mavericks 2.1-3 OK
r-release-windows-ix86+x86_64 2.1-3 9.00 23.00 32.00 OK
r-oldrel-windows-ix86+x86_64 2.1-3 12.00 31.00 43.00 OK

Check Details

Version: 2.1-3
Check: R code for possible problems
Result: NOTE
    simulate.sisnetwork: no visible global function definition for ‘var’
    Undefined global functions or variables:
     var
    Consider adding
     importFrom("stats", "var")
    to your NAMESPACE.
Flavors: r-devel-linux-x86_64-debian-clang, r-devel-linux-x86_64-debian-gcc, r-devel-linux-x86_64-fedora-clang, r-devel-linux-x86_64-fedora-gcc, r-devel-windows-ix86+x86_64