CRAN Package Check Results for Package networksis

Last updated on 2016-07-24 17:49:11.

Flavor Version Tinstall Tcheck Ttotal Status Flags
r-devel-linux-x86_64-debian-clang 2.1-3 1.42 13.23 14.66 NOTE
r-devel-linux-x86_64-debian-gcc 2.1-3 1.46 13.80 15.26 NOTE
r-devel-linux-x86_64-fedora-clang 2.1-3 19.50 NOTE
r-devel-linux-x86_64-fedora-gcc 2.1-3 17.79 NOTE
r-devel-osx-x86_64-clang 2.1-3 18.18 NOTE
r-devel-windows-ix86+x86_64 2.1-3 8.00 31.00 39.00 NOTE
r-patched-linux-x86_64 2.1-3 1.44 13.30 14.73 NOTE
r-patched-solaris-sparc 2.1-3 113.50 NOTE
r-patched-solaris-x86 2.1-3 29.90 NOTE
r-release-linux-x86_64 2.1-3 1.59 12.57 14.16 NOTE
r-release-osx-x86_64-mavericks 2.1-3 NOTE
r-release-windows-ix86+x86_64 2.1-3 7.00 32.00 39.00 NOTE
r-oldrel-windows-ix86+x86_64 2.1-3 10.00 29.00 39.00 OK

Check Details

Version: 2.1-3
Check: R code for possible problems
Result: NOTE
    simulate.sisnetwork: no visible global function definition for ‘var’
    Undefined global functions or variables:
     var
    Consider adding
     importFrom("stats", "var")
    to your NAMESPACE file.
Flavors: r-devel-linux-x86_64-debian-clang, r-devel-linux-x86_64-debian-gcc, r-devel-linux-x86_64-fedora-clang, r-devel-linux-x86_64-fedora-gcc, r-devel-osx-x86_64-clang, r-devel-windows-ix86+x86_64, r-patched-linux-x86_64, r-patched-solaris-sparc, r-patched-solaris-x86, r-release-linux-x86_64, r-release-osx-x86_64-mavericks, r-release-windows-ix86+x86_64