CRAN Package Check Results for Package networksis

Last updated on 2016-08-27 06:47:41.

Flavor Version Tinstall Tcheck Ttotal Status Flags
r-devel-linux-x86_64-debian-clang 2.1-3 1.23 11.17 12.40 NOTE
r-devel-linux-x86_64-debian-gcc 2.1-3 1.55 14.59 16.15 NOTE
r-devel-linux-x86_64-fedora-clang 2.1-3 20.58 NOTE
r-devel-linux-x86_64-fedora-gcc 2.1-3 19.37 NOTE
r-devel-osx-x86_64-clang 2.1-3 18.11 NOTE
r-devel-windows-ix86+x86_64 2.1-3 11.00 29.00 40.00 NOTE
r-patched-linux-x86_64 2.1-3 1.16 10.65 11.81 NOTE
r-patched-solaris-sparc 2.1-3 113.50 NOTE
r-patched-solaris-x86 2.1-3 29.70 NOTE
r-release-linux-x86_64 2.1-3 1.18 10.75 11.94 NOTE
r-release-osx-x86_64-mavericks 2.1-3 NOTE
r-release-windows-ix86+x86_64 2.1-3 14.00 32.00 46.00 NOTE
r-oldrel-windows-ix86+x86_64 2.1-3 8.00 50.00 58.00 OK

Check Details

Version: 2.1-3
Check: R code for possible problems
Result: NOTE
    simulate.sisnetwork: no visible global function definition for ‘var’
    Undefined global functions or variables:
     var
    Consider adding
     importFrom("stats", "var")
    to your NAMESPACE file.
Flavors: r-devel-linux-x86_64-debian-clang, r-devel-linux-x86_64-debian-gcc, r-devel-linux-x86_64-fedora-clang, r-devel-linux-x86_64-fedora-gcc, r-devel-osx-x86_64-clang, r-devel-windows-ix86+x86_64, r-patched-linux-x86_64, r-patched-solaris-sparc, r-patched-solaris-x86, r-release-linux-x86_64, r-release-osx-x86_64-mavericks, r-release-windows-ix86+x86_64