CRAN Package Check Results for Package networktree

Last updated on 2019-07-16 07:50:55 CEST.

Flavor Version Tinstall Tcheck Ttotal Status Flags
r-devel-linux-x86_64-debian-clang 0.2.1 8.26 55.62 63.88 OK
r-devel-linux-x86_64-debian-gcc 0.2.1 7.01 45.42 52.43 OK
r-devel-linux-x86_64-fedora-clang 0.2.1 76.41 NOTE
r-devel-linux-x86_64-fedora-gcc 0.2.1 75.10 NOTE
r-devel-windows-ix86+x86_64 0.2.1 20.00 66.00 86.00 OK
r-patched-linux-x86_64 0.2.1 7.33 54.73 62.06 OK
r-patched-solaris-x86 0.2.1 125.80 NOTE
r-release-linux-x86_64 0.2.1 6.99 54.80 61.79 OK
r-release-windows-ix86+x86_64 0.2.1 17.00 98.00 115.00 OK
r-release-osx-x86_64 0.2.1 NOTE
r-oldrel-windows-ix86+x86_64 0.2.1 12.00 59.00 71.00 OK
r-oldrel-osx-x86_64 0.2.1 NOTE

Check Details

Version: 0.2.1
Check: data for non-ASCII characters
Result: NOTE
     Note: found 2 marked Latin-1 strings
Flavors: r-devel-linux-x86_64-fedora-clang, r-devel-linux-x86_64-fedora-gcc, r-patched-solaris-x86, r-release-osx-x86_64, r-oldrel-osx-x86_64