CRAN Package Check Results for Package networktree

Last updated on 2019-04-23 06:48:54 CEST.

Flavor Version Tinstall Tcheck Ttotal Status Flags
r-devel-linux-x86_64-debian-clang 0.2.1 7.47 55.82 63.29 OK
r-devel-linux-x86_64-debian-gcc 0.2.1 5.95 44.72 50.67 OK
r-devel-linux-x86_64-fedora-clang 0.2.1 76.60 NOTE
r-devel-linux-x86_64-fedora-gcc 0.2.1 74.73 NOTE
r-devel-windows-ix86+x86_64 0.2.1 19.00 64.00 83.00 OK
r-patched-linux-x86_64 0.2.1 7.68 54.87 62.55 OK
r-patched-solaris-x86 0.2.1 119.60 NOTE
r-release-linux-x86_64 0.2.1 4.91 52.88 57.79 OK
r-release-windows-ix86+x86_64 0.2.1 10.00 90.00 100.00 OK
r-release-osx-x86_64 0.2.1 NOTE
r-oldrel-windows-ix86+x86_64 0.2.1 13.00 94.00 107.00 OK
r-oldrel-osx-x86_64 0.2.1 NOTE

Check Details

Version: 0.2.1
Check: data for non-ASCII characters
Result: NOTE
     Note: found 2 marked Latin-1 strings
Flavors: r-devel-linux-x86_64-fedora-clang, r-devel-linux-x86_64-fedora-gcc, r-patched-solaris-x86, r-release-osx-x86_64, r-oldrel-osx-x86_64