CRAN Package Check Results for Package neuRosim

Last updated on 2017-10-21 22:46:48.

Flavor Version Tinstall Tcheck Ttotal Status Flags
r-devel-linux-x86_64-debian-clang 0.2-12 1.12 17.62 18.74 NOTE
r-devel-linux-x86_64-debian-gcc 0.2-12 1.35 19.04 20.39 NOTE
r-devel-linux-x86_64-fedora-clang 0.2-12 33.45 NOTE
r-devel-linux-x86_64-fedora-gcc 0.2-12 32.27 NOTE
r-devel-windows-ix86+x86_64 0.2-12 7.00 49.00 56.00 NOTE
r-patched-linux-x86_64 0.2-12 1.17 17.81 18.99 NOTE
r-patched-solaris-x86 0.2-12 42.50 NOTE
r-release-linux-x86_64 0.2-12 1.22 17.97 19.19 NOTE
r-release-windows-ix86+x86_64 0.2-12 7.00 46.00 53.00 NOTE
r-release-osx-x86_64 0.2-12 NOTE
r-oldrel-windows-ix86+x86_64 0.2-12 5.00 41.00 46.00 NOTE
r-oldrel-osx-x86_64 0.2-12 NOTE

Check Details

Version: 0.2-12
Check: R code for possible problems
Result: NOTE
    balloon: no visible global function definition for ‘convolve’
    physnoise: no visible global function definition for ‘sd’
    physnoise: no visible global function definition for ‘rnorm’
    rrice: no visible global function definition for ‘rnorm’
    simTSrestingstate: no visible global function definition for ‘runif’
    simTSrestingstate: no visible global function definition for ‘fft’
    spatialnoise: no visible global function definition for ‘rnorm’
    spatialnoise: no visible global function definition for ‘qgamma’
    spatialnoise: no visible global function definition for ‘pnorm’
    specifydesign: no visible global function definition for ‘convolve’
    systemnoise: no visible global function definition for ‘rnorm’
    tasknoise: no visible global function definition for ‘rnorm’
    tasknoise: no visible global function definition for ‘sd’
    temporalnoise: no visible global function definition for ‘arima.sim’
    Undefined global functions or variables:
     arima.sim convolve fft pnorm qgamma rnorm runif sd
    Consider adding
     importFrom("stats", "arima.sim", "convolve", "fft", "pnorm", "qgamma",
     "rnorm", "runif", "sd")
    to your NAMESPACE file.
Flavors: r-devel-linux-x86_64-debian-clang, r-devel-linux-x86_64-debian-gcc, r-devel-linux-x86_64-fedora-clang, r-devel-linux-x86_64-fedora-gcc, r-devel-windows-ix86+x86_64, r-patched-linux-x86_64, r-patched-solaris-x86, r-release-linux-x86_64, r-release-windows-ix86+x86_64, r-release-osx-x86_64, r-oldrel-windows-ix86+x86_64, r-oldrel-osx-x86_64

Version: 0.2-12
Check: compiled code
Result: NOTE
    File ‘neuRosim/libs/neuRosim.so’:
     Found no calls to: ‘R_registerRoutines’, ‘R_useDynamicSymbols’
    
    It is good practice to register native routines and to disable symbol
    search.
    
    See ‘Writing portable packages’ in the ‘Writing R Extensions’ manual.
Flavors: r-devel-linux-x86_64-debian-clang, r-devel-linux-x86_64-debian-gcc, r-devel-linux-x86_64-fedora-clang, r-devel-linux-x86_64-fedora-gcc, r-patched-linux-x86_64, r-release-linux-x86_64