CRAN Package Check Results for Package neuRosim

Last updated on 2016-05-03 15:49:22.

Flavor Version Tinstall Tcheck Ttotal Status Flags
r-devel-linux-x86_64-debian-gcc 0.2-12 1.08 15.09 16.17 NOTE
r-devel-linux-x86_64-fedora-clang 0.2-12 27.06 NOTE
r-devel-linux-x86_64-fedora-gcc 0.2-12 25.51 NOTE
r-devel-osx-x86_64-clang 0.2-12 31.68 NOTE
r-devel-windows-ix86+x86_64 0.2-12 7.00 40.00 47.00 NOTE
r-patched-linux-x86_64 0.2-12 3.06 15.26 18.32 NOTE
r-patched-solaris-sparc 0.2-12 175.00 NOTE
r-patched-solaris-x86 0.2-12 42.20 NOTE
r-release-linux-x86_64 0.2-12 1.16 15.62 16.78 OK
r-release-osx-x86_64-mavericks 0.2-12 OK
r-release-windows-ix86+x86_64 0.2-12 6.00 36.00 42.00 OK
r-oldrel-windows-ix86+x86_64 0.2-12 10.00 52.00 62.00 OK

Check Details

Version: 0.2-12
Check: R code for possible problems
Result: NOTE
    balloon: no visible global function definition for ‘convolve’
    physnoise: no visible global function definition for ‘sd’
    physnoise: no visible global function definition for ‘rnorm’
    rrice: no visible global function definition for ‘rnorm’
    simTSrestingstate: no visible global function definition for ‘runif’
    simTSrestingstate: no visible global function definition for ‘fft’
    spatialnoise: no visible global function definition for ‘rnorm’
    spatialnoise: no visible global function definition for ‘qgamma’
    spatialnoise: no visible global function definition for ‘pnorm’
    specifydesign: no visible global function definition for ‘convolve’
    systemnoise: no visible global function definition for ‘rnorm’
    tasknoise: no visible global function definition for ‘rnorm’
    tasknoise: no visible global function definition for ‘sd’
    temporalnoise: no visible global function definition for ‘arima.sim’
    Undefined global functions or variables:
     arima.sim convolve fft pnorm qgamma rnorm runif sd
    Consider adding
     importFrom("stats", "arima.sim", "convolve", "fft", "pnorm", "qgamma",
     "rnorm", "runif", "sd")
    to your NAMESPACE file.
Flavors: r-devel-linux-x86_64-debian-gcc, r-devel-linux-x86_64-fedora-clang, r-devel-linux-x86_64-fedora-gcc, r-devel-osx-x86_64-clang, r-devel-windows-ix86+x86_64, r-patched-linux-x86_64, r-patched-solaris-sparc, r-patched-solaris-x86