CRAN Package Check Results for Package neuRosim

Last updated on 2015-07-29 19:49:59.

Flavor Version Tinstall Tcheck Ttotal Status Flags
r-devel-linux-x86_64-debian-clang 0.2-12 1.04 14.81 15.84 NOTE
r-devel-linux-x86_64-debian-gcc 0.2-12 1.02 14.38 15.40 NOTE
r-devel-linux-x86_64-fedora-clang 0.2-12 30.69 NOTE
r-devel-linux-x86_64-fedora-gcc 0.2-12 29.23 NOTE
r-devel-osx-x86_64-clang 0.2-12 26.56 OK
r-devel-windows-ix86+x86_64 0.2-12 7.00 45.00 52.00 NOTE
r-patched-linux-x86_64 0.2-12 1.06 14.68 15.74 OK
r-patched-solaris-sparc 0.2-12 198.20 OK
r-patched-solaris-x86 0.2-12 44.20 OK
r-release-linux-x86_64 0.2-12 1.06 14.56 15.62 OK
r-release-osx-x86_64-mavericks 0.2-12 OK
r-release-windows-ix86+x86_64 0.2-12 10.00 30.00 40.00 OK
r-oldrel-windows-ix86+x86_64 0.2-12 6.00 33.00 39.00 OK

Check Details

Version: 0.2-12
Check: R code for possible problems
Result: NOTE
    balloon: no visible global function definition for ‘convolve’
    physnoise: no visible global function definition for ‘sd’
    physnoise: no visible global function definition for ‘rnorm’
    rrice: no visible global function definition for ‘rnorm’
    simTSrestingstate: no visible global function definition for ‘runif’
    simTSrestingstate: no visible global function definition for ‘fft’
    spatialnoise: no visible global function definition for ‘rnorm’
    spatialnoise: no visible global function definition for ‘qgamma’
    spatialnoise: no visible global function definition for ‘pnorm’
    specifydesign: no visible global function definition for ‘convolve’
    systemnoise: no visible global function definition for ‘rnorm’
    tasknoise: no visible global function definition for ‘rnorm’
    tasknoise: no visible global function definition for ‘sd’
    temporalnoise: no visible global function definition for ‘arima.sim’
    Undefined global functions or variables:
     arima.sim convolve fft pnorm qgamma rnorm runif sd
    Consider adding
     importFrom("stats", "arima.sim", "convolve", "fft", "pnorm", "qgamma",
     "rnorm", "runif", "sd")
    to your NAMESPACE.
Flavors: r-devel-linux-x86_64-debian-clang, r-devel-linux-x86_64-debian-gcc, r-devel-linux-x86_64-fedora-clang, r-devel-linux-x86_64-fedora-gcc, r-devel-windows-ix86+x86_64