CRAN Package Check Results for Package neuRosim

Last updated on 2017-03-29 18:47:20.

Flavor Version Tinstall Tcheck Ttotal Status Flags
r-devel-linux-x86_64-debian-clang 0.2-12 1.17 17.90 19.07 NOTE
r-devel-linux-x86_64-debian-gcc 0.2-12 1.16 17.59 18.74 NOTE
r-devel-linux-x86_64-fedora-clang 0.2-12 32.41 NOTE --no-stop-on-test-error
r-devel-linux-x86_64-fedora-gcc 0.2-12 31.07 NOTE --no-stop-on-test-error
r-devel-macos-x86_64-clang 0.2-12 27.37 NOTE --no-stop-on-test-error
r-devel-windows-ix86+x86_64 0.2-12 7.00 64.00 71.00 NOTE
r-patched-linux-x86_64 0.2-12 1.13 17.35 18.49 NOTE
r-patched-solaris-sparc 0.2-12 196.50 NOTE
r-patched-solaris-x86 0.2-12 45.30 NOTE
r-release-linux-x86_64 0.2-12 1.06 14.64 15.70 NOTE
r-release-osx-x86_64-mavericks 0.2-12 NOTE
r-release-windows-ix86+x86_64 0.2-12 5.00 37.00 42.00 NOTE
r-oldrel-windows-ix86+x86_64 0.2-12 10.00 56.00 66.00 OK

Check Details

Version: 0.2-12
Check: R code for possible problems
Result: NOTE
    balloon: no visible global function definition for ‘convolve’
    physnoise: no visible global function definition for ‘sd’
    physnoise: no visible global function definition for ‘rnorm’
    rrice: no visible global function definition for ‘rnorm’
    simTSrestingstate: no visible global function definition for ‘runif’
    simTSrestingstate: no visible global function definition for ‘fft’
    spatialnoise: no visible global function definition for ‘rnorm’
    spatialnoise: no visible global function definition for ‘qgamma’
    spatialnoise: no visible global function definition for ‘pnorm’
    specifydesign: no visible global function definition for ‘convolve’
    systemnoise: no visible global function definition for ‘rnorm’
    tasknoise: no visible global function definition for ‘rnorm’
    tasknoise: no visible global function definition for ‘sd’
    temporalnoise: no visible global function definition for ‘arima.sim’
    Undefined global functions or variables:
     arima.sim convolve fft pnorm qgamma rnorm runif sd
    Consider adding
     importFrom("stats", "arima.sim", "convolve", "fft", "pnorm", "qgamma",
     "rnorm", "runif", "sd")
    to your NAMESPACE file.
Flavors: r-devel-linux-x86_64-debian-clang, r-devel-linux-x86_64-debian-gcc, r-devel-windows-ix86+x86_64, r-patched-linux-x86_64, r-patched-solaris-sparc, r-patched-solaris-x86, r-release-linux-x86_64, r-release-osx-x86_64-mavericks, r-release-windows-ix86+x86_64

Version: 0.2-12
Check: compiled code
Result: NOTE
    File ‘neuRosim/libs/neuRosim.so’:
     Found no calls to: ‘R_registerRoutines’, ‘R_useDynamicSymbols’
    
    It is good practice to register native routines and to disable symbol
    search.
    
    See ‘Writing portable packages’ in the ‘Writing R Extensions’ manual.
Flavors: r-devel-linux-x86_64-debian-clang, r-devel-linux-x86_64-debian-gcc, r-patched-linux-x86_64

Version: 0.2-12
Flags: --no-stop-on-test-error
Check: R code for possible problems
Result: NOTE
    balloon: no visible global function definition for ‘convolve’
    physnoise: no visible global function definition for ‘sd’
    physnoise: no visible global function definition for ‘rnorm’
    rrice: no visible global function definition for ‘rnorm’
    simTSrestingstate: no visible global function definition for ‘runif’
    simTSrestingstate: no visible global function definition for ‘fft’
    spatialnoise: no visible global function definition for ‘rnorm’
    spatialnoise: no visible global function definition for ‘qgamma’
    spatialnoise: no visible global function definition for ‘pnorm’
    specifydesign: no visible global function definition for ‘convolve’
    systemnoise: no visible global function definition for ‘rnorm’
    tasknoise: no visible global function definition for ‘rnorm’
    tasknoise: no visible global function definition for ‘sd’
    temporalnoise: no visible global function definition for ‘arima.sim’
    Undefined global functions or variables:
     arima.sim convolve fft pnorm qgamma rnorm runif sd
    Consider adding
     importFrom("stats", "arima.sim", "convolve", "fft", "pnorm", "qgamma",
     "rnorm", "runif", "sd")
    to your NAMESPACE file.
Flavors: r-devel-linux-x86_64-fedora-clang, r-devel-linux-x86_64-fedora-gcc, r-devel-macos-x86_64-clang

Version: 0.2-12
Flags: --no-stop-on-test-error
Check: compiled code
Result: NOTE
    File ‘neuRosim/libs/neuRosim.so’:
     Found no calls to: ‘R_registerRoutines’, ‘R_useDynamicSymbols’
    
    It is good practice to register native routines and to disable symbol
    search.
    
    See ‘Writing portable packages’ in the ‘Writing R Extensions’ manual.
Flavors: r-devel-linux-x86_64-fedora-clang, r-devel-linux-x86_64-fedora-gcc, r-devel-macos-x86_64-clang