CRAN Package Check Results for Package neuRosim

Last updated on 2017-05-23 08:49:09.

Flavor Version Tinstall Tcheck Ttotal Status Flags
r-devel-linux-x86_64-debian-clang 0.2-12 1.23 17.89 19.11 NOTE
r-devel-linux-x86_64-debian-gcc 0.2-12 1.10 18.29 19.39 NOTE
r-devel-linux-x86_64-fedora-clang 0.2-12 32.35 NOTE --no-stop-on-test-error
r-devel-linux-x86_64-fedora-gcc 0.2-12 30.93 NOTE --no-stop-on-test-error
r-devel-windows-ix86+x86_64 0.2-12 14.00 44.00 58.00 NOTE
r-patched-linux-x86_64 0.2-12 1.10 17.68 18.78 NOTE
r-patched-solaris-sparc 0.2-12 196.50 NOTE
r-patched-solaris-x86 0.2-12 42.00 NOTE
r-release-linux-x86_64 0.2-12 1.12 17.52 18.64 NOTE
r-release-windows-ix86+x86_64 0.2-12 6.00 47.00 53.00 NOTE
r-release-osx-x86_64 0.2-12 NOTE
r-oldrel-windows-ix86+x86_64 0.2-12 7.00 45.00 52.00 NOTE
r-oldrel-osx-x86_64 0.2-12 NOTE

Check Details

Version: 0.2-12
Check: R code for possible problems
Result: NOTE
    balloon: no visible global function definition for ‘convolve’
    physnoise: no visible global function definition for ‘sd’
    physnoise: no visible global function definition for ‘rnorm’
    rrice: no visible global function definition for ‘rnorm’
    simTSrestingstate: no visible global function definition for ‘runif’
    simTSrestingstate: no visible global function definition for ‘fft’
    spatialnoise: no visible global function definition for ‘rnorm’
    spatialnoise: no visible global function definition for ‘qgamma’
    spatialnoise: no visible global function definition for ‘pnorm’
    specifydesign: no visible global function definition for ‘convolve’
    systemnoise: no visible global function definition for ‘rnorm’
    tasknoise: no visible global function definition for ‘rnorm’
    tasknoise: no visible global function definition for ‘sd’
    temporalnoise: no visible global function definition for ‘arima.sim’
    Undefined global functions or variables:
     arima.sim convolve fft pnorm qgamma rnorm runif sd
    Consider adding
     importFrom("stats", "arima.sim", "convolve", "fft", "pnorm", "qgamma",
     "rnorm", "runif", "sd")
    to your NAMESPACE file.
Flavors: r-devel-linux-x86_64-debian-clang, r-devel-linux-x86_64-debian-gcc, r-devel-windows-ix86+x86_64, r-patched-linux-x86_64, r-patched-solaris-sparc, r-patched-solaris-x86, r-release-linux-x86_64, r-release-windows-ix86+x86_64, r-release-osx-x86_64, r-oldrel-windows-ix86+x86_64, r-oldrel-osx-x86_64

Version: 0.2-12
Check: compiled code
Result: NOTE
    File ‘neuRosim/libs/neuRosim.so’:
     Found no calls to: ‘R_registerRoutines’, ‘R_useDynamicSymbols’
    
    It is good practice to register native routines and to disable symbol
    search.
    
    See ‘Writing portable packages’ in the ‘Writing R Extensions’ manual.
Flavors: r-devel-linux-x86_64-debian-clang, r-devel-linux-x86_64-debian-gcc, r-patched-linux-x86_64, r-release-linux-x86_64

Version: 0.2-12
Flags: --no-stop-on-test-error
Check: R code for possible problems
Result: NOTE
    balloon: no visible global function definition for ‘convolve’
    physnoise: no visible global function definition for ‘sd’
    physnoise: no visible global function definition for ‘rnorm’
    rrice: no visible global function definition for ‘rnorm’
    simTSrestingstate: no visible global function definition for ‘runif’
    simTSrestingstate: no visible global function definition for ‘fft’
    spatialnoise: no visible global function definition for ‘rnorm’
    spatialnoise: no visible global function definition for ‘qgamma’
    spatialnoise: no visible global function definition for ‘pnorm’
    specifydesign: no visible global function definition for ‘convolve’
    systemnoise: no visible global function definition for ‘rnorm’
    tasknoise: no visible global function definition for ‘rnorm’
    tasknoise: no visible global function definition for ‘sd’
    temporalnoise: no visible global function definition for ‘arima.sim’
    Undefined global functions or variables:
     arima.sim convolve fft pnorm qgamma rnorm runif sd
    Consider adding
     importFrom("stats", "arima.sim", "convolve", "fft", "pnorm", "qgamma",
     "rnorm", "runif", "sd")
    to your NAMESPACE file.
Flavors: r-devel-linux-x86_64-fedora-clang, r-devel-linux-x86_64-fedora-gcc

Version: 0.2-12
Flags: --no-stop-on-test-error
Check: compiled code
Result: NOTE
    File ‘neuRosim/libs/neuRosim.so’:
     Found no calls to: ‘R_registerRoutines’, ‘R_useDynamicSymbols’
    
    It is good practice to register native routines and to disable symbol
    search.
    
    See ‘Writing portable packages’ in the ‘Writing R Extensions’ manual.
Flavors: r-devel-linux-x86_64-fedora-clang, r-devel-linux-x86_64-fedora-gcc