CRAN Package Check Results for Package neuRosim

Last updated on 2014-07-30 20:48:48.

Flavor Version Tinstall Tcheck Ttotal Status Flags
r-devel-linux-x86_64-debian-clang 0.2-10 1.00 14.20 15.20 NOTE
r-devel-linux-x86_64-debian-gcc 0.2-10 1.02 14.19 15.21 NOTE
r-devel-linux-x86_64-fedora-clang 0.2-10 31.64 NOTE
r-devel-linux-x86_64-fedora-gcc 0.2-10 27.81 NOTE
r-devel-osx-x86_64-clang 0.2-10 30.33 NOTE
r-devel-windows-ix86+x86_64 0.2-10 6.00 29.00 35.00 NOTE
r-patched-linux-x86_64 0.2-10 1.06 14.62 15.68 NOTE
r-patched-solaris-sparc 0.2-10 168.80 NOTE
r-patched-solaris-x86 0.2-10 39.90 NOTE
r-release-linux-ix86 0.2-10 1.50 20.62 22.12 NOTE
r-release-linux-x86_64 0.2-10 1.03 14.33 15.36 NOTE
r-release-osx-x86_64-mavericks 0.2-10 NOTE
r-release-osx-x86_64-snowleopard 0.2-10 NOTE
r-release-windows-ix86+x86_64 0.2-10 10.00 28.00 38.00 NOTE
r-oldrel-windows-ix86+x86_64 0.2-10 6.00 28.00 34.00 NOTE

Check Details

Version: 0.2-10
Check: dependencies in R code
Result: NOTE
    'library' or 'require' call to deSolve which was already attached by Depends.
     Please remove these calls from your code.
    Package in Depends field not imported from: deSolve
     These packages need to be imported from (in the NAMESPACE file)
     for when this namespace is loaded but not attached.
    See the information on DESCRIPTION files in the chapter Creating R
    packages of the Writing R Extensions manual.
Flavors: r-devel-linux-x86_64-debian-clang, r-devel-linux-x86_64-debian-gcc, r-devel-linux-x86_64-fedora-clang, r-devel-linux-x86_64-fedora-gcc, r-devel-osx-x86_64-clang, r-devel-windows-ix86+x86_64, r-patched-linux-x86_64, r-patched-solaris-sparc, r-patched-solaris-x86, r-release-linux-ix86, r-release-linux-x86_64, r-release-osx-x86_64-mavericks, r-release-windows-ix86+x86_64, r-oldrel-windows-ix86+x86_64

Version: 0.2-10
Check: Rd line widths
Result: NOTE
    Rd file 'neuRosim-package.Rd':
     \examples lines wider than 100 characters:
     design <- simprepTemporal(totaltime=200, onsets=seq(1,200,40), durations=20, TR=2, effectsize=1, hrf="double-gamma")
     design <- simprepTemporal(totaltime=200, onsets=seq(1,200,40), durations=20, TR=2, effectsize=1, hrf="double-gamma")
    
    Rd file 'physnoise.Rd':
     \usage lines wider than 90 characters:
     physnoise(dim, nscan, TR, sigma, freq.heart = 1.17, freq.resp = 0.2, template, verbose = TRUE)
    
    Rd file 'simTSfmri.Rd':
     \usage lines wider than 90 characters:
     simTSfmri(design = list(), base=0, nscan = NULL, TR = NULL, SNR=NULL, noise = c("none", "white", "temporal", "low-frequency", "physiolo ... [TRUNCATED]
     \examples lines wider than 100 characters:
     design <- simprepTemporal(totaltime=200, onsets=seq(1,200,40), durations=20, effectsize=1, TR=2, hrf="double-gamma")
    
    Rd file 'simTSrestingstate.Rd':
     \usage lines wider than 90 characters:
     simTSrestingstate(nscan, base=0, TR, SNR=NULL, noise = c("none", "white", "temporal", "low-frequency", "physiological", "mixture"), typ ... [TRUNCATED]
    
    Rd file 'simVOLfmri.Rd':
     \usage lines wider than 90 characters:
     simVOLfmri(design = list(), image = list(), base=0, dim, nscan = NULL, TR = NULL, SNR=NULL, noise = c("none", "white", "temporal", "spa ... [TRUNCATED]
     \examples lines wider than 100 characters:
     design <- simprepTemporal(totaltime=200, onsets=seq(1,200,40), durations=20, TR=2, effectsize=1, hrf="double-gamma")
     region <- simprepSpatial(regions=2, coord=list(c(32,15),c(57,45)), radius=c(10,7), form="sphere", fading=TRUE)
    
    Rd file 'simprepSpatial.Rd':
     \usage lines wider than 90 characters:
     simprepSpatial(regions, coord, radius = NULL, form = c("cube", "sphere", "manual"), fading = 0)
    
    Rd file 'simprepTemporal.Rd':
     \usage lines wider than 90 characters:
     simprepTemporal(totaltime, regions = NULL, onsets, durations, TR, effectsize, accuracy=0.1, hrf = c("gamma", "double-gamma", "Balloon") ... [TRUNCATED]
    
    Rd file 'spatialnoise.Rd':
     \usage lines wider than 90 characters:
     spatialnoise(dim, sigma, nscan, method = c("corr", "gammaRF", "gaussRF"), type=c("gaussian","rician"), rho = 0.75, FWHM = 4, gamma.shap ... [TRUNCATED]
    
    Rd file 'specifydesign.Rd':
     \usage lines wider than 90 characters:
     specifydesign(onsets, durations, totaltime, TR, effectsize, accuracy=0.1, conv = c("none", "gamma", "double-gamma", "Balloon"), cond.na ... [TRUNCATED]
    
    Rd file 'specifyregion.Rd':
     \usage lines wider than 90 characters:
     specifyregion(dim, coord, radius = NULL, form = c("cube", "sphere", "manual"), fading = 0)
    
    These lines will be truncated in the PDF manual.
Flavors: r-devel-linux-x86_64-fedora-clang, r-devel-linux-x86_64-fedora-gcc

Version: 0.2-10
Check: dependencies in R code
Result: NOTE
    'library' or 'require' call to 'deSolve' which was already attached by Depends.
     Please remove these calls from your code.
    See the information on DESCRIPTION files in the chapter 'Creating R
    packages' of the 'Writing R Extensions' manual.
Flavor: r-release-osx-x86_64-snowleopard