CRAN Package Check Results for Package neuroblastoma

Last updated on 2024-06-25 01:57:01 CEST.

Flavor Version Tinstall Tcheck Ttotal Status Flags
r-devel-linux-x86_64-debian-clang 2023.9.3 2.73 18.50 21.23 OK
r-devel-linux-x86_64-debian-gcc 2023.9.3 1.46 14.43 15.89 OK
r-devel-linux-x86_64-fedora-clang 2023.9.3 25.40 NOTE
r-devel-linux-x86_64-fedora-gcc 2023.9.3 25.25 OK
r-devel-windows-x86_64 2023.9.3 3.00 33.00 36.00 NOTE
r-patched-linux-x86_64 2023.9.3 2.27 17.99 20.26 OK
r-release-linux-x86_64 2023.9.3 2.41 17.85 20.26 OK
r-release-macos-arm64 2023.9.3 14.00 NOTE
r-release-macos-x86_64 2023.9.3 20.00 NOTE
r-release-windows-x86_64 2023.9.3 2.00 33.00 35.00 NOTE
r-oldrel-macos-arm64 2023.9.3 17.00 NOTE
r-oldrel-macos-x86_64 2023.9.3 28.00 NOTE
r-oldrel-windows-x86_64 2023.9.3 5.00 32.00 37.00 NOTE

Check Details

Version: 2023.9.3
Check: installed package size
Result: NOTE installed size is 7.9Mb sub-directories of 1Mb or more: data 7.8Mb Flavors: r-devel-linux-x86_64-fedora-clang, r-devel-windows-x86_64, r-release-macos-arm64, r-release-macos-x86_64, r-release-windows-x86_64, r-oldrel-macos-arm64, r-oldrel-macos-x86_64, r-oldrel-windows-x86_64