CRAN Package Check Results for Package neuroblastoma

Last updated on 2023-06-09 20:56:16 CEST.

Flavor Version Tinstall Tcheck Ttotal Status Flags
r-devel-linux-x86_64-debian-clang 1.0 2.07 17.93 20.00 OK
r-devel-linux-x86_64-debian-gcc 1.0 1.51 14.09 15.60 OK
r-devel-linux-x86_64-fedora-clang 1.0 24.74 NOTE
r-devel-linux-x86_64-fedora-gcc 1.0 24.19 OK
r-devel-windows-x86_64 1.0 2.00 34.00 36.00 NOTE
r-patched-linux-x86_64 1.0 2.00 17.18 19.18 OK
r-release-linux-x86_64 1.0 1.90 17.52 19.42 OK
r-release-macos-arm64 1.0 16.00 NOTE
r-release-macos-x86_64 1.0 20.00 NOTE
r-release-windows-x86_64 1.0 2.00 36.00 38.00 NOTE
r-oldrel-macos-arm64 1.0 16.00 NOTE
r-oldrel-macos-x86_64 1.0 20.00 NOTE
r-oldrel-windows-x86_64 1.0 4.00 38.00 42.00 NOTE

Check Details

Version: 1.0
Check: installed package size
Result: NOTE
     installed size is 7.7Mb
     sub-directories of 1Mb or more:
     data 7.6Mb
Flavors: r-devel-linux-x86_64-fedora-clang, r-devel-windows-x86_64, r-release-macos-arm64, r-release-macos-x86_64, r-release-windows-x86_64, r-oldrel-macos-arm64, r-oldrel-macos-x86_64, r-oldrel-windows-x86_64