CRAN Package Check Results for Package neuroim

Last updated on 2022-10-04 20:53:45 CEST.

Flavor Version Tinstall Tcheck Ttotal Status Flags
r-devel-linux-x86_64-debian-clang 0.0.6 46.72 189.25 235.97 OK
r-devel-linux-x86_64-debian-gcc 0.0.6 32.43 136.06 168.49 OK
r-devel-linux-x86_64-fedora-clang 0.0.6 303.38 NOTE
r-devel-linux-x86_64-fedora-gcc 0.0.6 300.34 NOTE
r-devel-windows-x86_64 0.0.6 165.00 261.00 426.00 OK
r-patched-linux-x86_64 0.0.6 35.92 168.55 204.47 OK
r-release-linux-x86_64 0.0.6 43.47 172.32 215.79 OK
r-release-macos-arm64 0.0.6 69.00 OK
r-release-macos-x86_64 0.0.6 128.00 OK
r-release-windows-x86_64 0.0.6 182.00 230.00 412.00 OK
r-oldrel-macos-arm64 0.0.6 85.00 OK
r-oldrel-macos-x86_64 0.0.6 167.00 OK
r-oldrel-windows-ix86+x86_64 0.0.6 97.00 263.00 360.00 OK

Check Details

Version: 0.0.6
Check: compiled code
Result: NOTE
    File ‘neuroim/libs/neuroim.so’:
     Found no calls to: ‘R_registerRoutines’, ‘R_useDynamicSymbols’
    
    It is good practice to register native routines and to disable symbol
    search.
    
    See ‘Writing portable packages’ in the ‘Writing R Extensions’ manual.
Flavors: r-devel-linux-x86_64-fedora-clang, r-devel-linux-x86_64-fedora-gcc