CRAN Package Check Results for Package neuronorm

Last updated on 2023-01-29 23:03:15 CET.

Flavor Version Tinstall Tcheck Ttotal Status Flags
r-devel-linux-x86_64-debian-clang 1.0.2 2.20 26.31 28.51 NOTE
r-devel-linux-x86_64-debian-gcc 1.0.2 1.86 20.57 22.43 NOTE
r-devel-linux-x86_64-fedora-clang 1.0.2 39.86 NOTE
r-devel-linux-x86_64-fedora-gcc 1.0.2 48.18 NOTE
r-patched-linux-x86_64 1.0.2 1.93 26.20 28.13 NOTE
r-release-linux-x86_64 1.0.2 2.08 26.67 28.75 NOTE
r-release-macos-arm64 1.0.2 16.00 NOTE
r-release-macos-x86_64 1.0.2 23.00 NOTE
r-oldrel-macos-arm64 1.0.2 28.00 NOTE
r-oldrel-macos-x86_64 1.0.2 26.00 NOTE

Check Details

Version: 1.0.2
Check: package dependencies
Result: NOTE
    Packages suggested but not available for checking:
     'ANTsR', 'ITKR', 'extrantsr', 'MNITemplate', 'RAVEL', 'neurodata'
Flavors: r-devel-linux-x86_64-debian-clang, r-devel-linux-x86_64-debian-gcc, r-devel-linux-x86_64-fedora-clang, r-devel-linux-x86_64-fedora-gcc, r-patched-linux-x86_64, r-release-linux-x86_64, r-release-macos-arm64, r-release-macos-x86_64, r-oldrel-macos-arm64, r-oldrel-macos-x86_64

Version: 1.0.2
Check: dependencies in R code
Result: NOTE
    Namespace in Imports field not imported from: ‘knitr’
     All declared Imports should be used.
Flavors: r-devel-linux-x86_64-fedora-clang, r-devel-linux-x86_64-fedora-gcc, r-release-macos-arm64, r-release-macos-x86_64, r-oldrel-macos-arm64, r-oldrel-macos-x86_64