CRAN Package Check Results for Package newsmap

Last updated on 2021-12-07 13:52:42 CET.

Flavor Version Tinstall Tcheck Ttotal Status Flags
r-devel-linux-x86_64-debian-clang 0.7.4 8.53 94.75 103.28 OK
r-devel-linux-x86_64-debian-gcc 0.7.4 8.47 74.37 82.84 OK
r-devel-linux-x86_64-fedora-clang 0.7.4 129.26 NOTE
r-devel-linux-x86_64-fedora-gcc 0.7.4 117.00 NOTE
r-devel-windows-x86_64-new-UL 0.7.4 16.00 124.00 140.00 OK
r-devel-windows-x86_64-new-TK 0.7.4 NOTE
r-devel-windows-x86_64-old 0.7.4 15.00 88.00 103.00 OK
r-patched-linux-x86_64 0.7.4 9.06 92.96 102.02 OK
r-release-linux-x86_64 0.7.4 9.53 92.49 102.02 OK
r-release-macos-arm64 0.7.4 NOTE
r-release-macos-x86_64 0.7.4 NOTE
r-release-windows-ix86+x86_64 0.7.4 15.00 96.00 111.00 OK
r-oldrel-macos-x86_64 0.7.4 NOTE
r-oldrel-windows-ix86+x86_64 0.7.4 22.00 109.00 131.00 OK

Check Details

Version: 0.7.4
Check: dependencies in R code
Result: NOTE
    Namespace in Imports field not imported from: ‘stringi’
     All declared Imports should be used.
Flavors: r-devel-linux-x86_64-fedora-clang, r-devel-linux-x86_64-fedora-gcc, r-devel-windows-x86_64-new-TK, r-release-macos-arm64, r-release-macos-x86_64, r-oldrel-macos-x86_64

Version: 0.7.4
Check: data for non-ASCII characters
Result: NOTE
     Note: found 4485 marked UTF-8 strings
Flavors: r-devel-linux-x86_64-fedora-clang, r-devel-linux-x86_64-fedora-gcc, r-devel-windows-x86_64-new-TK, r-release-macos-arm64, r-release-macos-x86_64, r-oldrel-macos-x86_64